{"id":692,"date":"2025-11-01T18:12:35","date_gmt":"2025-11-01T18:12:35","guid":{"rendered":"https:\/\/omewa.online\/?post_type=product&#038;p=692"},"modified":"2026-03-19T14:18:48","modified_gmt":"2026-03-19T14:18:48","slug":"gel-rua-mat-tu-tram-tra-nghe-120ml-multi-purpore-caring-cleasing-gel","status":"publish","type":"product","link":"https:\/\/omewa.online\/index.php\/product\/gel-rua-mat-tu-tram-tra-nghe-120ml-multi-purpore-caring-cleasing-gel\/","title":{"rendered":"Gel r\u1eeda m\u1eb7t t\u1eeb Tr\u00e0m Tr\u00e0 &#038; Ngh\u1ec7 120ml \/ Multi &#8211; Purpore Caring Cleasing Gel"},"content":{"rendered":"<div class=\"border-b border-secondary-light3 lg:border-0\" data-v-3a2e2332=\"\">\n<div data-v-36134904=\"\">\n<div id=\"96\" class=\"flex flex-col w-full h-full bg-opacity-25 lg:flex-row bg-secondary-light3\" data-v-475c5dca=\"\" data-v-3a2e2332=\"\">\n<div class=\"w-full lg:w-1\/2 theimageinfo1\"><img decoding=\"async\" class=\"object-cover object-center w-full transition-all duration-300 lazyLoad isLoaded\" src=\"https:\/\/skinsolve.com.vn\/products\/%C2%A0\" data-v-475c5dca=\"\" \/><\/div>\n<div id=\"DepthDetail\" class=\"flex flex-col w-full px-2 py-3 lg:py-12 lg:w-1\/2 additional-information\" data-v-475c5dca=\"\">\n<div class=\"flex flex-col text-lg font-normal lg:text-3xl lg:leading-10 font-vollkorn text-primary-dark\" data-v-475c5dca=\"\">\n<div class=\"overflow-hidden overflow-ellipsis line-clamp-5 line-clamp-none\">\n<div class=\"contentinfotable2\">\n<p>T\u1eeb th\u1eddi xa x\u01b0a, Tr\u00e0m Tr\u00e0 v\u00e0 Ngh\u1ec7 \u0111\u00e3 \u0111\u01b0\u1ee3c bi\u1ebft \u0111\u1ebfn v\u1edbi nhi\u1ec1u c\u00f4ng d\u1ee5ng qu\u00fd gi\u00e1 trong vi\u1ec7c ch\u0103m s\u00f3c s\u1ee9c kh\u1ecfe v\u00e0 l\u00e0m \u0111\u1eb9p. Chi\u1ebft xu\u1ea5t t\u1eeb l\u00e1 c\u00e2y Tr\u00e0m mang trong m\u00ecnh s\u1ee9c m\u1ea1nh ch\u1ed1ng vi khu\u1ea9n, gi\u1ea3m vi\u00eam v\u00e0 l\u00e0m d\u1ecbu da. Trong l\u0129nh v\u1ef1c ch\u0103m s\u00f3c da, Tr\u00e0m Tr\u00e0 l\u00e0 m\u1ed9t ngu\u1ed3n d\u1ed3i d\u00e0o c\u00e1c ch\u1ea5t gi\u00fap ki\u1ec3m so\u00e1t d\u1ea7u th\u1eeba, l\u00e0m s\u1ea1ch s\u00e2u da v\u00e0 l\u00e0m d\u1ecbu l\u00e0n da nh\u1ea1y c\u1ea3m, mang l\u1ea1i cho b\u1ea1n l\u00e0n da s\u00e1ng m\u1ecbn v\u00e0 t\u01b0\u01a1i tr\u1ebb.<\/p>\n<p>C\u00f2n v\u1edbi Ngh\u1ec7, kh\u00f4ng ch\u1ec9 d\u1eebng l\u1ea1i l\u00e0 lo\u1ea1i gia v\u1ecb quen thu\u1ed9c trong b\u1ebfp m\u1ed7i gia \u0111\u00ecnh, Ngh\u1ec7 c\u00f2n \u0111\u01b0\u1ee3c bi\u1ebft \u0111\u1ebfn v\u1edbi nhi\u1ec1u c\u00f4ng d\u1ee5ng tuy\u1ec7t v\u1eddi trong vi\u1ec7c ch\u0103m s\u00f3c s\u1ee9c kh\u1ecfe v\u00e0 l\u00e0m \u0111\u1eb9p. V\u1edbi t\u00ednh n\u0103ng ch\u1ed1ng vi khu\u1ea9n, gi\u1ea3m vi\u00eam v\u00e0 l\u00e0m s\u00e1ng da, Ngh\u1ec7 \u0111\u01b0\u1ee3c xem l\u00e0 m\u1ed9t ngu\u1ed3n qu\u00fd gi\u00e1 t\u1eeb thi\u00ean nhi\u00ean c\u00f3 kh\u1ea3 n\u0103ng cung c\u1ea5p c\u00e1c ch\u1ea5t ch\u1ed1ng l\u00e3o h\u00f3a, d\u01b0\u1ee1ng \u1ea9m v\u00e0 t\u00e1i t\u1ea1o da, gi\u00fap l\u00e0n da c\u1ee7a b\u1ea1n tr\u1edf n\u00ean m\u1ec1m m\u1ea1i v\u00e0 tr\u00e0n \u0111\u1ea7y s\u1ee9c s\u1ed1ng.<\/p>\n<\/div>\n<\/div>\n<\/div>\n<p><span class=\"seemoredetail2 text-sm font-bold leading-7 underline cursor-pointer lg:text-base see-more font-nunito text-typo-heading\" data-v-475c5dca=\"\">Xem th\u00eam<\/span><\/p>\n<hr class=\"my-2 lg:my-3\" data-v-475c5dca=\"\" \/>\n<div class=\"flex flex-col lg:flex-row lg:0 flexbrhand\" data-v-475c5dca=\"\">\n<div class=\"flex colinfo2cot1 flex-col flex-1 text-sm font-normal lg:text-base text-typo-body font-nunito\" data-v-475c5dca=\"\">\n<p>C\u00f4ng d\u1ee5ng<\/p>\n<p>&nbsp;<\/p>\n<p>\u2713 L\u00e0m s\u1ea1ch s\u00e2u b\u1ee5i b\u1ea9n, b\u00e3 nh\u1eddn m\u00e0 v\u1eabn d\u1ecbu nh\u1eb9 cho da.<\/p>\n<p>\u2713 H\u1ed7 tr\u1ee3 v\u00e0 t\u0103ng kh\u1ea3 n\u0103ng h\u1ea5p thu s\u1ea3n ph\u1ea9m l\u00e0m s\u00e1ng da \u1edf b\u01b0\u1edbc ti\u1ebfp theo.<\/p>\n<\/div>\n<div class=\"flex colinfo2cot2 flex-col flex-1 text-sm font-normal lg:text-base text-typo-body font-nunito mt-2 lg:mt-0 lg:ml-3\" data-v-475c5dca=\"\">\n<p>D\u00e0nh cho<\/p>\n<p>&nbsp;<\/p>\n<p>\u2713 M\u1ecdi lo\u1ea1i da (k\u1ec3 c\u1ea3 l\u00e0n da nh\u1ea1y c\u1ea3m)<\/p>\n<\/div>\n<\/div>\n<\/div>\n<\/div>\n<\/div>\n<\/div>\n<div id=\"product-components\" class=\"border-b border-secondary-light3 lg:border-0\" data-v-3a2e2332=\"\">\n<div data-v-36134904=\"\">\n<div id=\"96\" class=\"relative flex flex-col w-full lg:flex-row-reverse bg-primary-light\" data-v-23023fea=\"\" data-v-3a2e2332=\"\">\n<div class=\"w-full lg:w-1\/2 max-h-7221 imagecomponant\" data-v-23023fea=\"\"><img decoding=\"async\" class=\"object-cover w-full h-full transition-all duration-500 lazyLoad isLoaded\" src=\"https:\/\/skinsolve.com.vn\/products\/%C2%A0\" data-v-23023fea=\"\" \/><\/div>\n<div class=\"flex flex-col w-full px-2 pt-3 pb-8 lg:relative lg:w-1\/2 product-components lg:pt-5 lg:pb-3 2xl:pt-14 2xl:pb-9 overflow-y-auto\" data-v-23023fea=\"\">\n<div class=\"product-components__details\" data-v-23023fea=\"\">\n<div class=\"descriptionthanhphan\">\n<div class=\"renderdata\">\n<p>Ch\u1ea5t l\u00e0m s\u1ea1ch<\/p>\n<p>&nbsp;<\/p>\n<p><strong>Disodium Cocoamphodiacetate<\/strong><\/p>\n<p>Cocamidopropyl Betaine c\u00f3 ngu\u1ed3n g\u1ed1c t\u1eeb d\u1eeba, gi\u00fap lo\u1ea1i s\u1ea1ch c\u00e1c ch\u1ea5t b\u1ea9n tr\u00ean da m\u1ed9t c\u00e1ch nh\u1eb9 nh\u00e0ng v\u00e0 kh\u00f4ng g\u00e2y kh\u00f4 da, kh\u00f4ng t\u1ed5n th\u01b0\u01a1ng m\u00e0ng Lipid c\u1ee7a da.<\/p>\n<p>&nbsp;<\/p>\n<p><strong>Lauryl Glucoside<\/strong><\/p>\n<p>Lauryl Glucoside l\u00e0 ch\u1ea5t ho\u1ea1t \u0111\u1ed9ng b\u1ec1 m\u1eb7t c\u00f3 ngu\u1ed3n g\u1ed1c t\u1eeb b\u1eafp ho\u1eb7c d\u1eeba, l\u00e0 ch\u1ea5t t\u1ea1o b\u1ecdt d\u1ecbu nh\u1eb9 n\u00ean th\u01b0\u1eddng \u0111\u01b0\u1ee3c d\u00f9ng cho c\u00e1c s\u1ea3n ph\u1ea9m d\u00e0nh cho tr\u1ebb em ho\u1eb7c da nh\u1ea1y c\u1ea3m.<\/p>\n<p>&nbsp;<\/p>\n<p>H\u1ea1n ch\u1ebf d\u1ea7u th\u1eeba, ch\u1ed1ng khu\u1ea9n, gi\u1ea3m\u00a0vi\u00eam<\/p>\n<p>&nbsp;<\/p>\n<p><strong>Chi\u1ebft xu\u1ea5t Ngh\u1ec7<\/strong><\/p>\n<p>\u2022 Curcumin trong ngh\u1ec7 t\u00ednh ch\u1ea5t ch\u1ed1ng \u00f4 nhi\u1ec5m v\u00e0 ch\u1ed1ng t\u00e1c \u0111\u1ed9ng c\u1ee7a c\u00e1c g\u1ed1c t\u1ef1 do, gi\u00fap b\u1ea3o v\u1ec7 da kh\u1ecfi t\u00e1c \u0111\u1ed9ng ti\u00eau c\u1ef1c t\u1eeb m\u00f4i tr\u01b0\u1eddng.<\/p>\n<p>\u2022 T\u00ednh ch\u1ea5t ch\u1ed1ng vi\u00eam c\u1ee7a ngh\u1ec7 c\u00f3 th\u1ec3 gi\u00fap gi\u1ea3m s\u01b0ng, \u0111au v\u00e0 k\u00edch \u1ee9ng tr\u00ean da, l\u00e0m d\u1ecbu da v\u00e0 gi\u00fap da tr\u1edf n\u00ean d\u1ec5 ch\u1ecbu h\u01a1n.<\/p>\n<p>\u2022 Ngh\u1ec7 c\u00f3 kh\u1ea3 n\u0103ng l\u00e0m s\u00e1ng da v\u00e0 gi\u00fap \u0111\u1ec1u m\u00e0u l\u00e0n da. \u0110i\u1ec1u n\u00e0y c\u00f3 th\u1ec3 gi\u00fap gi\u1ea3m t\u00ecnh tr\u1ea1ng da t\u1ed1i m\u00e0u v\u00e0 n\u00e1m da.<\/p>\n<p>&nbsp;<\/p>\n<p><strong>Chi\u1ebft xu\u1ea5t Tr\u00e0m Tr\u00e0<\/strong><\/p>\n<p>\u2022 Tr\u00e0m tr\u00e0 l\u00e0m s\u1ea1ch s\u00e2u l\u1ed7 ch\u00e2n l\u00f4ng, ki\u1ec3m so\u00e1t s\u1ef1 s\u1ea3n xu\u1ea5t d\u1ea7u tr\u00ean da gi\u00fap h\u1ea1n ch\u1ebf vi khu\u1ea9n, b\u1ee5i b\u1ea9n t\u00edch t\u1ee5 tr\u00ean da.<\/p>\n<p>\u2022 Tr\u00e0m tr\u00e0 c\u00f3 kh\u1ea3 n\u0103ng ch\u1ed1ng khu\u1ea9n v\u00e0 ch\u1ed1ng vi\u00eam, ch\u1ed1ng n\u1ea5m; ng\u0103n ch\u1eb7n s\u1ef1 ph\u00e1t tri\u1ec3n c\u1ee7a vi khu\u1ea9n tr\u00ean da gi\u00fap ki\u1ec3m so\u00e1t m\u1ee5n v\u00e0 c\u00e1c v\u1ea5n \u0111\u1ec1 da li\u1ec5u kh\u00e1c.<\/p>\n<p>&nbsp;<\/p>\n<p><strong>Chi\u1ebft xu\u1ea5t S\u1ea7u \u0110\u00e2u<\/strong><\/p>\n<p>\u2022 S\u1ea7u \u0111\u00e2u c\u00f3 kh\u1ea3 n\u0103ng ch\u1ed1ng l\u1ea1i m\u1ed9t s\u1ed1 vi khu\u1ea9n v\u00e0 vi r\u00fat, gi\u00fap ki\u1ec3m so\u00e1t s\u1ef1 ph\u00e1t tri\u1ec3n c\u1ee7a vi khu\u1ea9n, l\u00e0m d\u1ecbu v\u00e0 gi\u1ea3m vi\u00eam tr\u00ean da gi\u00fap ng\u0103n ch\u1eb7n m\u1ee5n \u0111\u1ecf v\u00e0 m\u1ee5n tr\u1ee9ng c\u00e1, ph\u00f9 h\u1ee3p cho da k\u00edch \u1ee9ng.<\/p>\n<p>\u2022\u00a0C\u00e1c ch\u1ea5t ch\u1ed1ng oxi h\u00f3a trong S\u1ea7u \u0111\u00e2u\u00a0gi\u00fap ng\u0103n ch\u1eb7n s\u1ef1 h\u1ee7y ho\u1ea1i c\u1ee7a c\u00e1c g\u1ed1c t\u1ef1 do, gi\u00fap ng\u0103n ch\u1eb7n qu\u00e1 tr\u00ecnh l\u00e3o h\u00f3a da v\u00e0 gi\u1eef cho da kh\u1ecfe m\u1ea1nh.<\/p>\n<p>&nbsp;<\/p>\n<p>Gel r\u1eeda m\u1eb7t s\u1eed d\u1ee5ng h\u1ec7 b\u1ea3o qu\u1ea3n t\u1ef1 nhi\u00ean<\/p>\n<p>&nbsp;<\/p>\n<p>\u2022 Phenethyl Alcohol \u2013 Chi\u1ebft xu\u1ea5t t\u1eeb Hoa h\u1ed3ng v\u00e0 Hoa C\u1ea9m Ch\u01b0\u1edbng.<\/p>\n<p>\u2022 Caprylhydroxamic Acid \u2013 Chi\u1ebft xu\u1ea5t t\u1eeb d\u1eeba.<\/p>\n<p>Hai h\u1ee3p ch\u1ea5t v\u1edbi ngu\u1ed3n g\u1ed1c t\u1eeb thi\u00ean nhi\u00ean c\u00f3 kh\u1ea3 n\u0103ng \u1ee9c ch\u1ebf s\u1ef1 ph\u00e1t tri\u1ec3n c\u1ee7a vi khu\u1ea9n v\u00e0 vi sinh v\u1eadt kh\u00e1c gi\u00fap b\u1ea3o qu\u1ea3n s\u1ea3n ph\u1ea9m hi\u1ec7u qu\u1ea3 m\u00e0 kh\u00f4ng g\u00e2y k\u00edch \u1ee9ng da, kh\u00f4ng \u1ea3nh h\u01b0\u1edfng \u0111\u1ebfn s\u1ee9c kh\u1ecfe c\u1ee7a ng\u01b0\u1eddi s\u1eed d\u1ee5ng.<\/p>\n<p>&nbsp;<\/p>\n<p>Gel r\u1eeda m\u1eb7t s\u1eed d\u1ee5ng m\u00f9i h\u01b0\u01a1ng t\u1ef1 nhi\u00ean t\u1eeb tinh d\u1ea7u<\/p>\n<p>&nbsp;<\/p>\n<p>Tea Tree Oil mang l\u1ea1i m\u00f9i th\u01a1m t\u1ef1 nhi\u00ean, tinh t\u1ebf v\u00e0 th\u01b0\u1eddng \u0111\u01b0\u1ee3c \u0111\u00e1nh gi\u00e1 cao trong vi\u1ec7c t\u1ea1o m\u00f9i h\u01b0\u01a1ng d\u1ec5 ch\u1ecbu cho s\u1ea3n ph\u1ea9m ch\u0103m s\u00f3c da.<\/p>\n<\/div>\n<\/div>\n<p><span class=\"items-center xemthanhphanchitiet n mt-1 text-sm font-bold cursor-pointer lg:flex\" data-v-23023fea=\"\">Xem th\u00e0nh ph\u1ea7n chi ti\u1ebft<\/span><\/p>\n<\/div>\n<\/div>\n<\/div>\n<\/div>\n<\/div>\n<div class=\"border-b border-secondary-light3 lg:border-0\" data-v-3a2e2332=\"\">\n<div class=\"hrvproduct-tabs\"><\/div>\n<div class=\"inforange\">\n<div data-v-36134904=\"\">\n<div id=\"113\" class=\"flex hasvideox flex-col w-full bg-opacity-25 lg:flex-row bg-secondary-light3\" data-v-6a3742cd=\"\" data-v-3a2e2332=\"\">\n<div class=\"w-full lg:w-1\/2 max-h-72\" data-v-6a3742cd=\"\">\n<table border=\"1\">\n<tbody>\n<tr>\n<td><\/td>\n<\/tr>\n<\/tbody>\n<\/table>\n<p>&nbsp;<\/p>\n<\/div>\n<div class=\"flex flex-col w-full px-2 py-3 usage lg:w-1\/2 lg:py-5 2xl:py-12 lg:overflow-y-auto lg:max-h-72\" data-v-6a3742cd=\"\">\n<p>&nbsp;<\/p>\n<table border=\"1\">\n<tbody>\n<tr>\n<td>&nbsp;<\/p>\n<p>&nbsp;<\/p>\n<p>Ti\u00eau ch\u00ed &#8220;13 kh\u00f4ng&#8221; xuy\u00ean su\u1ed1t trong h\u1ec7 s\u1ea3n ph\u1ea9m<\/p>\n<p>&nbsp;<\/p>\n<p><strong>KH\u00d4NG CH\u1ee8A<\/strong><\/p>\n<p>\u2022 D\u1ea7u kho\u00e1ng H\u01b0\u01a1ng li\u1ec7u t\u1ed1ng h\u1ee3p Ch\u1ea5t t\u1ea1o m\u00e0u ho\u00e1 h\u1ecdc.<\/p>\n<p>\u2022 Nguy\u00ean li\u1ec7u c\u00f3 ngu\u1ed3n g\u1ed1c t\u1eeb \u0111\u1ed9ng v\u1eadt.<\/p>\n<p>\u2022 Ch\u1ea5t l\u00e0m s\u1ea1ch g\u1ed1c Sulfates: SLS, SLES.<\/p>\n<p>\u2022 MEA\/DEA\/TEA<\/p>\n<p>\u2022 Phthalates<\/p>\n<p>\u2022 Ch\u1ea5t b\u1ea3o qu\u1ea3n t\u1ed5ng h\u1ee3p (Paraben, Phenoxyethanol\u2026)<\/p>\n<p>\u2022 Kh\u00f4ng ch\u1ee9a c\u1ed3n.<\/p>\n<p>\u2022 Silicone<\/p>\n<p>\u2022 S\u1eed d\u1ee5ng c\u00e1c ch\u1ea5t t\u1ea1o \u0111\u1eb7c\/nh\u0169 ho\u00e1 t\u1ed5ng h\u1ee3p (Carbomer, Polymer, Glyceryl Stearate, Cetearyl Alcohol).<\/p>\n<p>\u2022 EDTA<\/td>\n<\/tr>\n<\/tbody>\n<\/table>\n<p>&nbsp;<\/p>\n<\/div>\n<\/div>\n<\/div>\n<\/div>\n<div class=\"inforange\">\n<div data-v-36134904=\"\">\n<div id=\"113\" class=\"flex hasvideox revever flex-col w-full bg-opacity-25 lg:flex-row bg-secondary-light3\" data-v-6a3742cd=\"\" data-v-3a2e2332=\"\">\n<div class=\"w-full lg:w-1\/2 max-h-72\" data-v-6a3742cd=\"\">\n<p>&nbsp;<\/p>\n<table border=\"1\">\n<tbody>\n<tr>\n<td><\/td>\n<\/tr>\n<\/tbody>\n<\/table>\n<p>&nbsp;<\/p>\n<\/div>\n<div class=\"flex flex-col w-full px-2 py-3 usage lg:w-1\/2 lg:py-5 2xl:py-12 lg:overflow-y-auto lg:max-h-72\" data-v-6a3742cd=\"\">\n<p>&nbsp;<\/p>\n<table border=\"1\">\n<tbody>\n<tr>\n<td>H\u01b0\u1edbng d\u1eabn s\u1eed d\u1ee5ng<\/p>\n<p>&nbsp;<\/p>\n<p>\u00bb L\u00e0m \u01b0\u1edbt da b\u1eb1ng n\u01b0\u1edbc.<\/p>\n<p>\u00bb B\u01a1m v\u00e0o tay m\u1ed9t l\u01b0\u1ee3ng v\u1eeba \u0111\u1ee7, t\u1ea1o b\u1ecdt ki v\u00e0 massage xoay tr\u00f2n tr\u00ean da.<\/p>\n<p>\u00bb R\u1eeda s\u1ea1ch da b\u1eb1ng n\u01b0\u1edbc v\u00e0 nh\u1eb9 nh\u00e0ng th\u1ea5m kh\u00f4.<\/p>\n<p>&nbsp;<\/p>\n<hr \/>\n<p>&nbsp;<\/p>\n<p>H\u1ea1n s\u1eed d\u1ee5ng<\/p>\n<p>\u00bb\u00a018 th\u00e1ng k\u1ec3 t\u1eeb ng\u00e0y s\u1ea3n xu\u1ea5t.<\/p>\n<p>\u00bb 06 th\u00e1ng k\u1ec3 t\u1eeb khi m\u1edf n\u1eafp.<\/td>\n<\/tr>\n<\/tbody>\n<\/table>\n<\/div>\n<\/div>\n<\/div>\n<\/div>\n<\/div>\n","protected":false},"excerpt":{"rendered":"<div class=\"desc0 text-sm lg:text-base mt-8px lg:mt-1.5 product-description text-typo-heading\">\n<p>Gel r\u1eeda m\u1eb7t d\u1ecbu nh\u1eb9 v\u1edbi h\u1ec7 l\u00e0m s\u1ea1ch thi\u00ean nhi\u00ean t\u1eeb g\u1ed1c D\u1eeba v\u00e0 tinh b\u1ed9t Ng\u00f4 gi\u00fap l\u00e0m s\u1ea1ch da m\u1ed9t c\u00e1ch nh\u1eb9 nh\u00e0ng, kh\u00f4ng g\u00e2y kh\u00f4 ho\u1eb7c t\u1ed5n th\u01b0\u01a1ng da. V\u1edbi kh\u1ea3 n\u0103ng kh\u00e1ng khu\u1ea9n, gi\u1ea3m vi\u00eam v\u00e0 h\u1ed7 tr\u1ee3 b\u1ea3o v\u1ec7 da \u0111\u1ebfn t\u1eeb chi\u1ebft xu\u1ea5t Tr\u00e0m Tr\u00e0 v\u00e0 chi\u1ebft xu\u1ea5t Ngh\u1ec7 gi\u00fap s\u1ea3n ph\u1ea9m t\u0103ng hi\u1ec7u qu\u1ea3 l\u00e0m s\u1ea1ch v\u00e0 ph\u00f9 h\u1ee3p v\u1edbi l\u00e0n da k\u00edch \u1ee9ng, nh\u1ea1y c\u1ea3m ho\u1eb7c \u0111ang g\u1eb7p c\u00e1c v\u1ea5n \u0111\u1ec1 v\u1ec1 m\u1ee5n, vi\u00eam, &#8230; \u0110\u00e2y \u0111\u01b0\u1ee3c xem l\u00e0 gi\u1ea3i ph\u00e1p gi\u00fap l\u00e0m s\u1ea1ch v\u00e0 b\u1ea3o v\u1ec7 da to\u00e0n di\u1ec7n, ph\u00f9 h\u1ee3p v\u1edbi m\u1ecdi lo\u1ea1i da.<\/p>\n<\/div>\n<div class=\"desc2 flex flex-col\" data-v-95dfa95a=\"\">\n<div class=\"contentinfo3\">\n<p>&nbsp;<\/p>\n<hr \/>\n<p>&nbsp;<\/p>\n<p>\u0110\u1eb7c \u0111i\u1ec3m s\u1ea3n ph\u1ea9m<br \/>\n\u2713\u00a0Nguy\u00ean li\u1ec7u thi\u00ean nhi\u00ean an to\u00e0n, th\u00e2n thi\u1ec7n v\u1edbi da, kh\u00f4ng g\u00e2y t\u1ed5n th\u01b0\u01a1ng h\u00e0ng r\u00e0o b\u1ea3o v\u1ec7 da.<br \/>\n\u2713\u00a0An to\u00e0n cho m\u1eb9 b\u1ea7u, cho con b\u00fa v\u00e0 tr\u1ebb d\u1eady th\u00ec.<\/p>\n<\/div>\n<\/div>\n","protected":false},"featured_media":828,"comment_status":"open","ping_status":"closed","template":"","meta":{"site-sidebar-layout":"default","site-content-layout":"","ast-site-content-layout":"default","site-content-style":"default","site-sidebar-style":"default","ast-global-header-display":"","ast-banner-title-visibility":"","ast-main-header-display":"","ast-hfb-above-header-display":"","ast-hfb-below-header-display":"","ast-hfb-mobile-header-display":"","site-post-title":"","ast-breadcrumbs-content":"","ast-featured-img":"","footer-sml-layout":"","theme-transparent-header-meta":"default","adv-header-id-meta":"","stick-header-meta":"","header-above-stick-meta":"","header-main-stick-meta":"","header-below-stick-meta":"","astra-migrate-meta-layouts":"set","ast-page-background-enabled":"default","ast-page-background-meta":{"desktop":{"background-color":"var(--ast-global-color-5)","background-image":"","background-repeat":"repeat","background-position":"center center","background-size":"auto","background-attachment":"scroll","background-type":"","background-media":"","overlay-type":"","overlay-color":"","overlay-opacity":"","overlay-gradient":""},"tablet":{"background-color":"","background-image":"","background-repeat":"repeat","background-position":"center center","background-size":"auto","background-attachment":"scroll","background-type":"","background-media":"","overlay-type":"","overlay-color":"","overlay-opacity":"","overlay-gradient":""},"mobile":{"background-color":"","background-image":"","background-repeat":"repeat","background-position":"center center","background-size":"auto","background-attachment":"scroll","background-type":"","background-media":"","overlay-type":"","overlay-color":"","overlay-opacity":"","overlay-gradient":""}},"ast-content-background-meta":{"desktop":{"background-color":"var(--ast-global-color-4)","background-image":"","background-repeat":"repeat","background-position":"center center","background-size":"auto","background-attachment":"scroll","background-type":"","background-media":"","overlay-type":"","overlay-color":"","overlay-opacity":"","overlay-gradient":""},"tablet":{"background-color":"var(--ast-global-color-4)","background-image":"","background-repeat":"repeat","background-position":"center center","background-size":"auto","background-attachment":"scroll","background-type":"","background-media":"","overlay-type":"","overlay-color":"","overlay-opacity":"","overlay-gradient":""},"mobile":{"background-color":"var(--ast-global-color-4)","background-image":"","background-repeat":"repeat","background-position":"center center","background-size":"auto","background-attachment":"scroll","background-type":"","background-media":"","overlay-type":"","overlay-color":"","overlay-opacity":"","overlay-gradient":""}}},"product_brand":[23],"product_cat":[18,17,21],"product_tag":[],"class_list":{"0":"post-692","1":"product","2":"type-product","3":"status-publish","4":"has-post-thumbnail","6":"product_brand-skinsolve","7":"product_cat-cham-soc-da-mat","8":"product_cat-my-pham","9":"product_cat-skinsolve","10":"desktop-align-left","11":"tablet-align-left","12":"mobile-align-left","14":"first","15":"instock","16":"taxable","17":"shipping-taxable","18":"purchasable","19":"product-type-simple"},"_links":{"self":[{"href":"https:\/\/omewa.online\/index.php\/wp-json\/wp\/v2\/product\/692","targetHints":{"allow":["GET"]}}],"collection":[{"href":"https:\/\/omewa.online\/index.php\/wp-json\/wp\/v2\/product"}],"about":[{"href":"https:\/\/omewa.online\/index.php\/wp-json\/wp\/v2\/types\/product"}],"replies":[{"embeddable":true,"href":"https:\/\/omewa.online\/index.php\/wp-json\/wp\/v2\/comments?post=692"}],"wp:featuredmedia":[{"embeddable":true,"href":"https:\/\/omewa.online\/index.php\/wp-json\/wp\/v2\/media\/828"}],"wp:attachment":[{"href":"https:\/\/omewa.online\/index.php\/wp-json\/wp\/v2\/media?parent=692"}],"wp:term":[{"taxonomy":"product_brand","embeddable":true,"href":"https:\/\/omewa.online\/index.php\/wp-json\/wp\/v2\/product_brand?post=692"},{"taxonomy":"product_cat","embeddable":true,"href":"https:\/\/omewa.online\/index.php\/wp-json\/wp\/v2\/product_cat?post=692"},{"taxonomy":"product_tag","embeddable":true,"href":"https:\/\/omewa.online\/index.php\/wp-json\/wp\/v2\/product_tag?post=692"}],"curies":[{"name":"wp","href":"https:\/\/api.w.org\/{rel}","templated":true}]}}