{"id":637,"date":"2025-11-01T18:12:12","date_gmt":"2025-11-01T18:12:12","guid":{"rendered":"https:\/\/omewa.online\/?post_type=product&#038;p=637"},"modified":"2026-03-19T14:01:45","modified_gmt":"2026-03-19T14:01:45","slug":"mat-na-dat-set-skin-purifying-clay-mask-45g","status":"publish","type":"product","link":"https:\/\/omewa.online\/index.php\/product\/mat-na-dat-set-skin-purifying-clay-mask-45g\/","title":{"rendered":"M\u1eb7t n\u1ea1 \u0111\u1ea5t s\u00e9t &#8211; Skin Purifying Clay Mask 45g"},"content":{"rendered":"<div class=\"flex flex-col text-lg font-normal lg:text-3xl lg:leading-10 font-vollkorn text-primary-dark\" data-v-475c5dca=\"\">\n<div class=\"overflow-hidden overflow-ellipsis line-clamp-5 line-clamp-none\">\n<div class=\"contentinfotable2\">\n<p>\u0110\u1ea5t s\u00e9t \u0111\u00e3 t\u1ed3n t\u1ea1i v\u00e0 \u0111\u01b0\u1ee3c s\u1eed d\u1ee5ng trong ch\u0103m s\u00f3c da t\u1eeb th\u1eddi c\u1ed5 \u0111\u1ea1i v\u00e0 ti\u1ebfp t\u1ee5c ph\u00e1t tri\u1ec3n qua c\u00e1c th\u1eddi k\u1ef3 l\u1ecbch s\u1eed. T\u1eeb nh\u1eefng quan \u0111i\u1ec3m truy\u1ec1n th\u1ed1ng v\u1ec1 kh\u1ea3 n\u0103ng l\u00e0m d\u1ecbu v\u00e0 l\u00e0m s\u1ea1ch da, \u0111\u1ebfn c\u00e1c nghi\u00ean c\u1ee9u hi\u1ec7n \u0111\u1ea1i v\u1ec1 t\u00ednh ch\u1ea5t v\u00e0 \u1ee9ng d\u1ee5ng c\u1ee7a n\u00f3, \u0111\u1ea5t s\u00e9t \u0111\u00e3 tr\u1edf th\u00e0nh m\u1ed9t th\u00e0nh ph\u1ea7n quan tr\u1ecdng trong ng\u00e0nh m\u1ef9 ph\u1ea9m v\u00e0 ch\u0103m s\u00f3c da.<\/p>\n<p>Ng\u00e0y nay, m\u1eb7t n\u1ea1 v\u00e0 s\u1ea3n ph\u1ea9m ch\u0103m s\u00f3c da ch\u1ee9a \u0111\u1ea5t s\u00e9t \u0111\u00e3 tr\u1edf th\u00e0nh m\u1ed9t ph\u1ea7n kh\u00f4ng th\u1ec3 thi\u1ebfu c\u1ee7a quy tr\u00ecnh ch\u0103m s\u00f3c da h\u00e0ng ng\u00e0y c\u1ee7a nhi\u1ec1u ng\u01b0\u1eddi, \u0111em l\u1ea1i c\u00e1c l\u1ee3i \u00edch tuy\u1ec7t v\u1eddi. \u0110\u1ea5t s\u00e9t ch\u1ee9a nhi\u1ec1u th\u00e0nh ph\u1ea7n t\u1ef1 nhi\u00ean v\u00e0 kho\u00e1ng ch\u1ea5t gi\u00fap mang l\u1ea1i kh\u1ea3 n\u0103ng l\u00e0m s\u1ea1ch s\u00e2u, c\u00e2n b\u1eb1ng \u0111\u1ed9 \u1ea9m v\u00e0 cung c\u1ea5p d\u01b0\u1ee1ng ch\u1ea5t cho da, t\u1eeb \u0111\u00f3 \u0111\u1ea5t s\u00e9t tr\u1edf th\u00e0nh m\u1ed9t ph\u1ea7n kh\u00f4ng th\u1ec3 thi\u1ebfu trong c\u00e1c li\u1ec7u ph\u00e1p l\u00e0m \u0111\u1eb9p hi\u1ec7n \u0111\u1ea1i.<\/p>\n<\/div>\n<\/div>\n<\/div>\n<hr class=\"my-2 lg:my-3\" data-v-475c5dca=\"\" \/>\n<div class=\"flex flex-col lg:flex-row lg:0 flexbrhand\" data-v-475c5dca=\"\">\n<div class=\"flex colinfo2cot1 flex-col flex-1 text-sm font-normal lg:text-base text-typo-body font-nunito\" data-v-475c5dca=\"\">\n<p>C\u00f4ng d\u1ee5ng<\/p>\n<p>\u2713 Lo\u1ea1i b\u1ecf l\u01b0\u1ee3ng d\u1ea7u th\u1eeba, l\u00e0m s\u1ea1ch s\u00e2u l\u1ed7 ch\u00e2n l\u00f4ng gi\u00fap gi\u1ea3m b\u00edt t\u1eafc v\u00e0 ng\u0103n ng\u1eeba m\u1ee5n \u1ea9n.<\/p>\n<p>\u2713 H\u1ed7 tr\u1ee3 l\u00e0m m\u1edd th\u00e2m, gi\u00fap da \u0111\u1ec1u m\u00e0u, t\u1ea1o b\u1ec1 m\u1eb7t da t\u01b0\u01a1i m\u1edbi, s\u00e1ng m\u1ecbn v\u00e0 m\u1ec1m m\u1ea1i.<\/p>\n<p>\u2713 C\u1ea3i thi\u1ec7n t\u00ecnh tr\u1ea1ng l\u1ed7 ch\u00e2n l\u00f4ng to, l\u00e0m m\u1ecbn b\u1ec1 m\u1eb7t da th\u00f4 r\u00e1p, s\u1ea7n s\u00f9i.<\/p>\n<\/div>\n<\/div>\n","protected":false},"excerpt":{"rendered":"<div class=\"desc0 text-sm lg:text-base mt-8px lg:mt-1.5 product-description text-typo-heading\">\n<p>M\u1eb7t n\u1ea1\u00a0v\u1edbi c\u00e1c th\u00e0nh ph\u1ea7n ch\u00ednh nh\u01b0 Kaolin, Montmorillonite\u00a0v\u00e0 Illite &#8211; c\u00e1c lo\u1ea1i \u0111\u1ea5t s\u00e9t c\u00f3 kh\u1ea3 n\u0103ng h\u00fat d\u1ea7u th\u1eeba v\u00e0 c\u00e1c t\u1ea1p ch\u1ea5t m\u1ed9t c\u00e1ch hi\u1ec7u qu\u1ea3 nh\u01b0ng kh\u00f4ng l\u00e0m kh\u00f4 da. Ngo\u00e0i ra s\u1ea3n ph\u1ea9m c\u00f2n k\u1ebft h\u1ee3p v\u1edbi c\u00e1c lo\u1ea1i tinh d\u1ea7u, c\u00e1c chi\u1ebft xu\u1ea5t gi\u00fap h\u1ed7 tr\u1ee3 d\u01b0\u1ee1ng \u1ea9m, l\u00e0m m\u1ec1m. S\u1ea3n ph\u1ea9m gi\u00fap mang l\u1ea1i l\u00e0n da m\u1ea1nh kh\u1ecfe, t\u01b0\u01a1i m\u1edbi, s\u1ea1ch d\u1ea7u ng\u00e0y sau khi s\u1eed d\u1ee5ng.<\/p>\n<p>&nbsp;<\/p>\n<\/div>\n<div class=\" w-full flexinfohand flex flex-row flex-wrap items-center justify-start border-t border-b product-safety border-primary-dark gap-x-2 lg:gap-y-1\"><span class=\"property-item text-xs font-semibold leading-4 lg:w-auto font-nunito text-typo-body \" data-v-95dfa95a=\"\"><span class=\"flex flex-row items-center\" data-v-95dfa95a=\"\">Kh\u00f4ng d\u1ea7u kho\u00e1ng<\/span><\/span><span class=\"property-item text-xs font-semibold leading-4 lg:w-auto font-nunito text-typo-body \" data-v-95dfa95a=\"\"><span class=\"flex flex-row items-center\" data-v-95dfa95a=\"\">Kh\u00f4ng h\u01b0\u01a1ng li\u1ec7u<\/span><\/span><span class=\"property-item text-xs font-semibold leading-4 lg:w-auto font-nunito text-typo-body \" data-v-95dfa95a=\"\"><span class=\"flex flex-row items-center\" data-v-95dfa95a=\"\">Kh\u00f4ng th\u1eed nghi\u1ec7m tr\u00ean \u0111\u1ed9ng v\u1eadt<\/span><\/span><span class=\"property-item text-xs font-semibold leading-4 lg:w-auto font-nunito text-typo-body \" data-v-95dfa95a=\"\"><span class=\"flex flex-row items-center\" data-v-95dfa95a=\"\">Kh\u00f4ng Propylene Glycol <\/span><\/span><span class=\"property-item text-xs font-semibold leading-4 lg:w-auto font-nunito text-typo-body \" data-v-95dfa95a=\"\"><span class=\"flex flex-row items-center\" data-v-95dfa95a=\"\">Kh\u00f4ng m\u00e0u nh\u00e2n t\u1ea1o <\/span><\/span><span class=\"property-item text-xs font-semibold leading-4 lg:w-auto font-nunito text-typo-body \" data-v-95dfa95a=\"\"><span class=\"flex flex-row items-center\" data-v-95dfa95a=\"\">Kh\u00f4ng ch\u1ea5t t\u1ea9y r\u1eeda m\u1ea1nh K<\/span><\/span><span class=\"property-item text-xs font-semibold leading-4 lg:w-auto font-nunito text-typo-body \" data-v-95dfa95a=\"\"><span class=\"flex flex-row items-center\" data-v-95dfa95a=\"\">h\u00f4ng MEA\/DEA\/TEA <\/span><\/span><span class=\"property-item text-xs font-semibold leading-4 lg:w-auto font-nunito text-typo-body \" data-v-95dfa95a=\"\"><span class=\"flex flex-row items-center\" data-v-95dfa95a=\"\">Kh\u00f4ng Phthalates<\/span><\/span><span class=\"property-item text-xs font-semibold leading-4 lg:w-auto font-nunito text-typo-body \" data-v-95dfa95a=\"\"><span class=\"flex flex-row items-center\" data-v-95dfa95a=\"\">Kh\u00f4ng\u00a0 Triclosan <\/span><\/span><span class=\"property-item text-xs font-semibold leading-4 lg:w-auto font-nunito text-typo-body \" data-v-95dfa95a=\"\"><span class=\"flex flex-row items-center\" data-v-95dfa95a=\"\">Kh\u00f4ng Sulphates <\/span><\/span><span class=\"property-item text-xs font-semibold leading-4 lg:w-auto font-nunito text-typo-body \" data-v-95dfa95a=\"\"><span class=\"flex flex-row items-center\" data-v-95dfa95a=\"\">Kh\u00f4ng Parabens<\/span><\/span><span class=\"property-item text-xs font-semibold leading-4 lg:w-auto font-nunito text-typo-body \" data-v-95dfa95a=\"\"><span class=\"flex flex-row items-center\" data-v-95dfa95a=\"\">Kh\u00f4ng Silicones<\/span><\/span><span class=\"property-item text-xs font-semibold leading-4 lg:w-auto font-nunito text-typo-body \" data-v-95dfa95a=\"\"><span class=\"flex flex-row items-center\" data-v-95dfa95a=\"\">Kh\u00f4ng EDTA<\/span><\/span><\/div>\n<div class=\"desc2 flex flex-col\" data-v-95dfa95a=\"\">\n<div class=\"contentinfo3\">\n<p>&nbsp;<\/p>\n<p>Nguy\u00ean li\u1ec7u thi\u00ean nhi\u00ean an to\u00e0n, th\u00e2n thi\u1ec7n v\u1edbi da, kh\u00f4ng g\u00e2y b\u00edt t\u1eafc l\u1ed7 ch\u00e2n l\u00f4ng.<br \/>\nAn to\u00e0n cho m\u1eb9 b\u1ea7u, cho con b\u00fa v\u00e0 tr\u1ebb d\u1eady th\u00ec.<\/p>\n<\/div>\n<\/div>\n","protected":false},"featured_media":780,"comment_status":"open","ping_status":"closed","template":"","meta":{"site-sidebar-layout":"default","site-content-layout":"","ast-site-content-layout":"default","site-content-style":"default","site-sidebar-style":"default","ast-global-header-display":"","ast-banner-title-visibility":"","ast-main-header-display":"","ast-hfb-above-header-display":"","ast-hfb-below-header-display":"","ast-hfb-mobile-header-display":"","site-post-title":"","ast-breadcrumbs-content":"","ast-featured-img":"","footer-sml-layout":"","theme-transparent-header-meta":"","adv-header-id-meta":"","stick-header-meta":"","header-above-stick-meta":"","header-main-stick-meta":"","header-below-stick-meta":"","astra-migrate-meta-layouts":"default","ast-page-background-enabled":"default","ast-page-background-meta":{"desktop":{"background-color":"var(--ast-global-color-5)","background-image":"","background-repeat":"repeat","background-position":"center center","background-size":"auto","background-attachment":"scroll","background-type":"","background-media":"","overlay-type":"","overlay-color":"","overlay-opacity":"","overlay-gradient":""},"tablet":{"background-color":"","background-image":"","background-repeat":"repeat","background-position":"center center","background-size":"auto","background-attachment":"scroll","background-type":"","background-media":"","overlay-type":"","overlay-color":"","overlay-opacity":"","overlay-gradient":""},"mobile":{"background-color":"","background-image":"","background-repeat":"repeat","background-position":"center center","background-size":"auto","background-attachment":"scroll","background-type":"","background-media":"","overlay-type":"","overlay-color":"","overlay-opacity":"","overlay-gradient":""}},"ast-content-background-meta":{"desktop":{"background-color":"var(--ast-global-color-4)","background-image":"","background-repeat":"repeat","background-position":"center center","background-size":"auto","background-attachment":"scroll","background-type":"","background-media":"","overlay-type":"","overlay-color":"","overlay-opacity":"","overlay-gradient":""},"tablet":{"background-color":"var(--ast-global-color-4)","background-image":"","background-repeat":"repeat","background-position":"center center","background-size":"auto","background-attachment":"scroll","background-type":"","background-media":"","overlay-type":"","overlay-color":"","overlay-opacity":"","overlay-gradient":""},"mobile":{"background-color":"var(--ast-global-color-4)","background-image":"","background-repeat":"repeat","background-position":"center center","background-size":"auto","background-attachment":"scroll","background-type":"","background-media":"","overlay-type":"","overlay-color":"","overlay-opacity":"","overlay-gradient":""}}},"product_brand":[23],"product_cat":[78,17,21],"product_tag":[],"class_list":{"0":"post-637","1":"product","2":"type-product","3":"status-publish","4":"has-post-thumbnail","6":"product_brand-skinsolve","7":"product_cat-cham-soc-da-toan-than","8":"product_cat-my-pham","9":"product_cat-skinsolve","10":"desktop-align-left","11":"tablet-align-left","12":"mobile-align-left","14":"first","15":"instock","16":"taxable","17":"shipping-taxable","18":"purchasable","19":"product-type-simple"},"_links":{"self":[{"href":"https:\/\/omewa.online\/index.php\/wp-json\/wp\/v2\/product\/637","targetHints":{"allow":["GET"]}}],"collection":[{"href":"https:\/\/omewa.online\/index.php\/wp-json\/wp\/v2\/product"}],"about":[{"href":"https:\/\/omewa.online\/index.php\/wp-json\/wp\/v2\/types\/product"}],"replies":[{"embeddable":true,"href":"https:\/\/omewa.online\/index.php\/wp-json\/wp\/v2\/comments?post=637"}],"wp:featuredmedia":[{"embeddable":true,"href":"https:\/\/omewa.online\/index.php\/wp-json\/wp\/v2\/media\/780"}],"wp:attachment":[{"href":"https:\/\/omewa.online\/index.php\/wp-json\/wp\/v2\/media?parent=637"}],"wp:term":[{"taxonomy":"product_brand","embeddable":true,"href":"https:\/\/omewa.online\/index.php\/wp-json\/wp\/v2\/product_brand?post=637"},{"taxonomy":"product_cat","embeddable":true,"href":"https:\/\/omewa.online\/index.php\/wp-json\/wp\/v2\/product_cat?post=637"},{"taxonomy":"product_tag","embeddable":true,"href":"https:\/\/omewa.online\/index.php\/wp-json\/wp\/v2\/product_tag?post=637"}],"curies":[{"name":"wp","href":"https:\/\/api.w.org\/{rel}","templated":true}]}}