{"id":633,"date":"2025-11-01T18:12:12","date_gmt":"2025-11-01T18:12:12","guid":{"rendered":"https:\/\/omewa.online\/?post_type=product&#038;p=633"},"modified":"2026-03-19T14:15:42","modified_gmt":"2026-03-19T14:15:42","slug":"dau-duong-the-lam-sang-deu-mau-da-tu-cam-thao-vani-100ml-melazero-whitening-body-oil","status":"publish","type":"product","link":"https:\/\/omewa.online\/index.php\/product\/dau-duong-the-lam-sang-deu-mau-da-tu-cam-thao-vani-100ml-melazero-whitening-body-oil\/","title":{"rendered":"D\u1ea7u d\u01b0\u1ee1ng th\u1ec3 l\u00e0m s\u00e1ng \u0111\u1ec1u m\u00e0u da t\u1eeb Cam Th\u1ea3o &#038; Vani 100ml &#8211; Melazero Whitening Body Oil"},"content":{"rendered":"<p>D\u1ea7u d\u01b0\u1ee1ng th\u1ec3 l\u00e0m s\u00e1ng \u0111\u1ec1u m\u00e0u da 100ml t\u1eeb Cam Th\u1ea3o &amp; Vani &#8211; Melazero Whitening Body Oil<\/p>\n<p><strong>1. C\u00d4NG D\u1ee4NG:<\/strong><\/p>\n<p>\u2022 D\u01b0\u1ee1ng \u1ea9m, gi\u1ea3m bong tr\u00f3c da, \u0111\u1eb7c bi\u1ec7t \u1edf nh\u1eefng v\u00f9ng da kh\u00f4 nh\u01b0 khu\u1ef7u tay, \u0111\u1ea7u g\u1ed1i.<br \/>\n\u2022 L\u00e0m m\u1ec1m l\u1edbp s\u1eebng, gi\u00fap da d\u1ec5 th\u1ea9m th\u1ea5u c\u00e1c b\u01b0\u1edbc d\u01b0\u1ee1ng kh\u00e1c.<br \/>\n\u2022 L\u00e0m s\u00e1ng da, \u0111\u1eb7c bi\u1ec7t l\u00e0 nh\u1eefng v\u00f9ng t\u1ed1i m\u00e0u nh\u01b0 m\u00f4ng, khu\u1ef7u tay, \u0111\u1ea7u g\u1ed1i\u2026<\/p>\n<p><strong>2<\/strong>.\u00a0<strong>\u0110\u1eb6C \u0110I\u1ec2M S\u1ea2N PH\u1ea8M<\/strong><\/p>\n<p>\u2022 Th\u00edch h\u1ee3p v\u1edbi m\u1ecdi lo\u1ea1i da, \u0111\u1eb7c bi\u1ec7t v\u1edbi l\u00e0n da c\u01a1 th\u1ec3 kh\u00f4ng \u0111\u1ec1u m\u00e0u, s\u1eabm m\u00e0u, th\u00f4 r\u00e1p, gi\u00e0y s\u1ea7n.<br \/>\n\u2022 Th\u1ec3 ch\u1ea5t d\u1ea7u d\u01b0\u1ee1ng m\u1ecfng nh\u1eb9, d\u1ec5 d\u00e0ng th\u1ea9m th\u1ea5u, kh\u00f4ng nh\u1eddn r\u00edt sau khi b\u00f4i.<br \/>\n\u2022 Nguy\u00ean li\u1ec7u thi\u00ean nhi\u00ean an to\u00e0n, th\u00e2n thi\u1ec7n v\u1edbi da, kh\u00f4ng g\u00e2y b\u00edt t\u1eafc l\u1ed7 ch\u00e2n l\u00f4ng.<br \/>\n\u2022 An to\u00e0n cho m\u1eb9 b\u1ea7u, cho con b\u00fa v\u00e0 tr\u1ebb d\u1eady th\u00ec.<\/p>\n<p><strong>3. TH\u00c0NH PH\u1ea6N \u0110\u1ea6Y \u0110\u1ee6<\/strong><\/p>\n<p>Helianthus Annuus (Sunflower) Seed Oil, Passiflora Edulis (Passion fruit) Seed Oil, Oryza Sativa (Rice) Bran Oil, Sesamum Indicum (Sesame) Seed Oil, Salicylic Acid, Betaine Salicylate, Tocopherol, Vanilla Planifolia Fruit Extract, Nelumbo Nucifera Flower Extract.<\/p>\n<p><strong>4. TH\u00c0NH PH\u1ea6N CH\u00cdNH<\/strong><\/p>\n<p><strong>L\u00e0m m\u1ec1m l\u1edbp s\u1eebng &#8211; t\u1ea9y t\u1ebf b\u00e0o ch\u1ebft da v\u00e0 l\u00e0m s\u00e1ng da<\/strong><\/p>\n<p>\ud83c\udf40<em>\u00a0\u00a0Salicylic Acid<\/em><\/p>\n<p>\u2022 L\u00e0 1 BHA \u0111\u01b0\u1ee3c chi\u1ebft xu\u1ea5t t\u1eeb V\u1ecf c\u00e2y Li\u1ec5u tr\u1eafng gi\u00fap lo\u1ea1i b\u1ecf c\u00e1c t\u1ebf b\u00e0o ch\u1ebft kh\u00f4 r\u00e1p tr\u00ean da, gi\u00fap da l\u00e1ng m\u1ecbn ngay sau 1 l\u1ea7n s\u1eed d\u1ee5ng.<br \/>\n\u2022 H\u1ed7 tr\u1ee3 c\u00e1c s\u1ea3n ph\u1ea9m kh\u00e1c th\u1ea9m th\u1ea5u t\u1ed1t h\u01a1n, t\u0103ng hi\u1ec7u qu\u1ea3 l\u00e0m s\u00e1ng dac\u00f3 kh\u1ea3 n\u0103ng l\u00e0m s\u1ea1ch s\u00e2u b\u00ean trong l\u1ed7 ch\u00e2n l\u00f4ng.<br \/>\n\u2022 Kh\u1ea3 n\u0103ng kh\u00e1ng khu\u1ea9n gi\u00fap gi\u1ea3m t\u00ecnh tr\u1ea1ng m\u1ee5n c\u01a1 th\u1ec3, m\u1ee5n l\u01b0ng, vi\u00eam nang l\u00f4ng hi\u1ec7u qu\u1ea3.<br \/>\n\u2022 K\u00edch th\u00edch qu\u00e1 tr\u00ecnh t\u00e1i t\u1ea1o da, gi\u00fap da lu\u00f4n m\u1ecbn m\u00e0ng t\u01b0\u01a1i m\u1edbi.<\/p>\n<p>\ud83c\udf40\u00a0<em>Betaine Salicylate<\/em><\/p>\n<p>L\u00e0 ho\u1ea1t ch\u1ea5t \u0111\u01b0\u1ee3c h\u00ecnh th\u00e0nh t\u1eeb ph\u1ea3n \u1ee9ng gi\u1eefa Betaine v\u00e0 Salicylic Acid.V\u00ec v\u1eady n\u00f3 mang l\u1ea1i l\u1ee3i \u00edch v\u01b0\u1ee3t tr\u1ed9i c\u1ee7a c\u1ea3 2 th\u00e0nh ph\u1ea7n n\u00e0y:<\/p>\n<p>\u2022 Lo\u1ea1i b\u1ecf t\u1ebf b\u00e0o da ch\u1ebft, l\u00e0m s\u1ea1ch l\u1ed7 ch\u00e2n l\u00f4ng v\u00e0 gi\u00fap l\u00e0m m\u1ecbn da. N\u00f3 c\u00f3 kh\u1ea3 n\u0103ng gi\u00fap L\u00e0m s\u00e1ng v\u00e0 c\u1ea3i thi\u1ec7n t\u00ecnh tr\u1ea1ng da kh\u00e1i qu\u00e1t.<br \/>\n\u2022 C\u00f3 t\u00ednh ch\u1ea5t ch\u1ed1ng vi\u00eam, gi\u00fap ki\u1ec3m so\u00e1t t\u00ecnh tr\u1ea1ng m\u1ee5n tr\u1ee9ng c\u00e1 v\u00e0 l\u00e0m gi\u1ea3m vi\u00eam nhi\u1ec5m da.<br \/>\n\u2022 Gi\u1eef \u0111\u1ed9 \u1ea9m cho da, gi\u00fap da tr\u1edf n\u00ean m\u1ec1m m\u1ea1i v\u00e0 kh\u00f4ng b\u1ecb kh\u00f4, gi\u1ea3m t\u00ecnh tr\u1ea1ng k\u00edch \u1ee9ng, vi\u00eam nhi\u1ec5m.<br \/>\n\u2022 K\u00edch th\u00edch t\u00e1i t\u1ea1o, c\u1ea3i thi\u1ec7n c\u1ea5u tr\u00fac da, t\u1ea1o \u0111\u1ed3 \u0111\u00e0n h\u1ed3i ch\u1eafc kh\u1ecfe cho da.<\/p>\n<p>T\u1ed1t h\u01a1n cho da nh\u1ea1y c\u1ea3m so v\u1edbi Axit Salicylic th\u00f4ng th\u01b0\u1eddng, v\u00ec n\u00f3 c\u00f3 kh\u1ea3 n\u0103ng l\u00e0m m\u1ecbn da m\u00e0 kh\u00f4ng g\u00e2y k\u00edch \u1ee9ng n\u1eb7ng.<\/p>\n<p><strong>T\u1ea1o \u0111\u1ed9 \u1ea9m m\u01b0\u1ee3t cho l\u00e0n da<\/strong><\/p>\n<p>\ud83c\udf40\u00a0<em>D\u1ea7u c\u00e1m g\u1ea1o Nh\u1eadt B\u1ea3n (<\/em><em>Oryza Sativa (Rice) Bran Oil)<\/em><\/p>\n<p>\u2022 Ch\u1ee9a nhi\u1ec1u axit b\u00e9o v\u00e0 vitamin E, gi\u00fap d\u01b0\u1ee1ng \u1ea9m \u00a0v\u00e0 ph\u1ee5c h\u1ed3i t\u1ed5n t\u01b0\u01a1ng, m\u1edd v\u1ebft th\u00e2m, ng\u0103n c\u1ea3n qu\u00e1 tr\u00ecnh l\u00e3o h\u00f3a.<br \/>\n\u2022 Ch\u1ee9a vitamin E, B2, B6 v\u00e0 c\u00e1c kho\u00e1ng ch\u1ea5t kh\u00e1c gi\u00fap t\u1ebf b\u00e0o da ch\u1ed1ng l\u1ea1i s\u1ef1 t\u1ea5n c\u00f4ng c\u1ee7a c\u00e1c g\u1ed1c t\u1ef1 do, b\u1ea3o v\u1ec7 da kh\u1ecfi t\u00e1c h\u1ea1i c\u1ee7a \u00e1nh n\u1eafng m\u1eb7t tr\u1eddi, tia c\u1ef1c t\u00edm (UV)\u2026<br \/>\n\u2022 C\u00f3 kh\u1ea3 n\u0103ng l\u00e0m s\u1ea1ch l\u1ed7 ch\u00e2n l\u00f4ng v\u00e0 ng\u0103n t\u1eafc ngh\u1ebdn l\u1ed7 ch\u00e2n l\u00f4ng, gi\u00fap da m\u1eb7t tr\u1edf n\u00ean s\u00e1ng h\u01a1n.<\/p>\n<p>\ud83c\udf40<em>\u00a0<\/em><em>D\u1ea7u\u00a0<\/em><em>h\u1ea1t chanh d\u00e2y (<\/em><em>Passiflora Edulis Seed Oil)<\/em><\/p>\n<p>\u2022\u00a0<em>Ch\u1ee9a nhi\u1ec1u axit b\u00e9o v\u00e0 vitamin E, gi\u00fap d\u01b0\u1ee1ng \u1ea9m, l\u00e0m d\u1ecbu da, gi\u1eef cho da m\u1ec1m m\u1ea1i, gi\u1ea3m t\u00ecnh tr\u1ea1ng da s\u01b0ng v\u00e0 k\u00edch \u1ee9ng.<\/em><br \/>\n\u2022\u00a0<em>Ch\u1ee9a vitamin E v\u00e0 c\u00e1c ch\u1ea5t kh\u00e1c gi\u00fap b\u1ea3o v\u1ec7 da kh\u1ecfi c\u00e1c t\u00e1c nh\u00e2n g\u00e2y h\u1ea1i nh\u01b0 vi khu\u1ea9n g\u00e2y m\u1ee5n, tia UV, &#8230;<\/em><br \/>\n\u2022\u00a0<em>D\u1ea7u h\u1ea1t chanh d\u00e2y c\u00f3 ch\u1ee9a vitamin C, gi\u00fap gi\u1ea3m t\u00ecnh tr\u1ea1ng t\u00e0n nhang v\u00e0 v\u1ebft th\u00e2m tr\u00ean da.<\/em><\/p>\n<p><em>\ud83c\udf40\u00a0<\/em><em>D\u1ea7u H\u01b0\u1edbng D\u01b0\u01a1ng (Helianthus Annuus (Sunflower) Seed Oil)<\/em><\/p>\n<p>\u2022 Gi\u00e0u vitamin A, C v\u00e0 D v\u00e0 carotenoids \u0111\u00f3ng vai tr\u00f2 nh\u01b0 ch\u1ea5t ch\u1ed1ng oxy h\u00f3a \u0111\u1ec3 t\u00e1i sinh c\u00e1c t\u1ebf b\u00e0o da.<br \/>\n\u2022 L\u00e0m m\u1ec1m da, c\u1ea3i thi\u1ec7n kh\u1ea3 n\u0103ng gi\u1eef \u1ea9m c\u1ee7a l\u00e0n da.<\/p>\n<p><strong>Tinh ch\u1ea5t s\u1eed d\u1ee5ng h\u1ec7 b\u1ea3o qu\u1ea3n t\u1ef1 nhi\u00ean\u00a0<\/strong><\/p>\n<p>\u2022 Phenethyl Alcohol \u2013 Chi\u1ebft xu\u1ea5t t\u1eeb Hoa h\u1ed3ng v\u00e0 Hoa C\u1ea9m Ch\u01b0\u1edbng.<br \/>\n\u2022 Caprylhydroxamic Acid \u2013 Chi\u1ebft xu\u1ea5t t\u1eeb d\u1eeba.<br \/>\n\u2022 Gi\u00fap b\u1ea3o qu\u1ea3n s\u1ea3n ph\u1ea9m hi\u1ec7u qu\u1ea3 m\u00e0 kh\u00f4ng g\u00e2y k\u00edch \u1ee9ng da, kh\u00f4ng \u1ea3nh h\u01b0\u1edfng \u0111\u1ebfn s\u1ee9c kho\u1ebb.<\/p>\n<p><strong>Serum s\u1eed d\u1ee5ng m\u00f9i h\u01b0\u01a1ng t\u1ef1 nhi\u00ean t\u1eeb tinh d\u1ea7u<\/strong><\/p>\n<p>Tinh d\u1ea7u Vani v\u00e0 Hoa sen tr\u1eafng c\u00f3 h\u01b0\u01a1ng th\u01a1m th\u01b0 gi\u00e3n, d\u1ecbu d\u00e0ng v\u1edbi da.<\/p>\n<p><strong>5. CAM K\u1ebeT C\u1ee6A NH\u00c3N H\u00c0NG<\/strong><\/p>\n<p><em>B\u1ea3ng th\u00e0nh ph\u1ea7n \u201cXanh\u201d l\u00e0nh t\u00ednh theo ti\u00eau chu\u1ea9n EWG<\/em><\/p>\n<p><em>\u00a0<img decoding=\"async\" src=\"https:\/\/d3bpb7mvrje809.cloudfront.net\/1697976111893.jpg\" \/><\/em><\/p>\n<p><em><strong>B\u1ea2NG TH\u00c0NH PH\u1ea6N XANH<\/strong><\/em><\/p>\n<p><em><strong>KH\u00d4NG CH\u1ee8A<\/strong><\/em><\/p>\n<p>\u2022 D\u1ea7u kho\u00e1ng H\u01b0\u01a1ng li\u1ec7u t\u1ed1ng h\u1ee3p Ch\u1ea5t t\u1ea1o m\u00e0u ho\u00e1 h\u1ecdc<br \/>\n\u2022 Nguy\u00ean li\u1ec7u c\u00f3 ngu\u1ed3n g\u1ed1c t\u1eeb \u0111\u1ed9ng v\u1eadt<br \/>\n\u2022 Ch\u1ea5t l\u00e0m s\u1ea1ch g\u1ed1c Sulfates: SLS, SLES<br \/>\n\u2022 MEA\/DEA\/TEA<br \/>\n\u2022 Phthalates<br \/>\n\u2022 Ch\u1ea5t b\u1ea3o qu\u1ea3n t\u1ed5ng h\u1ee3p (Paraben, Phenoxyethanol\u2026)<br \/>\n\u2022 Kh\u00f4ng ch\u1ee9a c\u1ed3n<br \/>\n\u2022 Silicone<br \/>\n\u2022 S\u1eed d\u1ee5ng c\u00e1c ch\u1ea5t t\u1ea1o \u0111\u1eb7c\/nh\u0169 ho\u00e1 t\u1ed5ng h\u1ee3p (Carbomer, Polymer, Glyceryl Stearate, Cetearyl Alcohol)<br \/>\n\u2022 EDTA<\/p>\n<p><strong>6. H\u01af\u1edaNG D\u1eaaN S\u1eec D\u1ee4NG<\/strong><\/p>\n<p>\u2022 D\u00f9ng m\u1ed9t l\u01b0\u1ee3ng v\u1eeba \u0111\u1ee7 s\u1ea3n ph\u1ea9m v\u00e0o tay v\u00e0 thoa \u0111\u1ec1u tr\u00ean v\u00f9ng da \u0111\u00e3 l\u00e0m s\u1ea1ch. C\u00f3 th\u1ec3 d\u00f9ng h\u00e0ng ng\u00e0y tr\u00ean kh\u1eafp c\u01a1 th\u1ec3 \u0111\u1ec3 l\u00e0n da m\u1ec1m m\u1ecbn, s\u1ea1ch t\u1ebf b\u00e0o ch\u1ebft. Ho\u1eb7c c\u00f3 th\u1ec3 d\u00f9ng ri\u00eang tr\u00ean v\u00f9ng da s\u1ea7n s\u00f9i, t\u1ed1i m\u00e0u t\u00f9y nhu c\u1ea7u.<br \/>\n\u2022 Khuy\u00ean d\u00f9ng th\u00eam s\u1ea3n ph\u1ea9m Tinh Ch\u1ea5t L\u00e0m S\u00e1ng \u0110\u1ec1u M\u00e0u Da C\u01a1 Th\u1ec3 sau khi thoa D\u1ea7u D\u01b0\u1ee1ng Th\u1ec3 T\u0103ng C\u01b0\u1eddng L\u00e0m S\u00e1ng \u0110\u1ec1u M\u00e0u Da \u0111\u1ec3 \u0111\u1ea1t k\u1ebft qu\u1ea3 t\u1ed1t nh\u1ea5t.<br \/>\n\u2022 C\u1ea7n \u0111\u1ea3m b\u1ea3o lu\u00f4n b\u1ea3o v\u1ec7 da kh\u1ecfi b\u1ecb ch\u00e1y n\u1eafng tr\u1ef1c ti\u1ebfp v\u00e0 n\u00ean s\u1eed d\u1ee5ng c\u00f9ng Kem D\u01b0\u1ee1ng Th\u1ec3 N\u0103ng T\u00f4ng L\u00e0m S\u00e1ng \u0110\u1ec1u M\u00e0u Da \u0111\u1ec3 l\u1ea7n \u0111a s\u00e1ng r\u1ea1ng r\u1ee1 m\u1ed7i ng\u00e0y.<\/p>\n<p><strong>7. B\u1ea2O QU\u1ea2N<\/strong><\/p>\n<p>B\u1ea3o qu\u1ea3n n\u01a1i kh\u00f4 r\u00e1o, tho\u00e1ng m\u00e1t, tr\u00e1nh xa t\u1ea7m tay tr\u1ebb em.<\/p>\n<p><strong>8. H\u1ea0N S\u1eec D\u1ee4NG<\/strong><\/p>\n<p>\u2022 18 th\u00e1ng k\u1ec3 t\u1eeb ng\u00e0y s\u1ea3n xu\u1ea5t.<br \/>\n\u2022 08 th\u00e1ng k\u1ec3 t\u1eeb khi m\u1edf n\u1eafp.<\/p>\n","protected":false},"excerpt":{"rendered":"<p><strong>C\u00d4NG D\u1ee4NG:<\/strong><\/p>\n<p>\u2022 D\u01b0\u1ee1ng \u1ea9m, gi\u1ea3m bong tr\u00f3c da, \u0111\u1eb7c bi\u1ec7t \u1edf nh\u1eefng v\u00f9ng da kh\u00f4 nh\u01b0 khu\u1ef7u tay, \u0111\u1ea7u g\u1ed1i.<br \/>\n\u2022 L\u00e0m m\u1ec1m l\u1edbp s\u1eebng, gi\u00fap da d\u1ec5 th\u1ea9m th\u1ea5u c\u00e1c b\u01b0\u1edbc d\u01b0\u1ee1ng kh\u00e1c.<br \/>\n\u2022 L\u00e0m s\u00e1ng da, \u0111\u1eb7c bi\u1ec7t l\u00e0 nh\u1eefng v\u00f9ng t\u1ed1i m\u00e0u nh\u01b0 m\u00f4ng, khu\u1ef7u tay, \u0111\u1ea7u g\u1ed1i\u2026<\/p>\n<p><strong>H\u01af\u1edaNG D\u1eaaN S\u1eec D\u1ee4NG<\/strong><\/p>\n<p>\u2022 D\u00f9ng m\u1ed9t l\u01b0\u1ee3ng v\u1eeba \u0111\u1ee7 s\u1ea3n ph\u1ea9m v\u00e0o tay v\u00e0 thoa \u0111\u1ec1u tr\u00ean v\u00f9ng da \u0111\u00e3 l\u00e0m s\u1ea1ch. C\u00f3 th\u1ec3 d\u00f9ng h\u00e0ng ng\u00e0y tr\u00ean kh\u1eafp c\u01a1 th\u1ec3 \u0111\u1ec3 l\u00e0n da m\u1ec1m m\u1ecbn, s\u1ea1ch t\u1ebf b\u00e0o ch\u1ebft. Ho\u1eb7c c\u00f3 th\u1ec3 d\u00f9ng ri\u00eang tr\u00ean v\u00f9ng da s\u1ea7n s\u00f9i, t\u1ed1i m\u00e0u t\u00f9y nhu c\u1ea7u.<br \/>\n\u2022 Khuy\u00ean d\u00f9ng th\u00eam s\u1ea3n ph\u1ea9m Tinh Ch\u1ea5t L\u00e0m S\u00e1ng \u0110\u1ec1u M\u00e0u Da C\u01a1 Th\u1ec3 sau khi thoa D\u1ea7u D\u01b0\u1ee1ng Th\u1ec3 T\u0103ng C\u01b0\u1eddng L\u00e0m S\u00e1ng \u0110\u1ec1u M\u00e0u Da \u0111\u1ec3 \u0111\u1ea1t k\u1ebft qu\u1ea3 t\u1ed1t nh\u1ea5t.<br \/>\n\u2022 C\u1ea7n \u0111\u1ea3m b\u1ea3o lu\u00f4n b\u1ea3o v\u1ec7 da kh\u1ecfi b\u1ecb ch\u00e1y n\u1eafng tr\u1ef1c ti\u1ebfp v\u00e0 n\u00ean s\u1eed d\u1ee5ng c\u00f9ng Kem D\u01b0\u1ee1ng Th\u1ec3 N\u0103ng T\u00f4ng L\u00e0m S\u00e1ng \u0110\u1ec1u M\u00e0u Da \u0111\u1ec3 l\u1ea7n \u0111a s\u00e1ng r\u1ea1ng r\u1ee1 m\u1ed7i ng\u00e0y.<\/p>\n","protected":false},"featured_media":759,"comment_status":"open","ping_status":"closed","template":"","meta":{"site-sidebar-layout":"default","site-content-layout":"","ast-site-content-layout":"default","site-content-style":"default","site-sidebar-style":"default","ast-global-header-display":"","ast-banner-title-visibility":"","ast-main-header-display":"","ast-hfb-above-header-display":"","ast-hfb-below-header-display":"","ast-hfb-mobile-header-display":"","site-post-title":"","ast-breadcrumbs-content":"","ast-featured-img":"","footer-sml-layout":"","theme-transparent-header-meta":"default","adv-header-id-meta":"","stick-header-meta":"","header-above-stick-meta":"","header-main-stick-meta":"","header-below-stick-meta":"","astra-migrate-meta-layouts":"set","ast-page-background-enabled":"default","ast-page-background-meta":{"desktop":{"background-color":"var(--ast-global-color-5)","background-image":"","background-repeat":"repeat","background-position":"center center","background-size":"auto","background-attachment":"scroll","background-type":"","background-media":"","overlay-type":"","overlay-color":"","overlay-opacity":"","overlay-gradient":""},"tablet":{"background-color":"","background-image":"","background-repeat":"repeat","background-position":"center center","background-size":"auto","background-attachment":"scroll","background-type":"","background-media":"","overlay-type":"","overlay-color":"","overlay-opacity":"","overlay-gradient":""},"mobile":{"background-color":"","background-image":"","background-repeat":"repeat","background-position":"center center","background-size":"auto","background-attachment":"scroll","background-type":"","background-media":"","overlay-type":"","overlay-color":"","overlay-opacity":"","overlay-gradient":""}},"ast-content-background-meta":{"desktop":{"background-color":"var(--ast-global-color-4)","background-image":"","background-repeat":"repeat","background-position":"center center","background-size":"auto","background-attachment":"scroll","background-type":"","background-media":"","overlay-type":"","overlay-color":"","overlay-opacity":"","overlay-gradient":""},"tablet":{"background-color":"var(--ast-global-color-4)","background-image":"","background-repeat":"repeat","background-position":"center center","background-size":"auto","background-attachment":"scroll","background-type":"","background-media":"","overlay-type":"","overlay-color":"","overlay-opacity":"","overlay-gradient":""},"mobile":{"background-color":"var(--ast-global-color-4)","background-image":"","background-repeat":"repeat","background-position":"center center","background-size":"auto","background-attachment":"scroll","background-type":"","background-media":"","overlay-type":"","overlay-color":"","overlay-opacity":"","overlay-gradient":""}}},"product_brand":[23],"product_cat":[78,17,21],"product_tag":[],"class_list":{"0":"post-633","1":"product","2":"type-product","3":"status-publish","4":"has-post-thumbnail","6":"product_brand-skinsolve","7":"product_cat-cham-soc-da-toan-than","8":"product_cat-my-pham","9":"product_cat-skinsolve","10":"desktop-align-left","11":"tablet-align-left","12":"mobile-align-left","14":"first","15":"instock","16":"taxable","17":"shipping-taxable","18":"purchasable","19":"product-type-simple"},"_links":{"self":[{"href":"https:\/\/omewa.online\/index.php\/wp-json\/wp\/v2\/product\/633","targetHints":{"allow":["GET"]}}],"collection":[{"href":"https:\/\/omewa.online\/index.php\/wp-json\/wp\/v2\/product"}],"about":[{"href":"https:\/\/omewa.online\/index.php\/wp-json\/wp\/v2\/types\/product"}],"replies":[{"embeddable":true,"href":"https:\/\/omewa.online\/index.php\/wp-json\/wp\/v2\/comments?post=633"}],"wp:featuredmedia":[{"embeddable":true,"href":"https:\/\/omewa.online\/index.php\/wp-json\/wp\/v2\/media\/759"}],"wp:attachment":[{"href":"https:\/\/omewa.online\/index.php\/wp-json\/wp\/v2\/media?parent=633"}],"wp:term":[{"taxonomy":"product_brand","embeddable":true,"href":"https:\/\/omewa.online\/index.php\/wp-json\/wp\/v2\/product_brand?post=633"},{"taxonomy":"product_cat","embeddable":true,"href":"https:\/\/omewa.online\/index.php\/wp-json\/wp\/v2\/product_cat?post=633"},{"taxonomy":"product_tag","embeddable":true,"href":"https:\/\/omewa.online\/index.php\/wp-json\/wp\/v2\/product_tag?post=633"}],"curies":[{"name":"wp","href":"https:\/\/api.w.org\/{rel}","templated":true}]}}