{"id":574,"date":"2025-11-01T18:11:51","date_gmt":"2025-11-01T18:11:51","guid":{"rendered":"https:\/\/omewa.online\/?post_type=product&#038;p=574"},"modified":"2025-11-01T18:14:44","modified_gmt":"2025-11-01T18:14:44","slug":"dau-goi-nuoi-duong-da-dau-khoe-manh-prestige-scalp-shampoo","status":"publish","type":"product","link":"https:\/\/omewa.online\/index.php\/product\/dau-goi-nuoi-duong-da-dau-khoe-manh-prestige-scalp-shampoo\/","title":{"rendered":"D\u1ea7u G\u1ed9i nu\u00f4i d\u01b0\u1ee1ng da \u0111\u1ea7u kh\u1ecfe m\u1ea1nh PRESTIGE SCALP SHAMPOO"},"content":{"rendered":"<p><strong>Doctor Haime Prestige Scalp Shampoo<\/strong><\/p>\n<p>Kh\u00e1m ph\u00e1 b\u00ed quy\u1ebft ch\u0103m s\u00f3c da \u0111\u1ea7u ho\u00e0n h\u1ea3o v\u1edbi <strong>Doctor Haime Prestige Scalp Shampoo<\/strong>, d\u1ea7u g\u1ed9i cao c\u1ea5p gi\u00fap duy tr\u00ec s\u1ee9c kh\u1ecfe t\u1ed1i \u01b0u cho da \u0111\u1ea7u c\u1ee7a b\u1ea1n. \u0110\u01b0\u1ee3c ph\u00e1t tri\u1ec3n v\u1edbi th\u00e0nh ph\u1ea7n \u0111\u1ed9c quy\u1ec1n <strong>GAMMA-HG\u2122<\/strong>, s\u1ea3n ph\u1ea9m n\u00e0y cung c\u1ea5p s\u1ef1 ch\u0103m s\u00f3c \u0111\u1eb7c bi\u1ec7t \u0111\u1ec3 nu\u00f4i d\u01b0\u1ee1ng v\u00e0 ph\u1ee5c h\u1ed3i da \u0111\u1ea7u, mang l\u1ea1i m\u00e1i t\u00f3c kh\u1ecfe m\u1ea1nh v\u00e0 \u0111\u1ea7y s\u1ee9c s\u1ed1ng.<\/p>\n<h3><strong>T\u00ednh n\u0103ng n\u1ed5i b\u1eadt:<\/strong><\/h3>\n<ul>\n<li><strong>Th\u00e0nh ph\u1ea7n GAMMA-HG\u2122 \u0111\u1ed9c quy\u1ec1n<\/strong>: C\u00f4ng th\u1ee9c ti\u00ean ti\u1ebfn n\u00e0y cung c\u1ea5p d\u01b0\u1ee1ng ch\u1ea5t chuy\u00ean s\u00e2u, gi\u00fap c\u1ea3i thi\u1ec7n t\u00ecnh tr\u1ea1ng da \u0111\u1ea7u v\u00e0 k\u00edch th\u00edch s\u1ef1 ph\u00e1t tri\u1ec3n c\u1ee7a t\u00f3c kh\u1ecfe m\u1ea1nh.<\/li>\n<li><strong>Duy tr\u00ec s\u1ee9c kh\u1ecfe da \u0111\u1ea7u<\/strong>: \u0110\u01b0\u1ee3c thi\u1ebft k\u1ebf \u0111\u1ec3 l\u00e0m s\u1ea1ch nh\u1eb9 nh\u00e0ng m\u00e0 kh\u00f4ng l\u00e0m kh\u00f4 da \u0111\u1ea7u, gi\u00fap c\u00e2n b\u1eb1ng \u0111\u1ed9 \u1ea9m v\u00e0 gi\u1eef cho da \u0111\u1ea7u lu\u00f4n trong t\u00ecnh tr\u1ea1ng t\u1ed1t nh\u1ea5t.<\/li>\n<li><strong>Ch\u0103m s\u00f3c s\u00e2u v\u00e0 nu\u00f4i d\u01b0\u1ee1ng<\/strong>: L\u00e0m s\u1ea1ch hi\u1ec7u qu\u1ea3 \u0111\u1ed3ng th\u1eddi cung c\u1ea5p c\u00e1c d\u01b0\u1ee1ng ch\u1ea5t c\u1ea7n thi\u1ebft, gi\u00fap c\u1ea3i thi\u1ec7n s\u1ee9c kh\u1ecfe da \u0111\u1ea7u v\u00e0 ng\u0103n ng\u1eeba c\u00e1c v\u1ea5n \u0111\u1ec1 nh\u01b0 g\u00e0u hay da \u0111\u1ea7u nh\u1eddn.<\/li>\n<\/ul>\n<h3><strong>H\u01b0\u1edbng d\u1eabn s\u1eed d\u1ee5ng:<\/strong><\/h3>\n<p>L\u00e0m \u01b0\u1edbt t\u00f3c v\u00e0 da \u0111\u1ea7u, sau \u0111\u00f3 thoa m\u1ed9t l\u01b0\u1ee3ng v\u1eeba \u0111\u1ee7 <strong>Doctor Haime Prestige Scalp Shampoo<\/strong> l\u00ean t\u00f3c. Massage nh\u1eb9 nh\u00e0ng \u0111\u1ec3 t\u1ea1o b\u1ecdt v\u00e0 l\u00e0m s\u1ea1ch da \u0111\u1ea7u. R\u1eeda s\u1ea1ch v\u1edbi n\u01b0\u1edbc v\u00e0 c\u00f3 th\u1ec3 s\u1eed d\u1ee5ng th\u00eam n\u1ebfu c\u1ea7n. \u0110\u1ec3 c\u00f3 k\u1ebft qu\u1ea3 t\u1ed1t nh\u1ea5t, h\u00e3y k\u1ebft h\u1ee3p v\u1edbi c\u00e1c s\u1ea3n ph\u1ea9m ch\u0103m s\u00f3c t\u00f3c kh\u00e1c t\u1eeb d\u00f2ng Doctor Haime.<\/p>\n<h3><strong>L\u1ee3i \u00edch:<\/strong><\/h3>\n<ul>\n<li>Cung c\u1ea5p d\u01b0\u1ee1ng ch\u1ea5t c\u1ea7n thi\u1ebft \u0111\u1ec3 nu\u00f4i d\u01b0\u1ee1ng v\u00e0 ph\u1ee5c h\u1ed3i da \u0111\u1ea7u.<\/li>\n<li>Gi\u00fap c\u00e2n b\u1eb1ng \u0111\u1ed9 \u1ea9m v\u00e0 duy tr\u00ec s\u1ee9c kh\u1ecfe t\u1ed1i \u01b0u cho da \u0111\u1ea7u.<\/li>\n<li>Ng\u0103n ng\u1eeba c\u00e1c v\u1ea5n \u0111\u1ec1 li\u00ean quan \u0111\u1ebfn da \u0111\u1ea7u nh\u01b0 g\u00e0u, nh\u1eddn, v\u00e0 k\u00edch \u1ee9ng.<\/li>\n<\/ul>\n<p><strong>Doctor Haime Prestige Scalp Shampoo<\/strong> l\u00e0 l\u1ef1a ch\u1ecdn l\u00fd t\u01b0\u1edfng cho nh\u1eefng ai mu\u1ed1n ch\u0103m s\u00f3c da \u0111\u1ea7u m\u1ed9t c\u00e1ch chuy\u00ean s\u00e2u v\u00e0 hi\u1ec7u qu\u1ea3. \u0110em l\u1ea1i c\u1ea3m gi\u00e1c t\u01b0\u01a1i m\u1edbi v\u00e0 m\u00e1i t\u00f3c kh\u1ecfe m\u1ea1nh m\u1ed7i ng\u00e0y!<\/p>\n<p>&nbsp;<\/p>\n","protected":false},"excerpt":{"rendered":"<p>\u201cDoctor Haime Prestige Scalp Shampoo\u201d l\u00e0 m\u1ed9t lo\u1ea1i d\u1ea7u g\u1ed9i gi\u00fap duy tr\u00ec s\u1ee9c kh\u1ecfe c\u1ee7a da \u0111\u1ea7u, v\u1edbi th\u00e0nh ph\u1ea7n ri\u00eang GAMMA-HG\u2122 \u0111\u01b0\u1ee3c ph\u00e1t tri\u1ec3n \u0111\u1ed9c quy\u1ec1n gi\u00fap nu\u00f4i d\u01b0\u1ee1ng da \u0111\u1ea7u kh\u1ecfe m\u1ea1nh.<\/p>\n","protected":false},"featured_media":752,"comment_status":"open","ping_status":"closed","template":"","meta":{"site-sidebar-layout":"default","site-content-layout":"","ast-site-content-layout":"default","site-content-style":"default","site-sidebar-style":"default","ast-global-header-display":"","ast-banner-title-visibility":"","ast-main-header-display":"","ast-hfb-above-header-display":"","ast-hfb-below-header-display":"","ast-hfb-mobile-header-display":"","site-post-title":"","ast-breadcrumbs-content":"","ast-featured-img":"","footer-sml-layout":"","theme-transparent-header-meta":"","adv-header-id-meta":"","stick-header-meta":"","header-above-stick-meta":"","header-main-stick-meta":"","header-below-stick-meta":"","astra-migrate-meta-layouts":"default","ast-page-background-enabled":"default","ast-page-background-meta":{"desktop":{"background-color":"var(--ast-global-color-5)","background-image":"","background-repeat":"repeat","background-position":"center center","background-size":"auto","background-attachment":"scroll","background-type":"","background-media":"","overlay-type":"","overlay-color":"","overlay-opacity":"","overlay-gradient":""},"tablet":{"background-color":"","background-image":"","background-repeat":"repeat","background-position":"center center","background-size":"auto","background-attachment":"scroll","background-type":"","background-media":"","overlay-type":"","overlay-color":"","overlay-opacity":"","overlay-gradient":""},"mobile":{"background-color":"","background-image":"","background-repeat":"repeat","background-position":"center center","background-size":"auto","background-attachment":"scroll","background-type":"","background-media":"","overlay-type":"","overlay-color":"","overlay-opacity":"","overlay-gradient":""}},"ast-content-background-meta":{"desktop":{"background-color":"var(--ast-global-color-4)","background-image":"","background-repeat":"repeat","background-position":"center center","background-size":"auto","background-attachment":"scroll","background-type":"","background-media":"","overlay-type":"","overlay-color":"","overlay-opacity":"","overlay-gradient":""},"tablet":{"background-color":"var(--ast-global-color-4)","background-image":"","background-repeat":"repeat","background-position":"center center","background-size":"auto","background-attachment":"scroll","background-type":"","background-media":"","overlay-type":"","overlay-color":"","overlay-opacity":"","overlay-gradient":""},"mobile":{"background-color":"var(--ast-global-color-4)","background-image":"","background-repeat":"repeat","background-position":"center center","background-size":"auto","background-attachment":"scroll","background-type":"","background-media":"","overlay-type":"","overlay-color":"","overlay-opacity":"","overlay-gradient":""}}},"product_brand":[],"product_cat":[96,97,17],"product_tag":[],"class_list":{"0":"post-574","1":"product","2":"type-product","3":"status-publish","4":"has-post-thumbnail","6":"product_cat-bloombyyoung","7":"product_cat-cham-soc-toc","8":"product_cat-my-pham","9":"desktop-align-left","10":"tablet-align-left","11":"mobile-align-left","13":"first","14":"instock","15":"taxable","16":"shipping-taxable","17":"purchasable","18":"product-type-simple"},"_links":{"self":[{"href":"https:\/\/omewa.online\/index.php\/wp-json\/wp\/v2\/product\/574","targetHints":{"allow":["GET"]}}],"collection":[{"href":"https:\/\/omewa.online\/index.php\/wp-json\/wp\/v2\/product"}],"about":[{"href":"https:\/\/omewa.online\/index.php\/wp-json\/wp\/v2\/types\/product"}],"replies":[{"embeddable":true,"href":"https:\/\/omewa.online\/index.php\/wp-json\/wp\/v2\/comments?post=574"}],"wp:featuredmedia":[{"embeddable":true,"href":"https:\/\/omewa.online\/index.php\/wp-json\/wp\/v2\/media\/752"}],"wp:attachment":[{"href":"https:\/\/omewa.online\/index.php\/wp-json\/wp\/v2\/media?parent=574"}],"wp:term":[{"taxonomy":"product_brand","embeddable":true,"href":"https:\/\/omewa.online\/index.php\/wp-json\/wp\/v2\/product_brand?post=574"},{"taxonomy":"product_cat","embeddable":true,"href":"https:\/\/omewa.online\/index.php\/wp-json\/wp\/v2\/product_cat?post=574"},{"taxonomy":"product_tag","embeddable":true,"href":"https:\/\/omewa.online\/index.php\/wp-json\/wp\/v2\/product_tag?post=574"}],"curies":[{"name":"wp","href":"https:\/\/api.w.org\/{rel}","templated":true}]}}