{"id":573,"date":"2025-11-01T18:11:51","date_gmt":"2025-11-01T18:11:51","guid":{"rendered":"https:\/\/omewa.online\/?post_type=product&#038;p=573"},"modified":"2025-11-01T18:14:42","modified_gmt":"2025-11-01T18:14:42","slug":"serum-cham-soc-da-hayyim-cell-grow-calming","status":"publish","type":"product","link":"https:\/\/omewa.online\/index.php\/product\/serum-cham-soc-da-hayyim-cell-grow-calming\/","title":{"rendered":"Serum ch\u0103m s\u00f3c DA HAYYIM CELL GROW CALMING"},"content":{"rendered":"<p><strong>Ampoule L\u00e0m D\u1ecbu &amp; C\u00e2n B\u1eb1ng Da<\/strong><\/p>\n<p>Kh\u00e1m ph\u00e1 s\u1ef1 ch\u0103m s\u00f3c da ho\u00e0n h\u1ea3o v\u1edbi <strong>Ampoule L\u00e0m D\u1ecbu &amp; C\u00e2n B\u1eb1ng Da<\/strong>, s\u1ea3n ph\u1ea9m chuy\u00ean bi\u1ec7t \u0111\u01b0\u1ee3c thi\u1ebft k\u1ebf \u0111\u1ec3 cung c\u1ea5p s\u1ef1 d\u1ecbu nh\u1eb9 v\u00e0 c\u00e2n b\u1eb1ng cho l\u00e0n da c\u1ee7a b\u1ea1n. V\u1edbi s\u1ef1 k\u1ebft h\u1ee3p \u0111\u1ed9c \u0111\u00e1o c\u1ee7a c\u00e1c th\u00e0nh ph\u1ea7n t\u1ef1 nhi\u00ean v\u00e0 hi\u1ec7u qu\u1ea3, s\u1ea3n ph\u1ea9m n\u00e0y h\u1ed7 tr\u1ee3 l\u00e0m d\u1ecbu da, ch\u0103m s\u00f3c l\u1ed7 ch\u00e2n l\u00f4ng, v\u00e0 cung c\u1ea5p \u0111\u1ed9 \u1ea9m c\u1ea7n thi\u1ebft.<\/p>\n<h3><strong>T\u00ednh n\u0103ng n\u1ed5i b\u1eadt:<\/strong><\/h3>\n<ul>\n<li><strong>N\u01b0\u1edbc l\u00e1 b\u00ecnh b\u00e1t<\/strong>: Tinh ch\u1ea5t t\u1eeb l\u00e1 b\u00ecnh b\u00e1t gi\u00fap l\u00e0m d\u1ecbu da hi\u1ec7u qu\u1ea3, gi\u1ea3m c\u1ea3m gi\u00e1c k\u00edch \u1ee9ng v\u00e0 \u0111\u1ecf r\u00e1t, \u0111\u1ed3ng th\u1eddi h\u1ed7 tr\u1ee3 l\u00e0m s\u00e1ng v\u00e0 \u0111\u1ec1u m\u00e0u da.<\/li>\n<li><strong>Madecassoside<\/strong>: M\u1ed9t th\u00e0nh ph\u1ea7n n\u1ed5i ti\u1ebfng trong vi\u1ec7c ph\u1ee5c h\u1ed3i da, gi\u1ea3m vi\u00eam v\u00e0 k\u00edch th\u00edch qu\u00e1 tr\u00ecnh t\u00e1i t\u1ea1o t\u1ebf b\u00e0o, mang l\u1ea1i l\u00e0n da kh\u1ecfe m\u1ea1nh v\u00e0 \u0111\u1ec1u m\u00e0u.<\/li>\n<li><strong>N\u01b0\u1edbc \u00e9p l\u00f4 h\u1ed9i<\/strong>: Cung c\u1ea5p \u0111\u1ed9 \u1ea9m s\u00e2u, l\u00e0m m\u1ec1m da v\u00e0 l\u00e0m d\u1ecbu nh\u1eefng v\u00f9ng da nh\u1ea1y c\u1ea3m, \u0111\u1ed3ng th\u1eddi gi\u00fap l\u00e0m gi\u1ea3m m\u1ee5n v\u00e0 ng\u0103n ng\u1eeba t\u00ecnh tr\u1ea1ng kh\u00f4 da.<\/li>\n<li><strong>B\u1ed9t ch\u1ed1ng m\u1ee5n<\/strong>: Ch\u1ee9a c\u00e1c th\u00e0nh ph\u1ea7n kh\u00e1ng khu\u1ea9n v\u00e0 l\u00e0m s\u1ea1ch, h\u1ed7 tr\u1ee3 l\u00e0m gi\u1ea3m m\u1ee5n v\u00e0 c\u1ea3i thi\u1ec7n t\u00ecnh tr\u1ea1ng l\u1ed7 ch\u00e2n l\u00f4ng.<\/li>\n<li><strong>Chi\u1ebft xu\u1ea5t hoa g\u1ea1o tr\u1eafng<\/strong>: L\u00e0m m\u1ec1m da, cung c\u1ea5p c\u00e1c d\u01b0\u1ee1ng ch\u1ea5t thi\u1ebft y\u1ebfu v\u00e0 gi\u00fap c\u00e2n b\u1eb1ng \u0111\u1ed9 \u1ea9m, \u0111\u1ed3ng th\u1eddi h\u1ed7 tr\u1ee3 l\u00e0m s\u00e1ng v\u00e0 c\u1ea3i thi\u1ec7n k\u1ebft c\u1ea5u da.<\/li>\n<\/ul>\n<h3><strong>H\u01b0\u1edbng d\u1eabn s\u1eed d\u1ee5ng:<\/strong><\/h3>\n<p>Sau khi l\u00e0m s\u1ea1ch da m\u1eb7t, thoa m\u1ed9t l\u01b0\u1ee3ng v\u1eeba \u0111\u1ee7 <strong>Ampoule L\u00e0m D\u1ecbu &amp; C\u00e2n B\u1eb1ng Da<\/strong> l\u00ean m\u1eb7t v\u00e0 c\u1ed5. Nh\u1eb9 nh\u00e0ng v\u1ed7 nh\u1eb9 \u0111\u1ec3 tinh ch\u1ea5t th\u1ea9m th\u1ea5u v\u00e0o da. S\u1eed d\u1ee5ng s\u1ea3n ph\u1ea9m v\u00e0o bu\u1ed5i s\u00e1ng v\u00e0 bu\u1ed5i t\u1ed1i \u0111\u1ec3 \u0111\u1ea1t hi\u1ec7u qu\u1ea3 t\u1ed1i \u01b0u.<\/p>\n<h3><strong>L\u1ee3i \u00edch:<\/strong><\/h3>\n<ul>\n<li>L\u00e0m d\u1ecbu v\u00e0 gi\u1ea3m k\u00edch \u1ee9ng da, mang l\u1ea1i c\u1ea3m gi\u00e1c tho\u1ea3i m\u00e1i v\u00e0 d\u1ec5 ch\u1ecbu.<\/li>\n<li>C\u00e2n b\u1eb1ng \u0111\u1ed9 \u1ea9m v\u00e0 l\u00e0m m\u1ec1m da, gi\u00fap da lu\u00f4n m\u1ec1m m\u1ecbn v\u00e0 \u0111\u1ea7y s\u1ee9c s\u1ed1ng.<\/li>\n<li>Ch\u0103m s\u00f3c l\u1ed7 ch\u00e2n l\u00f4ng v\u00e0 h\u1ed7 tr\u1ee3 l\u00e0m gi\u1ea3m m\u1ee5n hi\u1ec7u qu\u1ea3.<\/li>\n<\/ul>\n<p><strong>Ampoule L\u00e0m D\u1ecbu &amp; C\u00e2n B\u1eb1ng Da<\/strong> l\u00e0 s\u1ef1 l\u1ef1a ch\u1ecdn l\u00fd t\u01b0\u1edfng cho nh\u1eefng ai c\u1ea7n m\u1ed9t gi\u1ea3i ph\u00e1p hi\u1ec7u qu\u1ea3 \u0111\u1ec3 duy tr\u00ec l\u00e0n da kh\u1ecfe m\u1ea1nh, d\u1ecbu nh\u1eb9 v\u00e0 \u0111\u1ec1u m\u00e0u. H\u00e3y tr\u1ea3i nghi\u1ec7m c\u00f4ng th\u1ee9c \u0111\u1ed9c quy\u1ec1n v\u00e0 c\u1ea3m nh\u1eadn s\u1ef1 kh\u00e1c bi\u1ec7t!<\/p>\n<p>&nbsp;<\/p>\n<p>&nbsp;<\/p>\n","protected":false},"excerpt":{"rendered":"<p>Ampoule n\u00e0y c\u00e2n b\u1eb1ng v\u00e0 l\u00e0m d\u1ecbu da, v\u1edbi th\u00e0nh ph\u1ea7n t\u1eeb n\u01b0\u1edbc l\u00e1 b\u00ecnh b\u00e1t, madecassoside, n\u01b0\u1edbc \u00e9p l\u00f4 h\u1ed9i, b\u1ed9t ch\u1ed1ng m\u1ee5n, v\u00e0 chi\u1ebft xu\u1ea5t hoa g\u1ea1o tr\u1eafng, h\u1ed7 tr\u1ee3 l\u00e0m d\u1ecbu da, ch\u0103m s\u00f3c l\u1ed7 ch\u00e2n l\u00f4ng, d\u01b0\u1ee1ng \u1ea9m v\u00e0 ch\u0103m s\u00f3c da \u0111\u1ea7u d\u1ef1a tr\u00ean \u0111\u1eb7c t\u00ednh nguy\u00ean li\u1ec7u.<\/p>\n","protected":false},"featured_media":739,"comment_status":"open","ping_status":"closed","template":"","meta":{"site-sidebar-layout":"default","site-content-layout":"","ast-site-content-layout":"default","site-content-style":"default","site-sidebar-style":"default","ast-global-header-display":"","ast-banner-title-visibility":"","ast-main-header-display":"","ast-hfb-above-header-display":"","ast-hfb-below-header-display":"","ast-hfb-mobile-header-display":"","site-post-title":"","ast-breadcrumbs-content":"","ast-featured-img":"","footer-sml-layout":"","theme-transparent-header-meta":"","adv-header-id-meta":"","stick-header-meta":"","header-above-stick-meta":"","header-main-stick-meta":"","header-below-stick-meta":"","astra-migrate-meta-layouts":"default","ast-page-background-enabled":"default","ast-page-background-meta":{"desktop":{"background-color":"var(--ast-global-color-5)","background-image":"","background-repeat":"repeat","background-position":"center center","background-size":"auto","background-attachment":"scroll","background-type":"","background-media":"","overlay-type":"","overlay-color":"","overlay-opacity":"","overlay-gradient":""},"tablet":{"background-color":"","background-image":"","background-repeat":"repeat","background-position":"center center","background-size":"auto","background-attachment":"scroll","background-type":"","background-media":"","overlay-type":"","overlay-color":"","overlay-opacity":"","overlay-gradient":""},"mobile":{"background-color":"","background-image":"","background-repeat":"repeat","background-position":"center center","background-size":"auto","background-attachment":"scroll","background-type":"","background-media":"","overlay-type":"","overlay-color":"","overlay-opacity":"","overlay-gradient":""}},"ast-content-background-meta":{"desktop":{"background-color":"var(--ast-global-color-4)","background-image":"","background-repeat":"repeat","background-position":"center center","background-size":"auto","background-attachment":"scroll","background-type":"","background-media":"","overlay-type":"","overlay-color":"","overlay-opacity":"","overlay-gradient":""},"tablet":{"background-color":"var(--ast-global-color-4)","background-image":"","background-repeat":"repeat","background-position":"center center","background-size":"auto","background-attachment":"scroll","background-type":"","background-media":"","overlay-type":"","overlay-color":"","overlay-opacity":"","overlay-gradient":""},"mobile":{"background-color":"var(--ast-global-color-4)","background-image":"","background-repeat":"repeat","background-position":"center center","background-size":"auto","background-attachment":"scroll","background-type":"","background-media":"","overlay-type":"","overlay-color":"","overlay-opacity":"","overlay-gradient":""}}},"product_brand":[],"product_cat":[96,18,17],"product_tag":[],"class_list":{"0":"post-573","1":"product","2":"type-product","3":"status-publish","4":"has-post-thumbnail","6":"product_cat-bloombyyoung","7":"product_cat-cham-soc-da-mat","8":"product_cat-my-pham","9":"desktop-align-left","10":"tablet-align-left","11":"mobile-align-left","13":"first","14":"instock","15":"taxable","16":"shipping-taxable","17":"purchasable","18":"product-type-simple"},"_links":{"self":[{"href":"https:\/\/omewa.online\/index.php\/wp-json\/wp\/v2\/product\/573","targetHints":{"allow":["GET"]}}],"collection":[{"href":"https:\/\/omewa.online\/index.php\/wp-json\/wp\/v2\/product"}],"about":[{"href":"https:\/\/omewa.online\/index.php\/wp-json\/wp\/v2\/types\/product"}],"replies":[{"embeddable":true,"href":"https:\/\/omewa.online\/index.php\/wp-json\/wp\/v2\/comments?post=573"}],"wp:featuredmedia":[{"embeddable":true,"href":"https:\/\/omewa.online\/index.php\/wp-json\/wp\/v2\/media\/739"}],"wp:attachment":[{"href":"https:\/\/omewa.online\/index.php\/wp-json\/wp\/v2\/media?parent=573"}],"wp:term":[{"taxonomy":"product_brand","embeddable":true,"href":"https:\/\/omewa.online\/index.php\/wp-json\/wp\/v2\/product_brand?post=573"},{"taxonomy":"product_cat","embeddable":true,"href":"https:\/\/omewa.online\/index.php\/wp-json\/wp\/v2\/product_cat?post=573"},{"taxonomy":"product_tag","embeddable":true,"href":"https:\/\/omewa.online\/index.php\/wp-json\/wp\/v2\/product_tag?post=573"}],"curies":[{"name":"wp","href":"https:\/\/api.w.org\/{rel}","templated":true}]}}