{"id":570,"date":"2025-11-01T18:11:51","date_gmt":"2025-11-01T18:11:51","guid":{"rendered":"https:\/\/omewa.online\/?post_type=product&#038;p=570"},"modified":"2025-11-01T18:13:00","modified_gmt":"2025-11-01T18:13:00","slug":"kem-duong-tai-tao-ecm-chong-lao-hoa","status":"publish","type":"product","link":"https:\/\/omewa.online\/index.php\/product\/kem-duong-tai-tao-ecm-chong-lao-hoa\/","title":{"rendered":"Kem D\u01b0\u1ee1ng T\u00e1i T\u1ea1o ECM Ch\u1ed1ng L\u00e3o Ho\u00e1"},"content":{"rendered":"<p>Kem d\u01b0\u1ee1ng ch\u1ee9a PEPTAL-V COMPLEX\u2122 ch\u1ed1ng l\u00e3o h\u00f3a gi\u00fap nu\u00f4i d\u01b0\u1ee1ng da s\u00e1ng v\u00e0 m\u1ecbn m\u00e0ng. S\u1ea3n ph\u1ea9m g\u1ed3m 12 peptide, 11 kho\u00e1ng ch\u1ea5t, 10 vitamin v\u00e0 th\u00e0nh ph\u1ea7n \u0111\u1ed9c quy\u1ec1n, t\u1ed1i \u01b0u cho vi\u1ec7c gi\u1ea3m vi\u00eam, qu\u1ea3n l\u00fd axit hyaluronic, collagen v\u00e0 elastin \u1ea3nh h\u01b0\u1edfng \u0111\u1ebfn l\u00e3o h\u00f3a da.<\/p>\n<p>&nbsp;<\/p>\n","protected":false},"excerpt":{"rendered":"<p>Kem d\u01b0\u1ee1ng ch\u1ee9a PEPTAL-V COMPLEX\u2122 ch\u1ed1ng l\u00e3o h\u00f3a gi\u00fap nu\u00f4i d\u01b0\u1ee1ng da s\u00e1ng v\u00e0 m\u1ecbn m\u00e0ng. S\u1ea3n ph\u1ea9m g\u1ed3m 12 peptide, 11 kho\u00e1ng ch\u1ea5t, 10 vitamin v\u00e0 th\u00e0nh ph\u1ea7n \u0111\u1ed9c quy\u1ec1n, t\u1ed1i \u01b0u cho vi\u1ec7c gi\u1ea3m vi\u00eam, qu\u1ea3n l\u00fd axit hyaluronic, collagen v\u00e0 elastin \u1ea3nh h\u01b0\u1edfng \u0111\u1ebfn l\u00e3o h\u00f3a da.<\/p>\n","protected":false},"featured_media":702,"comment_status":"open","ping_status":"closed","template":"","meta":{"site-sidebar-layout":"default","site-content-layout":"","ast-site-content-layout":"default","site-content-style":"default","site-sidebar-style":"default","ast-global-header-display":"","ast-banner-title-visibility":"","ast-main-header-display":"","ast-hfb-above-header-display":"","ast-hfb-below-header-display":"","ast-hfb-mobile-header-display":"","site-post-title":"","ast-breadcrumbs-content":"","ast-featured-img":"","footer-sml-layout":"","theme-transparent-header-meta":"","adv-header-id-meta":"","stick-header-meta":"","header-above-stick-meta":"","header-main-stick-meta":"","header-below-stick-meta":"","astra-migrate-meta-layouts":"default","ast-page-background-enabled":"default","ast-page-background-meta":{"desktop":{"background-color":"var(--ast-global-color-5)","background-image":"","background-repeat":"repeat","background-position":"center center","background-size":"auto","background-attachment":"scroll","background-type":"","background-media":"","overlay-type":"","overlay-color":"","overlay-opacity":"","overlay-gradient":""},"tablet":{"background-color":"","background-image":"","background-repeat":"repeat","background-position":"center center","background-size":"auto","background-attachment":"scroll","background-type":"","background-media":"","overlay-type":"","overlay-color":"","overlay-opacity":"","overlay-gradient":""},"mobile":{"background-color":"","background-image":"","background-repeat":"repeat","background-position":"center center","background-size":"auto","background-attachment":"scroll","background-type":"","background-media":"","overlay-type":"","overlay-color":"","overlay-opacity":"","overlay-gradient":""}},"ast-content-background-meta":{"desktop":{"background-color":"var(--ast-global-color-4)","background-image":"","background-repeat":"repeat","background-position":"center center","background-size":"auto","background-attachment":"scroll","background-type":"","background-media":"","overlay-type":"","overlay-color":"","overlay-opacity":"","overlay-gradient":""},"tablet":{"background-color":"var(--ast-global-color-4)","background-image":"","background-repeat":"repeat","background-position":"center center","background-size":"auto","background-attachment":"scroll","background-type":"","background-media":"","overlay-type":"","overlay-color":"","overlay-opacity":"","overlay-gradient":""},"mobile":{"background-color":"var(--ast-global-color-4)","background-image":"","background-repeat":"repeat","background-position":"center center","background-size":"auto","background-attachment":"scroll","background-type":"","background-media":"","overlay-type":"","overlay-color":"","overlay-opacity":"","overlay-gradient":""}}},"product_brand":[],"product_cat":[96,18,17],"product_tag":[],"class_list":{"0":"post-570","1":"product","2":"type-product","3":"status-publish","4":"has-post-thumbnail","6":"product_cat-bloombyyoung","7":"product_cat-cham-soc-da-mat","8":"product_cat-my-pham","9":"desktop-align-left","10":"tablet-align-left","11":"mobile-align-left","13":"first","14":"instock","15":"taxable","16":"shipping-taxable","17":"purchasable","18":"product-type-simple"},"_links":{"self":[{"href":"https:\/\/omewa.online\/index.php\/wp-json\/wp\/v2\/product\/570","targetHints":{"allow":["GET"]}}],"collection":[{"href":"https:\/\/omewa.online\/index.php\/wp-json\/wp\/v2\/product"}],"about":[{"href":"https:\/\/omewa.online\/index.php\/wp-json\/wp\/v2\/types\/product"}],"replies":[{"embeddable":true,"href":"https:\/\/omewa.online\/index.php\/wp-json\/wp\/v2\/comments?post=570"}],"wp:featuredmedia":[{"embeddable":true,"href":"https:\/\/omewa.online\/index.php\/wp-json\/wp\/v2\/media\/702"}],"wp:attachment":[{"href":"https:\/\/omewa.online\/index.php\/wp-json\/wp\/v2\/media?parent=570"}],"wp:term":[{"taxonomy":"product_brand","embeddable":true,"href":"https:\/\/omewa.online\/index.php\/wp-json\/wp\/v2\/product_brand?post=570"},{"taxonomy":"product_cat","embeddable":true,"href":"https:\/\/omewa.online\/index.php\/wp-json\/wp\/v2\/product_cat?post=570"},{"taxonomy":"product_tag","embeddable":true,"href":"https:\/\/omewa.online\/index.php\/wp-json\/wp\/v2\/product_tag?post=570"}],"curies":[{"name":"wp","href":"https:\/\/api.w.org\/{rel}","templated":true}]}}