{"id":564,"date":"2025-11-01T18:11:50","date_gmt":"2025-11-01T18:11:50","guid":{"rendered":"https:\/\/omewa.online\/?post_type=product&#038;p=564"},"modified":"2025-11-01T18:12:22","modified_gmt":"2025-11-01T18:12:22","slug":"tinh-dau-thao-duoc-thien-vuong-khop-phuong-phap-toi-uu-cho-suc-khoe-xuong-khop","status":"publish","type":"product","link":"https:\/\/omewa.online\/index.php\/product\/tinh-dau-thao-duoc-thien-vuong-khop-phuong-phap-toi-uu-cho-suc-khoe-xuong-khop\/","title":{"rendered":"Tinh D\u1ea7u Th\u1ea3o D\u01b0\u1ee3c Thi\u00ean V\u01b0\u01a1ng Kh\u1edbp Ph\u01b0\u01a1ng Ph\u00e1p T\u1ed1i \u01afu Cho S\u1ee9c Kh\u1ecfe X\u01b0\u01a1ng Kh\u1edbp"},"content":{"rendered":"<p>Tinh D\u1ea7u Th\u1ea3o D\u01b0\u1ee3c Thi\u00ean V\u01b0\u01a1ng Kh\u1edbp Ph\u01b0\u01a1ng Ph\u00e1p T\u1ed1i \u01afu Cho S\u1ee9c Kh\u1ecfe X\u01b0\u01a1ng Kh\u1edbp v\u1edbi<strong><br \/>\nC\u00f4ng d\u1ee5ng \u01b0u vi\u1ec7t<\/strong><\/p>\n<figure id=\"attachment_20386\" aria-describedby=\"caption-attachment-20386\" style=\"width: 300px\" class=\"wp-caption aligncenter\"><img fetchpriority=\"high\" decoding=\"async\" class=\"wp-image-20386 size-medium\" src=\"https:\/\/omewa.vn\/uploads\/2024\/02\/omewa-Thien-vuong-khop-1-300x300.jpg\" alt=\"tinh d\u1ea7u th\u1ea3o d\u01b0\u1ee3c thi\u00ean v\u01b0\u01a1ng kh\u1edbp\" width=\"300\" height=\"300\" \/><figcaption id=\"caption-attachment-20386\" class=\"wp-caption-text\">Tinh d\u1ea7u th\u1ea3o d\u01b0\u1ee3c thi\u00ean v\u01b0\u01a1ng kh\u1edbp<\/figcaption><\/figure>\n<p>Thi\u00ean V\u01b0\u01a1ng Kh\u1edbp l\u00e0 gi\u1ea3i ph\u00e1p ho\u00e0n h\u1ea3o gi\u00fap l\u00e0m gi\u1ea3m ngay l\u1eadp t\u1ee9c c\u00e1c c\u01a1n \u0111au nhanh ch\u00f3ng v\u00e0 hi\u1ec7u qu\u1ea3, bao g\u1ed3m \u0111au nh\u1ee9c x\u01b0\u01a1ng, c\u01a1 do vi\u00eam kh\u1edbp, tho\u00e1i h\u00f3a kh\u1edbp. S\u1ea3n ph\u1ea9m n\u00e0y c\u0169ng r\u1ea5t h\u1eefu \u00edch trong vi\u1ec7c h\u1ed7 tr\u1ee3 \u0111i\u1ec1u tr\u1ecb c\u00e1c t\u00ecnh tr\u1ea1ng nh\u01b0 bong g\u00e2n, tr\u1eadt kh\u1edbp, t\u1ed5n th\u01b0\u01a1ng do tai n\u1ea1n nh\u01b0 b\u1ea7m t\u00edm, t\u1ee5 m\u00e1u, c\u0169ng nh\u01b0 gi\u1ea3m \u0111au l\u01b0ng, \u0111au vai g\u00e1y \u1edf nh\u1eefng ng\u01b0\u1eddi \u00edt v\u1eadn \u0111\u1ed9ng nh\u01b0 ng\u01b0\u1eddi cao tu\u1ed5i, d\u00e2n v\u0103n ph\u00f2ng.<\/p>\n<p><strong>\u0110\u1ed1i T\u01b0\u1ee3ng S\u1eed D\u1ee5ng<\/strong><\/p>\n<ul>\n<li>Nh\u1eefng ng\u01b0\u1eddi m\u1eafc c\u00e1c v\u1ea5n \u0111\u1ec1 v\u1ec1 x\u01b0\u01a1ng kh\u1edbp nh\u01b0 tho\u00e1i h\u00f3a, \u0111au m\u1ecfi, kh\u00f4 c\u1ee9ng, s\u01b0ng \u0111\u1ecf, kh\u00f3 kh\u0103n trong vi\u1ec7c di chuy\u1ec3n.<\/li>\n<li>C\u00e1 nh\u00e2n l\u1edbn tu\u1ed5i g\u1eb7p v\u1ea5n \u0111\u1ec1 lo\u00e3ng x\u01b0\u01a1ng, \u1ea3nh h\u01b0\u1edfng \u0111\u1ebfn kh\u1edbp.<\/li>\n<li>Nh\u1eefng ng\u01b0\u1eddi th\u01b0\u1eddng xuy\u00ean t\u1eadp luy\u1ec7n th\u1ec3 thao, v\u1eadn \u0111\u1ed9ng m\u1ea1nh.<\/li>\n<li>Nh\u1eefng ng\u01b0\u1eddi g\u1eb7p ph\u1ea3i t\u00ecnh tr\u1ea1ng \u0111au l\u01b0ng, \u0111au d\u00e2y ch\u1eb1ng do mang v\u00e1c n\u1eb7ng.<\/li>\n<li>D\u00e2n v\u0103n ph\u00f2ng th\u01b0\u1eddng xuy\u00ean \u0111au m\u1ecfi x\u01b0\u01a1ng kh\u1edbp.<\/li>\n<li>Ph\u1ee5 n\u1eef trong giai \u0111o\u1ea1n mang thai \u0111au l\u01b0ng, nh\u1ee9c m\u1ecfi x\u01b0\u01a1ng kh\u1edbp.<\/li>\n<li>Tr\u1ebb em n\u0103ng \u0111\u1ed9ng g\u1eb7p ph\u1ea3i t\u00ecnh tr\u1ea1ng th\u00e2m t\u00edm do ng\u00e3.<\/li>\n<li>Nh\u1eefng tr\u01b0\u1eddng h\u1ee3p c\u1ea3m th\u1ea5y kh\u00f4ng tho\u1ea3i m\u00e1i do th\u1eddi ti\u1ebft thay \u0111\u1ed5i, ngh\u1eb9t m\u0169i, ho, say t\u00e0u xe, \u0111au \u0111\u1ea7u ho\u1eb7c b\u1ecb c\u00f4n tr\u00f9ng c\u1eafn.<\/li>\n<\/ul>\n<p><strong>H\u01b0\u1edbng D\u1eabn S\u1eed D\u1ee5ng<\/strong><\/p>\n<p>\u00c1p d\u1ee5ng s\u1ea3n ph\u1ea9m 3-6 l\u1ea7n m\u1ed7i ng\u00e0y t\u1ea1i v\u00f9ng c\u1ea7n \u0111i\u1ec1u tr\u1ecb, massage nh\u1eb9 nh\u00e0ng \u0111\u1ec3 essence th\u1ea9m th\u1ea5u s\u00e2u v\u00e0o da, t\u1ea1o c\u1ea3m gi\u00e1c m\u00e1t l\u1ea1nh, sau \u0111\u00f3 d\u1ea7n n\u00f3ng l\u00ean gi\u00fap gi\u1ea3m \u0111au m\u1ed9t c\u00e1ch nhanh ch\u00f3ng. \u0110\u1ea3m b\u1ea3o v\u00f9ng da c\u1ea7n \u0111i\u1ec1u tr\u1ecb s\u1ea1ch s\u1ebd v\u00e0 kh\u00f4 r\u00e1o tr\u01b0\u1edbc khi s\u1eed d\u1ee5ng. N\u00ean \u00e1p d\u1ee5ng s\u1ea3n ph\u1ea9m n\u00e0y 3-6 l\u1ea7n h\u00e0ng ng\u00e0y \u0111\u1ec3 \u0111\u1ea1t hi\u1ec7u qu\u1ea3 t\u1ed1t nh\u1ea5t, x\u1ecbt tr\u1ef1c ti\u1ebfp l\u00ean v\u00f9ng \u0111au ho\u1eb7c c\u00e1c huy\u1ec7t \u0111\u1ea1o c\u1ea7n thi\u1ebft r\u1ed3i nh\u1eb9 nh\u00e0ng massage.<\/p>\n<p><strong>L\u01b0u \u00dd Quan Tr\u1ecdng<\/strong><\/p>\n<p>Tr\u00e1nh xa v\u00f9ng da c\u00f3 v\u1ebft th\u01b0\u01a1ng h\u1edf, b\u1ecb nhi\u1ec5m tr\u00f9ng, tr\u1ea7y x\u01b0\u1edbc ho\u1eb7c ch\u1ea3y m\u00e1u. Kh\u00f4ng s\u1eed d\u1ee5ng s\u1ea3n ph\u1ea9m n\u00e0y tr\u00ean v\u00f9ng da quanh mi\u1ec7ng, m\u0169i, ho\u1eb7c m\u1eaft.<\/p>\n","protected":false},"excerpt":{"rendered":"<p>Tinh D\u1ea7u Th\u1ea3o D\u01b0\u1ee3c Thi\u00ean V\u01b0\u01a1ng Kh\u1edbp l\u00e0 gi\u1ea3i ph\u00e1p ho\u00e0n h\u1ea3o gi\u00fap l\u00e0m gi\u1ea3m ngay l\u1eadp t\u1ee9c c\u00e1c c\u01a1n \u0111au nhanh ch\u00f3ng v\u00e0 hi\u1ec7u qu\u1ea3, bao g\u1ed3m \u0111au nh\u1ee9c x\u01b0\u01a1ng, c\u01a1 do vi\u00eam kh\u1edbp, tho\u00e1i h\u00f3a kh\u1edbp. S\u1ea3n ph\u1ea9m n\u00e0y c\u0169ng r\u1ea5t h\u1eefu \u00edch trong vi\u1ec7c h\u1ed7 tr\u1ee3 \u0111i\u1ec1u tr\u1ecb c\u00e1c t\u00ecnh tr\u1ea1ng nh\u01b0 bong g\u00e2n, tr\u1eadt kh\u1edbp, t\u1ed5n th\u01b0\u01a1ng do tai n\u1ea1n nh\u01b0 b\u1ea7m t\u00edm, t\u1ee5 m\u00e1u, c\u0169ng nh\u01b0 gi\u1ea3m \u0111au l\u01b0ng, \u0111au vai g\u00e1y \u1edf nh\u1eefng ng\u01b0\u1eddi \u00edt v\u1eadn \u0111\u1ed9ng nh\u01b0 ng\u01b0\u1eddi cao tu\u1ed5i, d\u00e2n v\u0103n ph\u00f2ng.<\/p>\n","protected":false},"featured_media":662,"comment_status":"open","ping_status":"closed","template":"","meta":{"site-sidebar-layout":"default","site-content-layout":"","ast-site-content-layout":"default","site-content-style":"default","site-sidebar-style":"default","ast-global-header-display":"","ast-banner-title-visibility":"","ast-main-header-display":"","ast-hfb-above-header-display":"","ast-hfb-below-header-display":"","ast-hfb-mobile-header-display":"","site-post-title":"","ast-breadcrumbs-content":"","ast-featured-img":"","footer-sml-layout":"","theme-transparent-header-meta":"","adv-header-id-meta":"","stick-header-meta":"","header-above-stick-meta":"","header-main-stick-meta":"","header-below-stick-meta":"","astra-migrate-meta-layouts":"default","ast-page-background-enabled":"default","ast-page-background-meta":{"desktop":{"background-color":"var(--ast-global-color-5)","background-image":"","background-repeat":"repeat","background-position":"center center","background-size":"auto","background-attachment":"scroll","background-type":"","background-media":"","overlay-type":"","overlay-color":"","overlay-opacity":"","overlay-gradient":""},"tablet":{"background-color":"","background-image":"","background-repeat":"repeat","background-position":"center center","background-size":"auto","background-attachment":"scroll","background-type":"","background-media":"","overlay-type":"","overlay-color":"","overlay-opacity":"","overlay-gradient":""},"mobile":{"background-color":"","background-image":"","background-repeat":"repeat","background-position":"center center","background-size":"auto","background-attachment":"scroll","background-type":"","background-media":"","overlay-type":"","overlay-color":"","overlay-opacity":"","overlay-gradient":""}},"ast-content-background-meta":{"desktop":{"background-color":"var(--ast-global-color-4)","background-image":"","background-repeat":"repeat","background-position":"center center","background-size":"auto","background-attachment":"scroll","background-type":"","background-media":"","overlay-type":"","overlay-color":"","overlay-opacity":"","overlay-gradient":""},"tablet":{"background-color":"var(--ast-global-color-4)","background-image":"","background-repeat":"repeat","background-position":"center center","background-size":"auto","background-attachment":"scroll","background-type":"","background-media":"","overlay-type":"","overlay-color":"","overlay-opacity":"","overlay-gradient":""},"mobile":{"background-color":"var(--ast-global-color-4)","background-image":"","background-repeat":"repeat","background-position":"center center","background-size":"auto","background-attachment":"scroll","background-type":"","background-media":"","overlay-type":"","overlay-color":"","overlay-opacity":"","overlay-gradient":""}}},"product_brand":[],"product_cat":[149],"product_tag":[90,91,92,93,94,95],"class_list":{"0":"post-564","1":"product","2":"type-product","3":"status-publish","4":"has-post-thumbnail","6":"product_cat-voucher","7":"product_tag-thao-duoc","8":"product_tag-thien-vuong-khop","9":"product_tag-tinh-dau","10":"product_tag-tinh-dau-thao-duoc","11":"product_tag-tinh-dau-thao-duoc-thien-vuong-khop","12":"product_tag-xuong-khop","13":"desktop-align-left","14":"tablet-align-left","15":"mobile-align-left","17":"first","18":"instock","19":"taxable","20":"shipping-taxable","21":"purchasable","22":"product-type-simple"},"_links":{"self":[{"href":"https:\/\/omewa.online\/index.php\/wp-json\/wp\/v2\/product\/564","targetHints":{"allow":["GET"]}}],"collection":[{"href":"https:\/\/omewa.online\/index.php\/wp-json\/wp\/v2\/product"}],"about":[{"href":"https:\/\/omewa.online\/index.php\/wp-json\/wp\/v2\/types\/product"}],"replies":[{"embeddable":true,"href":"https:\/\/omewa.online\/index.php\/wp-json\/wp\/v2\/comments?post=564"}],"wp:featuredmedia":[{"embeddable":true,"href":"https:\/\/omewa.online\/index.php\/wp-json\/wp\/v2\/media\/662"}],"wp:attachment":[{"href":"https:\/\/omewa.online\/index.php\/wp-json\/wp\/v2\/media?parent=564"}],"wp:term":[{"taxonomy":"product_brand","embeddable":true,"href":"https:\/\/omewa.online\/index.php\/wp-json\/wp\/v2\/product_brand?post=564"},{"taxonomy":"product_cat","embeddable":true,"href":"https:\/\/omewa.online\/index.php\/wp-json\/wp\/v2\/product_cat?post=564"},{"taxonomy":"product_tag","embeddable":true,"href":"https:\/\/omewa.online\/index.php\/wp-json\/wp\/v2\/product_tag?post=564"}],"curies":[{"name":"wp","href":"https:\/\/api.w.org\/{rel}","templated":true}]}}