{"id":562,"date":"2025-11-01T18:11:50","date_gmt":"2025-11-01T18:11:50","guid":{"rendered":"https:\/\/omewa.online\/?post_type=product&#038;p=562"},"modified":"2025-11-01T18:12:21","modified_gmt":"2025-11-01T18:12:21","slug":"nuoc-ep-tinh-chat-can-tay-green-beauty-quoc-te-vi-la-nep","status":"publish","type":"product","link":"https:\/\/omewa.online\/index.php\/product\/nuoc-ep-tinh-chat-can-tay-green-beauty-quoc-te-vi-la-nep\/","title":{"rendered":"N\u01b0\u1edbc \u00c9p Tinh Ch\u1ea5t C\u1ea7n T\u00e2y Green Beauty Qu\u1ed1c t\u1ebf &#8211; V\u1ecb L\u00e1 N\u1ebfp"},"content":{"rendered":"<p>N\u01af\u1edaC \u00c9P TINH CH\u1ea4T C\u1ea6N T\u00c2Y GREEN BEAUTY \u2013 N\u01af\u1edaC \u00c9P TINH CH\u1ea4T C\u1ea6N T\u00c2Y<\/p>\n<ol>\n<li>N\u00caN D\u00d9NG C\u1ea6N T\u00c2Y GREEN BEAUTY TRONG NH\u1eeeNG TR\u01af\u1edcNG H\u1ee2P N\u00c0O?<\/li>\n<li>H\u1ed7 tr\u1ee3 gi\u1ea3m c\u00e2n, \u0111\u00e0o th\u1ea3i m\u1ee1 n\u1ed9i t\u1ea1ng<\/li>\n<li>Thanh l\u1ecdc c\u01a1 th\u1ec3 \u0111\u00e0o th\u1ea3i \u0111\u1ed9c t\u1ed1<\/li>\n<li>H\u1ed7 tr\u1ee3 ti\u00eau h\u00f3a t\u1ed1t, t\u00e1o b\u00f3n, b\u1ec7nh d\u1ea1 d\u00e0y \u0111\u1ea1i tr\u00e0ng<\/li>\n<li>H\u1ed7 tr\u1ee3 b\u00ecnh \u1ed5n huy\u1ebft \u00e1p<\/li>\n<li>L\u00e0m tr\u1eafng, s\u00e1ng da, \u0111i\u1ec1u tr\u1ecb m\u1ee5n n\u1ed9i ti\u1ebft, ch\u1ed1ng l\u00e3o h\u00f3a<\/li>\n<li>Gi\u1ea3m kh\u00f4 h\u1ea1n c\u00e2n b\u1eb1ng n\u1ed9i ti\u1ebft t\u1ed1<\/li>\n<li>Ch\u1ed1ng vi\u00eam, l\u00e0m nhanh l\u00e0nh v\u1ebft th\u01b0\u01a1ng, t\u0103ng c\u01b0\u1eddng s\u1ee9c mi\u1ec5n d\u1ecbch.<\/li>\n<li>Ng\u0103n ng\u1eeba ung th\u01b0.<\/li>\n<\/ol>\n<figure style=\"width: 300px\" class=\"wp-caption alignnone\"><img fetchpriority=\"high\" decoding=\"async\" src=\"http:\/\/vinapharma-group.vn\/wp-content\/uploads\/2022\/12\/z3959085501895_227484e478e3c0fe28019d364564b88c-300x210.jpg\" alt=\"n\u01b0\u1edbc \u00e9p tinh ch\u1ea5t c\u1ea7n t\u00e2y green beauty\" width=\"300\" height=\"618\" \/><figcaption class=\"wp-caption-text\">n\u01b0\u1edbc \u00e9p tinh ch\u1ea5t c\u1ea7n t\u00e2y green beauty<\/figcaption><\/figure>\n<p><strong>N\u01af\u1edaC \u00c9P C\u1ea6N T\u00c2Y GREEN BEAUTY &#8211; B\u00cd QUY\u1ebeT S\u1ee8C KH\u1eceE V\u00c0 S\u1eaeC \u0110\u1eb8P<\/strong><\/p>\n<p><strong>L\u1ef0A CH\u1eccN GREEN BEAUTY C\u1ea6N T\u00c2Y CHO NH\u1eeeNG AI?<\/strong><\/p>\n<ul>\n<li>H\u1ed7 tr\u1ee3 hi\u1ec7u qu\u1ea3 trong vi\u1ec7c gi\u1ea3m c\u00e2n, ti\u00eau hao m\u1ee1 th\u1eeba n\u1ed9i t\u1ea1ng<\/li>\n<li>L\u1ecdc s\u1ea1ch c\u01a1 th\u1ec3, lo\u1ea1i b\u1ecf \u0111\u1ed9c t\u1ed1<\/li>\n<li>C\u1ea3i thi\u1ec7n h\u1ec7 ti\u00eau h\u00f3a, gi\u1ea3m t\u00ecnh tr\u1ea1ng t\u00e1o b\u00f3n v\u00e0 c\u00e1c v\u1ea5n \u0111\u1ec1 v\u1ec1 d\u1ea1 d\u00e0y, \u0111\u1ea1i tr\u00e0ng<\/li>\n<li>\u0110i\u1ec1u h\u00f2a huy\u1ebft \u00e1p, \u1ed5n \u0111\u1ecbnh s\u1ee9c kh\u1ecfe tim m\u1ea1ch<\/li>\n<li>D\u01b0\u1ee1ng tr\u1eafng da, gi\u1ea3m m\u1ee5n do r\u1ed1i lo\u1ea1n n\u1ed9i ti\u1ebft v\u00e0 ng\u0103n ch\u1eb7n qu\u00e1 tr\u00ecnh l\u00e3o h\u00f3a<\/li>\n<li>C\u00e2n b\u1eb1ng \u0111\u1ed9 \u1ea9m v\u00e0 n\u1ed9i ti\u1ebft t\u1ed1, gi\u1ea3m kh\u00f4 da<\/li>\n<li>Ch\u1ed1ng vi\u00eam, th\u00fac \u0111\u1ea9y qu\u00e1 tr\u00ecnh l\u00e0nh th\u01b0\u01a1ng, t\u0103ng c\u01b0\u1eddng h\u1ec7 mi\u1ec5n d\u1ecbch<\/li>\n<li>Ph\u00f2ng ng\u1eeba nguy c\u01a1 ung th\u01b0.<\/li>\n<\/ul>\n<p><strong>C\u00c1C TH\u00c0NH PH\u1ea6N N\u1ed4I B\u1eacT V\u00c0 L\u1ee2I \u00cdCH C\u1ee6A GREEN BEAUTY<\/strong><\/p>\n<p>Ch\u1ee9a 5 th\u00e0nh ph\u1ea7n ch\u00ednh: C\u1ea6N T\u00c2Y, T\u1ea2O XO\u1eaeN, DI\u1ec6P L\u1ee4C, COLLAGEN, GLUTATHIONE<\/p>\n<p><strong>TINH CH\u1ea4T C\u1ea6N T\u00c2Y:<\/strong><\/p>\n<ul>\n<li>L\u00e0m s\u1ea1ch v\u00e0 detox c\u01a1 th\u1ec3, gi\u00fap gi\u1ea3m c\u00e2n m\u1ed9t c\u00e1ch an to\u00e0n nh\u1edd ch\u1ea5t x\u01a1 v\u00e0 n\u01b0\u1edbc cao, gi\u1ea3m c\u1ea3m gi\u00e1c \u0111\u00f3i.<\/li>\n<li>Lo\u1ea1i b\u1ecf m\u1ee1 n\u1ed9i t\u1ea1ng hi\u1ec7u qu\u1ea3, v\u1edbi kh\u1ea3 n\u0103ng g\u1ea5p 20 l\u1ea7n so v\u1edbi c\u00e1c s\u1ea3n ph\u1ea9m gi\u1ea3m c\u00e2n th\u00f4ng th\u01b0\u1eddng, nh\u1edd v\u00e0o l\u01b0\u1ee3ng vitamin v\u00e0 kho\u00e1ng ch\u1ea5t d\u1ed3i d\u00e0o th\u00fac \u0111\u1ea9y qu\u00e1 tr\u00ecnh chuy\u1ec3n h\u00f3a v\u00e0 gi\u1ea3m h\u1ea5p th\u1ee5 ch\u1ea5t b\u00e9o.<\/li>\n<li>H\u1ed7 tr\u1ee3 ki\u1ec3m so\u00e1t huy\u1ebft \u00e1p cao, nh\u1edd v\u00e0o ch\u1ea5t Phthalide gi\u00fap gi\u1ea3m c\u0103ng th\u1eb3ng trong m\u1ea1ch m\u00e1u, l\u00e0m m\u1edf r\u1ed9ng m\u1ea1ch v\u00e0 \u1ed5n \u0111\u1ecbnh huy\u1ebft \u00e1p.<\/li>\n<li>D\u01b0\u1ee1ng da, tr\u1ecb m\u1ee5n hi\u1ec7u qu\u1ea3 v\u1edbi c\u00e1c kho\u00e1ng ch\u1ea5t thi\u1ebft y\u1ebfu nh\u01b0 canxi, kali, k\u1ebdm, selen, gi\u00fap l\u00e0n da s\u00e1ng v\u00e0 kh\u1ecfe m\u1ea1nh.<\/li>\n<li>Ph\u00f2ng ch\u1ed1ng ung th\u01b0, v\u1edbi h\u00e0m l\u01b0\u1ee3ng ch\u1ea5t ch\u1ed1ng oxy h\u00f3a v\u00e0 c\u00e1c h\u1ee3p ch\u1ea5t ph\u00f2ng ch\u1ed1ng t\u1ebf b\u00e0o ung th\u01b0.<\/li>\n<li>C\u1ea3i thi\u1ec7n ti\u00eau h\u00f3a v\u00e0 gi\u1ea3m t\u00e1o b\u00f3n, nh\u1edd c\u00e1c enzym t\u0103ng c\u01b0\u1eddng axit clohydric v\u00e0 ch\u1ea5t x\u01a1 gi\u00fap nhu\u1eadn tr\u00e0ng t\u1ef1 nhi\u00ean.<\/li>\n<\/ul>\n<p><strong>CH\u1ea4T DI\u1ec6P L\u1ee4C:<\/strong><\/p>\n<ul>\n<li>T\u0103ng c\u01b0\u1eddng mi\u1ec5n d\u1ecbch v\u00e0 h\u1ed7 tr\u1ee3 l\u00e0nh th\u01b0\u01a1ng nh\u1edd kh\u1ea3 n\u0103ng v\u1eadn chuy\u1ec3n oxy t\u1edbi c\u00e1c t\u1ebf b\u00e0o, t\u0103ng c\u01b0\u1eddng s\u1ee9c kh\u1ecfe t\u1ee7y x\u01b0\u01a1ng.<\/li>\n<li>Detox c\u01a1 th\u1ec3, lo\u1ea1i b\u1ecf \u0111\u1ed9c t\u1ed1, c\u00e2n b\u1eb1ng n\u1ed9i ti\u1ebft v\u00e0 gi\u1ea3m thi\u1ec3u t\u00e1c h\u1ea1i c\u1ee7a kim lo\u1ea1i n\u1eb7ng nh\u01b0 ch\u00ec, th\u1ee7y ng\u00e2n.<\/li>\n<li>Ch\u1ed1ng l\u00e3o h\u00f3a, c\u1ea3i thi\u1ec7n s\u1eafc t\u1ed1 da v\u1edbi kh\u1ea3 n\u0103ng ch\u1ed1ng oxy h\u00f3a m\u1ea1nh m\u1ebd.<\/li>\n<\/ul>\n<p><strong>T\u1ea2O XO\u1eaeN:<\/strong><\/p>\n<ul>\n<li>D\u01b0\u1ee1ng da, ch\u1ed1ng l\u00e3o h\u00f3a nh\u1edd cung c\u1ea5p \u0111\u1ea7y \u0111\u1ee7 d\u01b0\u1ee1ng ch\u1ea5t t\u1eeb vitamin A, B, C v\u00e0 ch\u1ea5t x\u01a1.<\/li>\n<li>Ph\u00f2ng ng\u1eeba ung th\u01b0 v\u00e0 b\u1ec7nh tim m\u1ea1ch, nh\u1edd gi\u1ea3m l\u01b0\u1ee3ng estrogen.<\/li>\n<li>Thanh l\u1ecdc c\u01a1 th\u1ec3 v\u00e0 t\u0103ng c\u01b0\u1eddng mi\u1ec5n d\u1ecbch v\u1edbi 75% ch\u1ea5t h\u1eefu c\u01a1 v\u00e0 kho\u00e1ng ch\u1ea5t, c\u00f9ng kh\u1ea3 n\u0103ng ch\u1ed1ng l\u1ea1i vi khu\u1ea9n v\u00e0 virus.<\/li>\n<\/ul>\n<p><strong>COLLAGEN:<\/strong><\/p>\n<ul>\n<li>K\u1ebft n\u1ed1i t\u1ebf b\u00e0o, k\u00edch th\u00edch t\u00e1i t\u1ea1o da m\u1edbi, gi\u1ea3m v\u1ebft th\u00e2m, n\u1ebfp nh\u0103n, l\u00e0m \u0111\u1eb9p da v\u00e0 t\u00f3c.<\/li>\n<li>B\u1ea3o v\u1ec7 v\u00e0 c\u1ee7ng c\u1ed1 x\u01b0\u01a1ng kh\u1edbp, gi\u00fap ch\u1ed1ng l\u1ea1i c\u00e1c b\u1ec7nh l\u00e3o h\u00f3a x\u01b0\u01a1ng.<\/li>\n<\/ul>\n<p><strong>GLUTATHIONE:<\/strong><\/p>\n<ul>\n<li>L\u00e0m tr\u1eafng da, ch\u1ed1ng l\u00e3o h\u00f3a v\u1edbi kh\u1ea3 n\u0103ng trung h\u00f2a g\u1ed1c t\u1ef1 do, b\u1ea3o v\u1ec7 t\u1ebf b\u00e0o kh\u1ecfi thi\u1ec7t h\u1ea1i t\u1eeb b\u1ee9c x\u1ea1.<\/li>\n<li>\u0110\u00e0o th\u1ea3i \u0111\u1ed9c t\u1ed1, gi\u1ea3m stress v\u00e0 t\u0103ng c\u01b0\u1eddng mi\u1ec5n d\u1ecbch, gi\u00fap c\u01a1 th\u1ec3 kh\u1ecfe m\u1ea1nh t\u1eeb b\u00ean trong.<\/li>\n<\/ul>\n<p>S\u1ea3n ph\u1ea9m Green Beauty v\u1edbi c\u00f4ng th\u1ee9c \u0111\u1eb7c bi\u1ec7t t\u1eeb c\u1ea7n t\u00e2y v\u00e0 c\u00e1c th\u00e0nh ph\u1ea7n t\u1ef1 nhi\u00ean kh\u00e1c s\u1ebd l\u00e0 l\u1ef1a ch\u1ecdn ho\u00e0n h\u1ea3o cho b\u1ea1n trong h\u00e0nh tr\u00ecnh ch\u0103m s\u00f3c s\u1ee9c kh\u1ecfe v\u00e0 s\u1eafc \u0111\u1eb9p. H\u00e3y \u0111\u1ec3 Green Beauty \u0111\u1ed3ng h\u00e0nh c\u00f9ng b\u1ea1n m\u1ed7i ng\u00e0y \u0111\u1ec3 c\u1ea3m nh\u1eadn s\u1ef1 kh\u00e1c bi\u1ec7t.<\/p>\n","protected":false},"excerpt":{"rendered":"<p>N\u01b0\u1edbc \u00e9p tinh ch\u1ea5t c\u1ea7n t\u00e2y Green beauty C\u00f4ng d\u1ee5ng H\u1ed7 tr\u1ee3 gi\u1ea3m c\u00e2n, \u0111\u00e0o th\u1ea3i m\u1ee1 n\u1ed9i t\u1ea1ng Thanh l\u1ecdc c\u01a1 th\u1ec3 \u0111\u00e0o th\u1ea3i \u0111\u1ed9c t\u1ed1 H\u1ed7 tr\u1ee3 ti\u00eau h\u00f3a t\u1ed1t, t\u00e1o b\u00f3n, b\u1ec7nh d\u1ea1 d\u00e0y \u0111\u1ea1i tr\u00e0ng H\u1ed7 tr\u1ee3 b\u00ecnh \u1ed5n huy\u1ebft \u00e1p L\u00e0m tr\u1eafng, s\u00e1ng da, h\u1ed7 tr\u1ee3 gi\u1ea3m m\u1ee5n n\u1ed9i ti\u1ebft, ch\u1ed1ng l\u00e3o h\u00f3a Gi\u1ea3m kh\u00f4 h\u1ea1n c\u00e2n b\u1eb1ng n\u1ed9i ti\u1ebft t\u1ed1 Ch\u1ed1ng vi\u00eam, l\u00e0m nhanh l\u00e0nh v\u1ebft th\u01b0\u01a1ng, t\u0103ng c\u01b0\u1eddng s\u1ee9c mi\u1ec5n d\u1ecbch Ng\u0103n ng\u1eeba ung th\u01b0.<\/p>\n<ul>\n<li><b>Nh\u00f3m s\u1ea3n ph\u1ea9m<\/b>\u00a0\u0110\u1ed3 u\u1ed1ng l\u00e0m \u0111\u1eb9p<\/li>\n<li><b>Ph\u00e2n lo\u1ea1i s\u1ea3n ph\u1ea9m<\/b>\u00a0S\u1ea3n ph\u1ea9m d\u1ea1ng b\u1ed9t<\/li>\n<li><b>Lo\u1ea1i s\u1ea3n ph\u1ea9m<\/b>\u00a0H\u1ed9p<\/li>\n<li><b>Kh\u1ed1i l\u01b0\u1ee3ng<\/b>\u00a020 pack<\/li>\n<li><b>Xu\u1ea5t x\u1ee9<\/b>\u00a0Vi\u1ec7t Nam<\/li>\n<li><b>Th\u01b0\u01a1ng hi\u1ec7u<\/b>\u00a0VinaPharma<\/li>\n<li><b>Social Media<\/b><\/li>\n<\/ul>\n","protected":false},"featured_media":660,"comment_status":"open","ping_status":"closed","template":"","meta":{"site-sidebar-layout":"default","site-content-layout":"","ast-site-content-layout":"default","site-content-style":"default","site-sidebar-style":"default","ast-global-header-display":"","ast-banner-title-visibility":"","ast-main-header-display":"","ast-hfb-above-header-display":"","ast-hfb-below-header-display":"","ast-hfb-mobile-header-display":"","site-post-title":"","ast-breadcrumbs-content":"","ast-featured-img":"","footer-sml-layout":"","theme-transparent-header-meta":"","adv-header-id-meta":"","stick-header-meta":"","header-above-stick-meta":"","header-main-stick-meta":"","header-below-stick-meta":"","astra-migrate-meta-layouts":"default","ast-page-background-enabled":"default","ast-page-background-meta":{"desktop":{"background-color":"var(--ast-global-color-5)","background-image":"","background-repeat":"repeat","background-position":"center center","background-size":"auto","background-attachment":"scroll","background-type":"","background-media":"","overlay-type":"","overlay-color":"","overlay-opacity":"","overlay-gradient":""},"tablet":{"background-color":"","background-image":"","background-repeat":"repeat","background-position":"center center","background-size":"auto","background-attachment":"scroll","background-type":"","background-media":"","overlay-type":"","overlay-color":"","overlay-opacity":"","overlay-gradient":""},"mobile":{"background-color":"","background-image":"","background-repeat":"repeat","background-position":"center center","background-size":"auto","background-attachment":"scroll","background-type":"","background-media":"","overlay-type":"","overlay-color":"","overlay-opacity":"","overlay-gradient":""}},"ast-content-background-meta":{"desktop":{"background-color":"var(--ast-global-color-4)","background-image":"","background-repeat":"repeat","background-position":"center center","background-size":"auto","background-attachment":"scroll","background-type":"","background-media":"","overlay-type":"","overlay-color":"","overlay-opacity":"","overlay-gradient":""},"tablet":{"background-color":"var(--ast-global-color-4)","background-image":"","background-repeat":"repeat","background-position":"center center","background-size":"auto","background-attachment":"scroll","background-type":"","background-media":"","overlay-type":"","overlay-color":"","overlay-opacity":"","overlay-gradient":""},"mobile":{"background-color":"var(--ast-global-color-4)","background-image":"","background-repeat":"repeat","background-position":"center center","background-size":"auto","background-attachment":"scroll","background-type":"","background-media":"","overlay-type":"","overlay-color":"","overlay-opacity":"","overlay-gradient":""}}},"product_brand":[],"product_cat":[149],"product_tag":[80,81,82,83,84],"class_list":{"0":"post-562","1":"product","2":"type-product","3":"status-publish","4":"has-post-thumbnail","6":"product_cat-voucher","7":"product_tag-can-tay","8":"product_tag-green-beauty","9":"product_tag-green-beauty-quoc-te-vi-la-nep","10":"product_tag-tinh-chat-can-tay","11":"product_tag-vi-la-nep","12":"desktop-align-left","13":"tablet-align-left","14":"mobile-align-left","16":"first","17":"instock","18":"taxable","19":"shipping-taxable","20":"purchasable","21":"product-type-simple"},"_links":{"self":[{"href":"https:\/\/omewa.online\/index.php\/wp-json\/wp\/v2\/product\/562","targetHints":{"allow":["GET"]}}],"collection":[{"href":"https:\/\/omewa.online\/index.php\/wp-json\/wp\/v2\/product"}],"about":[{"href":"https:\/\/omewa.online\/index.php\/wp-json\/wp\/v2\/types\/product"}],"replies":[{"embeddable":true,"href":"https:\/\/omewa.online\/index.php\/wp-json\/wp\/v2\/comments?post=562"}],"wp:featuredmedia":[{"embeddable":true,"href":"https:\/\/omewa.online\/index.php\/wp-json\/wp\/v2\/media\/660"}],"wp:attachment":[{"href":"https:\/\/omewa.online\/index.php\/wp-json\/wp\/v2\/media?parent=562"}],"wp:term":[{"taxonomy":"product_brand","embeddable":true,"href":"https:\/\/omewa.online\/index.php\/wp-json\/wp\/v2\/product_brand?post=562"},{"taxonomy":"product_cat","embeddable":true,"href":"https:\/\/omewa.online\/index.php\/wp-json\/wp\/v2\/product_cat?post=562"},{"taxonomy":"product_tag","embeddable":true,"href":"https:\/\/omewa.online\/index.php\/wp-json\/wp\/v2\/product_tag?post=562"}],"curies":[{"name":"wp","href":"https:\/\/api.w.org\/{rel}","templated":true}]}}