{"id":443,"date":"2025-11-01T18:10:59","date_gmt":"2025-11-01T18:10:59","guid":{"rendered":"https:\/\/omewa.online\/?post_type=product&#038;p=443"},"modified":"2025-11-01T18:12:09","modified_gmt":"2025-11-01T18:12:09","slug":"tra-duoc-lieu-tui-loc-day-thia-canh-giup-on-dinh-duong-huyet-giam-mo-mau","status":"publish","type":"product","link":"https:\/\/omewa.online\/index.php\/product\/tra-duoc-lieu-tui-loc-day-thia-canh-giup-on-dinh-duong-huyet-giam-mo-mau\/","title":{"rendered":"Tr\u00e0 d\u01b0\u1ee3c li\u1ec7u t\u00fai l\u1ecdc D\u00e2y Th\u00eca Canh gi\u00fap \u1ed5n \u0111\u1ecbnh \u0111\u01b0\u1eddng huy\u1ebft, gi\u1ea3m m\u1ee1 m\u00e1u"},"content":{"rendered":"<div class=\"woocommerce-tabs wc-tabs-wrapper container tabbed-content\">\n<div class=\"tab-panels\">\n<div id=\"tab-description\" class=\"woocommerce-Tabs-panel woocommerce-Tabs-panel--description panel entry-content active\" role=\"tabpanel\" aria-labelledby=\"tab-title-description\">\n<h3><strong>QUY C\u00c1CH \u0110\u00d3NG G\u00d3I: h\u1ed9p 30 t\u00fai*3g<\/strong><\/h3>\n<h3><strong>C\u00d4NG D\u1ee4NG:<\/strong><\/h3>\n<p>T\u00e1c d\u1ee5ng h\u1ea1, \u1ed5n \u0111\u1ecbnh \u0111\u01b0\u1eddng huy\u1ebft cho ng\u01b0\u1eddi ti\u1ec3u \u0111\u01b0\u1eddng tuyp 1, tuyp 2, ng\u0103n ng\u1eeba c\u00e1c bi\u1ebfn ch\u1ee9ng nguy hi\u1ec3m c\u1ee7a b\u1ec7nh ti\u1ec3u \u0111\u01b0\u1eddng.<br \/>\n<iframe title=\"YouTube video player\" src=\"https:\/\/www.youtube.com\/embed\/csIgMgAJqJY\" width=\"750\" height=\"450\" frameborder=\"0\" allowfullscreen=\"allowfullscreen\" data-mce-fragment=\"1\"><\/iframe><br \/>\nHo\u1ea1t ch\u1ea5t ch\u00ednh trong d\u00e2y th\u00eca canh l\u00e0 gymnemic acid, v\u1edbi c\u01a1 ch\u1ebf t\u00e1c d\u1ee5ng c\u1ee7a d\u00e2y th\u00eca canh \u0111\u00e3 \u0111\u01b0\u1ee3c x\u00e1c \u0111\u1ecbnh l\u00e0 t\u0103ng ti\u1ebft insulin c\u1ee7a tuy\u1ebfn tu\u1ef5, t\u0103ng c\u01b0\u1eddng ho\u1ea1t l\u1ef1c c\u1ee7a insulin, \u1ee9c ch\u1ebf h\u1ea5p thu glucose \u1edf ru\u1ed9t, l\u00e0m t\u0103ng ho\u1ea1t t\u00ednh c\u1ee7a men h\u1ea5p thu v\u00e0 s\u1eed d\u1ee5ng \u0111\u01b0\u1eddng, gi\u1ea3m cholesterol v\u00e0 lipid m\u00e1u.<\/p>\n<h3><strong>H\u01af\u1edaNG D\u1eaaN S\u1eec D\u1ee4NG:<\/strong><\/h3>\n<ul>\n<li>C\u00e1ch 1: Nh\u00fang t\u00fai l\u1ecdc v\u00e0o c\u1ed1c 100-120ml n\u01b0\u1edbc s\u00f4i v\u00e0 \u0111\u1eady n\u1eafp k\u00edn l\u1ea1i, ch\u1edd 7-10 ph\u00fat, m\u1ed7i l\u1ea7n d\u00f9ng 2 t\u00fai (t\u1ed1t nh\u1ea5t b\u1ecf v\u00e0o b\u00ecnh gi\u1eef nhi\u1ec7t \u0111\u1ec3 c\u00f3 hi\u1ec7u qu\u1ea3 h\u01a1n). Ng\u00e0y d\u00f9ng 3 l\u1ea7n, sau khi \u0103n 15-30 ph\u00fat<\/li>\n<li>C\u00e1ch 2: D\u00f9ng 6 t\u00fai l\u1ecdc b\u1ecf v\u00e0o ph\u00edch gi\u1eef nhi\u1ec7t ho\u1eb7c ph\u00edch R\u1ea1ng \u0111\u00f4ng, cho t\u1eeb 1,2 \u0111\u1ebfn 1,5 l\u00edt n\u01b0\u1edbc \u0111un s\u00f4i v\u00e0 u\u1ed1ng c\u1ea3 ng\u00e0y thay n\u01b0\u1edbc<\/li>\n<\/ul>\n<p><img fetchpriority=\"high\" decoding=\"async\" class=\"size-full wp-image-384\" src=\"https:\/\/duoclieupumat.com\/wp-content\/uploads\/2018\/10\/IMG_4465.jpg\" sizes=\"(max-width: 5184px) 100vw, 5184px\" srcset=\"https:\/\/duoclieupumat.com\/wp-content\/uploads\/2018\/10\/IMG_4465.jpg 5184w, https:\/\/duoclieupumat.com\/wp-content\/uploads\/2018\/10\/IMG_4465-800x449.jpg 800w, https:\/\/duoclieupumat.com\/wp-content\/uploads\/2018\/10\/IMG_4465-600x337.jpg 600w, https:\/\/duoclieupumat.com\/wp-content\/uploads\/2018\/10\/IMG_4465-768x431.jpg 768w\" alt=\"\" width=\"5184\" height=\"2912\" \/><\/p>\n<p>D\u00e2y th\u00eca canh chu\u1ea9n h\u00f3a \u0111\u01b0\u1ee3c tr\u1ed3ng \u0111\u1ea1t ti\u00eau chu\u1ea9n GACP-WHO<img decoding=\"async\" class=\"aligncenter size-full wp-image-2578\" src=\"https:\/\/duoclieupumat.com\/wp-content\/uploads\/2022\/12\/daythiacanhlato-3.jpg\" sizes=\"(max-width: 1276px) 100vw, 1276px\" srcset=\"https:\/\/duoclieupumat.com\/wp-content\/uploads\/2022\/12\/daythiacanhlato-3.jpg 1276w, https:\/\/duoclieupumat.com\/wp-content\/uploads\/2022\/12\/daythiacanhlato-3-300x225.jpg 300w, https:\/\/duoclieupumat.com\/wp-content\/uploads\/2022\/12\/daythiacanhlato-3-1024x767.jpg 1024w, https:\/\/duoclieupumat.com\/wp-content\/uploads\/2022\/12\/daythiacanhlato-3-768x575.jpg 768w, https:\/\/duoclieupumat.com\/wp-content\/uploads\/2022\/12\/daythiacanhlato-3-800x599.jpg 800w, https:\/\/duoclieupumat.com\/wp-content\/uploads\/2022\/12\/daythiacanhlato-3-600x450.jpg 600w\" alt=\"\" width=\"1276\" height=\"956\" \/><\/p>\n<p><img decoding=\"async\" class=\"aligncenter size-full wp-image-454\" src=\"https:\/\/duoclieupumat.com\/wp-content\/uploads\/2018\/09\/qr-day-thia-canh.png\" sizes=\"(max-width: 148px) 100vw, 148px\" srcset=\"https:\/\/duoclieupumat.com\/wp-content\/uploads\/2018\/09\/qr-day-thia-canh.png 148w, https:\/\/duoclieupumat.com\/wp-content\/uploads\/2018\/09\/qr-day-thia-canh-100x100.png 100w, https:\/\/duoclieupumat.com\/wp-content\/uploads\/2018\/09\/qr-day-thia-canh-150x150.png 150w, https:\/\/duoclieupumat.com\/wp-content\/uploads\/2018\/09\/qr-day-thia-canh-300x300.png 300w, https:\/\/duoclieupumat.com\/wp-content\/uploads\/2018\/09\/qr-day-thia-canh-768x768.png 768w, https:\/\/duoclieupumat.com\/wp-content\/uploads\/2018\/09\/qr-day-thia-canh-1024x1024.png 1024w\" alt=\"\" width=\"148\" height=\"148\" \/><\/p>\n<p><strong><em>M\u00e3 QR-code s\u1ea3n ph\u1ea9m Tr\u00e0 t\u00fai l\u1ecdc D\u00e2y th\u00eca canh<\/em><\/strong><\/p>\n<p><strong>M\u00e3 v\u1ea1ch: 8938517983023<\/strong><\/p>\n<p>&nbsp;<\/p>\n<p><img loading=\"lazy\" decoding=\"async\" class=\"aligncenter size-full wp-image-1200\" src=\"https:\/\/duoclieupumat.com\/wp-content\/uploads\/2018\/09\/659f3b017b9c80c2d98d.jpg\" sizes=\"(max-width: 908px) 100vw, 908px\" srcset=\"https:\/\/duoclieupumat.com\/wp-content\/uploads\/2018\/09\/659f3b017b9c80c2d98d.jpg 908w, https:\/\/duoclieupumat.com\/wp-content\/uploads\/2018\/09\/659f3b017b9c80c2d98d-213x300.jpg 213w, https:\/\/duoclieupumat.com\/wp-content\/uploads\/2018\/09\/659f3b017b9c80c2d98d-726x1024.jpg 726w, https:\/\/duoclieupumat.com\/wp-content\/uploads\/2018\/09\/659f3b017b9c80c2d98d-768x1083.jpg 768w, https:\/\/duoclieupumat.com\/wp-content\/uploads\/2018\/09\/659f3b017b9c80c2d98d-300x423.jpg 300w, https:\/\/duoclieupumat.com\/wp-content\/uploads\/2018\/09\/659f3b017b9c80c2d98d-800x1128.jpg 800w, https:\/\/duoclieupumat.com\/wp-content\/uploads\/2018\/09\/659f3b017b9c80c2d98d-600x846.jpg 600w\" alt=\"\" width=\"908\" height=\"1280\" \/><\/p>\n<p><img loading=\"lazy\" decoding=\"async\" class=\"aligncenter size-full wp-image-1201\" src=\"https:\/\/duoclieupumat.com\/wp-content\/uploads\/2018\/09\/2836e0a0b28e55d00c9f.jpg\" sizes=\"(max-width: 960px) 100vw, 960px\" srcset=\"https:\/\/duoclieupumat.com\/wp-content\/uploads\/2018\/09\/2836e0a0b28e55d00c9f.jpg 960w, https:\/\/duoclieupumat.com\/wp-content\/uploads\/2018\/09\/2836e0a0b28e55d00c9f-225x300.jpg 225w, https:\/\/duoclieupumat.com\/wp-content\/uploads\/2018\/09\/2836e0a0b28e55d00c9f-768x1024.jpg 768w, https:\/\/duoclieupumat.com\/wp-content\/uploads\/2018\/09\/2836e0a0b28e55d00c9f-300x400.jpg 300w, https:\/\/duoclieupumat.com\/wp-content\/uploads\/2018\/09\/2836e0a0b28e55d00c9f-800x1067.jpg 800w, https:\/\/duoclieupumat.com\/wp-content\/uploads\/2018\/09\/2836e0a0b28e55d00c9f-600x800.jpg 600w\" alt=\"\" width=\"960\" height=\"1280\" \/><\/p>\n<p><img loading=\"lazy\" decoding=\"async\" class=\"aligncenter size-full wp-image-1202\" src=\"https:\/\/duoclieupumat.com\/wp-content\/uploads\/2018\/09\/114b776836f5cdab94e4.jpg\" sizes=\"(max-width: 947px) 100vw, 947px\" srcset=\"https:\/\/duoclieupumat.com\/wp-content\/uploads\/2018\/09\/114b776836f5cdab94e4.jpg 947w, https:\/\/duoclieupumat.com\/wp-content\/uploads\/2018\/09\/114b776836f5cdab94e4-222x300.jpg 222w, https:\/\/duoclieupumat.com\/wp-content\/uploads\/2018\/09\/114b776836f5cdab94e4-758x1024.jpg 758w, https:\/\/duoclieupumat.com\/wp-content\/uploads\/2018\/09\/114b776836f5cdab94e4-768x1038.jpg 768w, https:\/\/duoclieupumat.com\/wp-content\/uploads\/2018\/09\/114b776836f5cdab94e4-300x405.jpg 300w, https:\/\/duoclieupumat.com\/wp-content\/uploads\/2018\/09\/114b776836f5cdab94e4-800x1081.jpg 800w, https:\/\/duoclieupumat.com\/wp-content\/uploads\/2018\/09\/114b776836f5cdab94e4-600x811.jpg 600w\" alt=\"\" width=\"947\" height=\"1280\" \/><\/p>\n<p><img loading=\"lazy\" decoding=\"async\" class=\"aligncenter size-full wp-image-1203\" src=\"https:\/\/duoclieupumat.com\/wp-content\/uploads\/2018\/09\/eeec0eae4f33b46ded22.jpg\" sizes=\"(max-width: 875px) 100vw, 875px\" srcset=\"https:\/\/duoclieupumat.com\/wp-content\/uploads\/2018\/09\/eeec0eae4f33b46ded22.jpg 875w, https:\/\/duoclieupumat.com\/wp-content\/uploads\/2018\/09\/eeec0eae4f33b46ded22-205x300.jpg 205w, https:\/\/duoclieupumat.com\/wp-content\/uploads\/2018\/09\/eeec0eae4f33b46ded22-700x1024.jpg 700w, https:\/\/duoclieupumat.com\/wp-content\/uploads\/2018\/09\/eeec0eae4f33b46ded22-768x1123.jpg 768w, https:\/\/duoclieupumat.com\/wp-content\/uploads\/2018\/09\/eeec0eae4f33b46ded22-300x439.jpg 300w, https:\/\/duoclieupumat.com\/wp-content\/uploads\/2018\/09\/eeec0eae4f33b46ded22-800x1170.jpg 800w, https:\/\/duoclieupumat.com\/wp-content\/uploads\/2018\/09\/eeec0eae4f33b46ded22-600x878.jpg 600w\" alt=\"\" width=\"875\" height=\"1280\" \/><\/p>\n<\/div>\n<\/div>\n<\/div>\n<div class=\"related related-products-wrapper product-section\">\n<h3 class=\"product-section-title container-width product-section-title-related pt-half pb-half uppercase\"><\/h3>\n<\/div>\n","protected":false},"excerpt":{"rendered":"<p><span data-sheets-value=\"{&quot;1&quot;:2,&quot;2&quot;:&quot;- Tr\u00e0 T\u00fai L\u1ecdc D\u00e2y Th\u00eca Canh P\u00f9 M\u00e1t gi\u00fap \u1ed5n \u0111\u1ecbnh \u0111\u01b0\u1eddng huy\u1ebft, h\u1ed7 tr\u1ee3 \u0111\u00e1i th\u00e1o \u0111\u01b0\u1eddng tuyp 1 v\u00e0 tuyp 2.\\n- Ph\u1ed1i h\u1ee3p \u0111\u1ec3 gi\u00fap n\u00e2ng cao hi\u1ec7u qu\u1ea3 ki\u1ec3m so\u00e1t \u0111\u01b0\u1eddng huy\u1ebft, gi\u1ea3m \u0111\u01b0\u1eddng huy\u1ebft \u0111\u1ed1i v\u1edbi ng\u01b0\u1eddi b\u1ecb \u0111\u01b0\u1eddng huy\u1ebft cao.\\n- Gi\u00fap ph\u00f2ng ng\u1eeba, h\u1ea1n ch\u1ebf ti\u1ebfn tri\u1ec3n bi\u1ebfn ch\u1ee9ng c\u1ee7a ti\u1ec3u \u0111\u01b0\u1eddng.\\n- Ph\u00f2ng ng\u1eeba, h\u1ed7 tr\u1ee3 khi m\u1ee1 m\u00e1u cao, gan nhi\u1ec5m m\u1ee1.\\n&quot;,&quot;6&quot;:1}\" data-sheets-userformat=\"{&quot;2&quot;:14845,&quot;3&quot;:{&quot;1&quot;:0,&quot;3&quot;:1},&quot;5&quot;:{&quot;1&quot;:[{&quot;1&quot;:2,&quot;2&quot;:0,&quot;5&quot;:{&quot;1&quot;:2,&quot;2&quot;:0}},{&quot;1&quot;:0,&quot;2&quot;:0,&quot;3&quot;:3},{&quot;1&quot;:1,&quot;2&quot;:0,&quot;4&quot;:1}]},&quot;6&quot;:{&quot;1&quot;:[{&quot;1&quot;:2,&quot;2&quot;:0,&quot;5&quot;:{&quot;1&quot;:2,&quot;2&quot;:0}},{&quot;1&quot;:0,&quot;2&quot;:0,&quot;3&quot;:3},{&quot;1&quot;:1,&quot;2&quot;:0,&quot;4&quot;:1}]},&quot;7&quot;:{&quot;1&quot;:[{&quot;1&quot;:2,&quot;2&quot;:0,&quot;5&quot;:{&quot;1&quot;:2,&quot;2&quot;:0}},{&quot;1&quot;:0,&quot;2&quot;:0,&quot;3&quot;:3},{&quot;1&quot;:1,&quot;2&quot;:0,&quot;4&quot;:1}]},&quot;8&quot;:{&quot;1&quot;:[{&quot;1&quot;:2,&quot;2&quot;:0,&quot;5&quot;:{&quot;1&quot;:2,&quot;2&quot;:0}},{&quot;1&quot;:0,&quot;2&quot;:0,&quot;3&quot;:3},{&quot;1&quot;:1,&quot;2&quot;:0,&quot;4&quot;:1}]},&quot;9&quot;:1,&quot;10&quot;:1,&quot;11&quot;:4,&quot;14&quot;:{&quot;1&quot;:3,&quot;3&quot;:1},&quot;15&quot;:&quot;Times New Roman&quot;,&quot;16&quot;:12}\">\u2013 Tr\u00e0 T\u00fai L\u1ecdc D\u00e2y Th\u00eca Canh P\u00f9 M\u00e1t gi\u00fap \u1ed5n \u0111\u1ecbnh \u0111\u01b0\u1eddng huy\u1ebft, h\u1ed7 tr\u1ee3 \u0111\u00e1i th\u00e1o \u0111\u01b0\u1eddng tuyp 1 v\u00e0 tuyp 2.<br \/>\n\u2013 Ph\u1ed1i h\u1ee3p \u0111\u1ec3 gi\u00fap n\u00e2ng cao hi\u1ec7u qu\u1ea3 ki\u1ec3m so\u00e1t \u0111\u01b0\u1eddng huy\u1ebft, gi\u1ea3m \u0111\u01b0\u1eddng huy\u1ebft \u0111\u1ed1i v\u1edbi ng\u01b0\u1eddi b\u1ecb \u0111\u01b0\u1eddng huy\u1ebft cao.<br \/>\n\u2013 Gi\u00fap ph\u00f2ng ng\u1eeba, h\u1ea1n ch\u1ebf ti\u1ebfn tri\u1ec3n bi\u1ebfn ch\u1ee9ng c\u1ee7a ti\u1ec3u \u0111\u01b0\u1eddng.<br \/>\n\u2013 Ph\u00f2ng ng\u1eeba, h\u1ed7 tr\u1ee3 khi m\u1ee1 m\u00e1u cao, gan nhi\u1ec5m m\u1ee1.<\/span><\/p>\n","protected":false},"featured_media":622,"comment_status":"open","ping_status":"closed","template":"","meta":{"site-sidebar-layout":"default","site-content-layout":"","ast-site-content-layout":"default","site-content-style":"default","site-sidebar-style":"default","ast-global-header-display":"","ast-banner-title-visibility":"","ast-main-header-display":"","ast-hfb-above-header-display":"","ast-hfb-below-header-display":"","ast-hfb-mobile-header-display":"","site-post-title":"","ast-breadcrumbs-content":"","ast-featured-img":"","footer-sml-layout":"","theme-transparent-header-meta":"","adv-header-id-meta":"","stick-header-meta":"","header-above-stick-meta":"","header-main-stick-meta":"","header-below-stick-meta":"","astra-migrate-meta-layouts":"default","ast-page-background-enabled":"default","ast-page-background-meta":{"desktop":{"background-color":"var(--ast-global-color-5)","background-image":"","background-repeat":"repeat","background-position":"center center","background-size":"auto","background-attachment":"scroll","background-type":"","background-media":"","overlay-type":"","overlay-color":"","overlay-opacity":"","overlay-gradient":""},"tablet":{"background-color":"","background-image":"","background-repeat":"repeat","background-position":"center center","background-size":"auto","background-attachment":"scroll","background-type":"","background-media":"","overlay-type":"","overlay-color":"","overlay-opacity":"","overlay-gradient":""},"mobile":{"background-color":"","background-image":"","background-repeat":"repeat","background-position":"center center","background-size":"auto","background-attachment":"scroll","background-type":"","background-media":"","overlay-type":"","overlay-color":"","overlay-opacity":"","overlay-gradient":""}},"ast-content-background-meta":{"desktop":{"background-color":"var(--ast-global-color-4)","background-image":"","background-repeat":"repeat","background-position":"center center","background-size":"auto","background-attachment":"scroll","background-type":"","background-media":"","overlay-type":"","overlay-color":"","overlay-opacity":"","overlay-gradient":""},"tablet":{"background-color":"var(--ast-global-color-4)","background-image":"","background-repeat":"repeat","background-position":"center center","background-size":"auto","background-attachment":"scroll","background-type":"","background-media":"","overlay-type":"","overlay-color":"","overlay-opacity":"","overlay-gradient":""},"mobile":{"background-color":"var(--ast-global-color-4)","background-image":"","background-repeat":"repeat","background-position":"center center","background-size":"auto","background-attachment":"scroll","background-type":"","background-media":"","overlay-type":"","overlay-color":"","overlay-opacity":"","overlay-gradient":""}}},"product_brand":[45],"product_cat":[33,35,44],"product_tag":[],"class_list":{"0":"post-443","1":"product","2":"type-product","3":"status-publish","4":"has-post-thumbnail","6":"product_brand-pu-mat","7":"product_cat-mua-sam-tet","8":"product_cat-noi-bat","9":"product_cat-pu-mat","10":"desktop-align-left","11":"tablet-align-left","12":"mobile-align-left","14":"first","15":"instock","16":"sale","17":"taxable","18":"shipping-taxable","19":"purchasable","20":"product-type-simple"},"_links":{"self":[{"href":"https:\/\/omewa.online\/index.php\/wp-json\/wp\/v2\/product\/443","targetHints":{"allow":["GET"]}}],"collection":[{"href":"https:\/\/omewa.online\/index.php\/wp-json\/wp\/v2\/product"}],"about":[{"href":"https:\/\/omewa.online\/index.php\/wp-json\/wp\/v2\/types\/product"}],"replies":[{"embeddable":true,"href":"https:\/\/omewa.online\/index.php\/wp-json\/wp\/v2\/comments?post=443"}],"wp:featuredmedia":[{"embeddable":true,"href":"https:\/\/omewa.online\/index.php\/wp-json\/wp\/v2\/media\/622"}],"wp:attachment":[{"href":"https:\/\/omewa.online\/index.php\/wp-json\/wp\/v2\/media?parent=443"}],"wp:term":[{"taxonomy":"product_brand","embeddable":true,"href":"https:\/\/omewa.online\/index.php\/wp-json\/wp\/v2\/product_brand?post=443"},{"taxonomy":"product_cat","embeddable":true,"href":"https:\/\/omewa.online\/index.php\/wp-json\/wp\/v2\/product_cat?post=443"},{"taxonomy":"product_tag","embeddable":true,"href":"https:\/\/omewa.online\/index.php\/wp-json\/wp\/v2\/product_tag?post=443"}],"curies":[{"name":"wp","href":"https:\/\/api.w.org\/{rel}","templated":true}]}}