{"id":345,"date":"2025-11-01T18:09:39","date_gmt":"2025-11-01T18:09:39","guid":{"rendered":"https:\/\/omewa.online\/?post_type=product&#038;p=345"},"modified":"2026-03-19T14:04:32","modified_gmt":"2026-03-19T14:04:32","slug":"glow-moist-hyaluron-serum-cap-nuoc-tang-sau-cang-bong-da","status":"publish","type":"product","link":"https:\/\/omewa.online\/index.php\/product\/glow-moist-hyaluron-serum-cap-nuoc-tang-sau-cang-bong-da\/","title":{"rendered":"Glow moist hyaluron serum (c\u1ea5p n\u01b0\u1edbc t\u1ea7ng s\u00e2u, c\u0103ng b\u00f3ng da)"},"content":{"rendered":"<p>GLOW MOIST HYALURON SERUM 30ML<br \/>\n&#8211; Cung c\u1ea5p \u0111\u1ed9 \u1ea9m s\u00e2u cho c\u00e1c l\u1edbp bi\u1ec3u b\u00ec c\u1ee7a da.<br \/>\n&#8211; Gi\u00fap l\u00e0m da c\u0103ng m\u1ecbn, t\u01b0\u01a1i s\u00e1ng, t\u0103ng \u0111\u1ed9 \u1ea9m m\u01b0\u1ee3t v\u00e0 c\u0103ng b\u00f3ng.<br \/>\n&#8211; K\u00edch th\u00edch s\u1ea3n sinh collagen, l\u00e0m t\u0103ng \u0111\u1ed9 \u0111\u00e0n h\u1ed3i c\u1ee7a da, l\u00e0m gi\u1ea3m n\u1ebfp nh\u0103n hi\u1ec7u qu\u1ea3<br \/>\n&#8211; Ph\u1ee5c h\u1ed3i l\u00e0n da b\u1ecb m\u1ea5t n\u01b0\u1edbc, b\u1ea3o v\u1ec7 v\u00e0 t\u0103ng c\u01b0\u1eddng s\u1ef1 ph\u00e1t tri\u1ec3n c\u1ee7a bi\u1ec3u b\u00ec gi\u00fap da kh\u1ecfe m\u1ea1nh.<\/p>\n<p>Th\u00e0nh ph\u1ea7n:<br \/>\nAqua, Rosa Damascena Flower Water, Glycerin, Hyaluronic Acid, Hydrolyzed Hyaluronic Acid, Acetyl Glucosamine, Allantoin, Phenethyl Alcohol, Caprylhydroxamic Acid.<\/p>\n<p>\u01afu th\u1ebf n\u1ed5i b\u1eadt:<br \/>\n&#8211; S\u1ea3n ph\u1ea9m \u0111\u1ea1t chu\u1ea9n Preservative Free (kh\u00f4ng ch\u1ee9a ch\u1ea5t b\u1ea3o qu\u1ea3n) nh\u01b0ng v\u1eabn \u0111\u1ea3m b\u1ea3o ch\u1ea5t l\u01b0\u1ee3ng s\u1ea3n ph\u1ea9m \u1ed5n \u0111\u1ecbnh trong su\u1ed1t qu\u00e1 tr\u00ecnh s\u1eed d\u1ee5ng v\u00ec trong c\u00f4ng th\u1ee9c ch\u1ee9a Phenethyl Alcohol &#8211; chi\u1ebft xu\u1ea5t t\u1eeb hoa H\u1ed3ng, hoa C\u1ea9m Ch\u01b0\u1edbng v\u00e0 Caprylhydroxamic Acid &#8211; chi\u1ebft xu\u1ea5t t\u1eeb D\u1eeba. &#8211; S\u1ea3n ph\u1ea9m c\u00f3 n\u1ec1n c\u00f4ng th\u1ee9c s\u1ea1ch theo ti\u00eau chu\u1ea9n s\u1ea3n ph\u1ea9m h\u1eefu c\u01a1 v\u1edbi 12 KH\u00d4NG: kh\u00f4ng ch\u1ea5t b\u1ea3o qu\u1ea3n c\u00f4ng nghi\u1ec7p, kh\u00f4ng m\u00e0u-m\u00f9i c\u00f4ng nghi\u1ec7p, kh\u00f4ng Paraben, kh\u00f4ng Silicone,&#8230;v\u00e0 nhi\u1ec1u ch\u1ea5t c\u00f3 h\u1ea1i kh\u00e1c. &#8211; S\u1ea3n ph\u1ea9m d\u00f9ng \u0111\u01b0\u1ee3c cho c\u1ea3 ch\u1ecb em b\u1ea7u b\u00ed\/cho con b\u00fa v\u00e0 tr\u1ebb em \u0111\u1ebfn tu\u1ed5i d\u1eady th\u00ec.<\/p>\n<p>C\u00e1ch d\u00f9ng:<br \/>\n&#8220;1. L\u00e0m s\u1ea1ch da b\u1eb1ng c\u00e1c lo\u1ea1i s\u1eefa r\u1eeda m\u1eb7t d\u1ecbu nh\u1eb9 ph\u00f9 h\u1ee3p v\u1edbi lo\u1ea1i da (kh\u00f4ng ch\u1ee9a SLS\/SLES). Th\u1ea5m kh\u00f4 da.<br \/>\n2. L\u1ea5y m\u1ed9t l\u01b0\u1ee3ng v\u1eeba \u0111\u1ee7 Glow Moist Hyaluron Serum thoa \u0111\u1ec1u tr\u00ean da, v\u1ed7 nh\u1eb9 theo chuy\u1ec3n \u0111\u1ed9ng tr\u00f2n massage da \u0111\u1ec3 s\u1ea3n ph\u1ea9m th\u1ea9m th\u1ea5u t\u1ed1i \u01b0u.<br \/>\n3. N\u00ean s\u1eed d\u1ee5ng Emulsion\/Cream \u0111\u1ec3 kho\u00e1 \u1ea9m sau khi thoa serum \u0111\u1ec3 \u0111\u1ea1t k\u1ebft qu\u1ea3 t\u1ed1i \u01b0u.&#8221;<br \/>\nB\u1ea3o qu\u1ea3n:<br \/>\n\u2013 B\u1ea3o qu\u1ea3n n\u01a1i kh\u00f4 r\u00e1o, tho\u00e1ng m\u00e1t, tr\u00e1nh \u00e1nh n\u1eafng tr\u1ef1c ti\u1ebfp ho\u1eb7c n\u01a1i c\u00f3 nhi\u1ec7t \u0111\u1ed9 cao \/ \u1ea9m \u01b0\u1edbt.<br \/>\n\u2013 Tr\u00e1nh xa t\u1ea7m tay tr\u1ebb em.<br \/>\n\u2013 \u0110\u1eady n\u1eafp k\u00edn sau khi s\u1eed d\u1ee5ng.<\/p>\n","protected":false},"excerpt":{"rendered":"<p>&#8216;- Cung c\u1ea5p \u0111\u1ed9 \u1ea9m s\u00e2u cho c\u00e1c l\u1edbp bi\u1ec3u b\u00ec c\u1ee7a da.<br \/>\n&#8211; Gi\u00fap l\u00e0m da c\u0103ng m\u1ecbn, t\u01b0\u01a1i s\u00e1ng, t\u0103ng \u0111\u1ed9 \u1ea9m m\u01b0\u1ee3t v\u00e0 c\u0103ng b\u00f3ng.<br \/>\n&#8211; K\u00edch th\u00edch s\u1ea3n sinh collagen, l\u00e0m t\u0103ng \u0111\u1ed9 \u0111\u00e0n h\u1ed3i c\u1ee7a da, l\u00e0m gi\u1ea3m n\u1ebfp nh\u0103n hi\u1ec7u qu\u1ea3<br \/>\n&#8211; Ph\u1ee5c h\u1ed3i l\u00e0n da b\u1ecb m\u1ea5t n\u01b0\u1edbc, b\u1ea3o v\u1ec7 v\u00e0 t\u0103ng c\u01b0\u1eddng s\u1ef1 ph\u00e1t tri\u1ec3n c\u1ee7a bi\u1ec3u b\u00ec gi\u00fap da kh\u1ecfe m\u1ea1nh.<\/p>\n","protected":false},"featured_media":422,"comment_status":"open","ping_status":"closed","template":"","meta":{"site-sidebar-layout":"default","site-content-layout":"","ast-site-content-layout":"default","site-content-style":"default","site-sidebar-style":"default","ast-global-header-display":"","ast-banner-title-visibility":"","ast-main-header-display":"","ast-hfb-above-header-display":"","ast-hfb-below-header-display":"","ast-hfb-mobile-header-display":"","site-post-title":"","ast-breadcrumbs-content":"","ast-featured-img":"","footer-sml-layout":"","theme-transparent-header-meta":"","adv-header-id-meta":"","stick-header-meta":"","header-above-stick-meta":"","header-main-stick-meta":"","header-below-stick-meta":"","astra-migrate-meta-layouts":"default","ast-page-background-enabled":"default","ast-page-background-meta":{"desktop":{"background-color":"var(--ast-global-color-5)","background-image":"","background-repeat":"repeat","background-position":"center center","background-size":"auto","background-attachment":"scroll","background-type":"","background-media":"","overlay-type":"","overlay-color":"","overlay-opacity":"","overlay-gradient":""},"tablet":{"background-color":"","background-image":"","background-repeat":"repeat","background-position":"center center","background-size":"auto","background-attachment":"scroll","background-type":"","background-media":"","overlay-type":"","overlay-color":"","overlay-opacity":"","overlay-gradient":""},"mobile":{"background-color":"","background-image":"","background-repeat":"repeat","background-position":"center center","background-size":"auto","background-attachment":"scroll","background-type":"","background-media":"","overlay-type":"","overlay-color":"","overlay-opacity":"","overlay-gradient":""}},"ast-content-background-meta":{"desktop":{"background-color":"var(--ast-global-color-4)","background-image":"","background-repeat":"repeat","background-position":"center center","background-size":"auto","background-attachment":"scroll","background-type":"","background-media":"","overlay-type":"","overlay-color":"","overlay-opacity":"","overlay-gradient":""},"tablet":{"background-color":"var(--ast-global-color-4)","background-image":"","background-repeat":"repeat","background-position":"center center","background-size":"auto","background-attachment":"scroll","background-type":"","background-media":"","overlay-type":"","overlay-color":"","overlay-opacity":"","overlay-gradient":""},"mobile":{"background-color":"var(--ast-global-color-4)","background-image":"","background-repeat":"repeat","background-position":"center center","background-size":"auto","background-attachment":"scroll","background-type":"","background-media":"","overlay-type":"","overlay-color":"","overlay-opacity":"","overlay-gradient":""}}},"product_brand":[],"product_cat":[18,24,19,17,25,21],"product_tag":[],"class_list":{"0":"post-345","1":"product","2":"type-product","3":"status-publish","4":"has-post-thumbnail","6":"product_cat-cham-soc-da-mat","7":"product_cat-chong-lao-hoa","8":"product_cat-duong-da","9":"product_cat-my-pham","10":"product_cat-san-pham-tri-mun","11":"product_cat-skinsolve","12":"desktop-align-left","13":"tablet-align-left","14":"mobile-align-left","16":"first","17":"instock","18":"taxable","19":"shipping-taxable","20":"purchasable","21":"product-type-simple"},"_links":{"self":[{"href":"https:\/\/omewa.online\/index.php\/wp-json\/wp\/v2\/product\/345","targetHints":{"allow":["GET"]}}],"collection":[{"href":"https:\/\/omewa.online\/index.php\/wp-json\/wp\/v2\/product"}],"about":[{"href":"https:\/\/omewa.online\/index.php\/wp-json\/wp\/v2\/types\/product"}],"replies":[{"embeddable":true,"href":"https:\/\/omewa.online\/index.php\/wp-json\/wp\/v2\/comments?post=345"}],"wp:featuredmedia":[{"embeddable":true,"href":"https:\/\/omewa.online\/index.php\/wp-json\/wp\/v2\/media\/422"}],"wp:attachment":[{"href":"https:\/\/omewa.online\/index.php\/wp-json\/wp\/v2\/media?parent=345"}],"wp:term":[{"taxonomy":"product_brand","embeddable":true,"href":"https:\/\/omewa.online\/index.php\/wp-json\/wp\/v2\/product_brand?post=345"},{"taxonomy":"product_cat","embeddable":true,"href":"https:\/\/omewa.online\/index.php\/wp-json\/wp\/v2\/product_cat?post=345"},{"taxonomy":"product_tag","embeddable":true,"href":"https:\/\/omewa.online\/index.php\/wp-json\/wp\/v2\/product_tag?post=345"}],"curies":[{"name":"wp","href":"https:\/\/api.w.org\/{rel}","templated":true}]}}