{"id":344,"date":"2025-11-01T18:09:39","date_gmt":"2025-11-01T18:09:39","guid":{"rendered":"https:\/\/omewa.online\/?post_type=product&#038;p=344"},"modified":"2026-03-19T14:05:20","modified_gmt":"2026-03-19T14:05:20","slug":"serum-phuc-hoi-lam-diu-da-skinsolve-vitamin-b5-chiet-xuat-rau-ma","status":"publish","type":"product","link":"https:\/\/omewa.online\/index.php\/product\/serum-phuc-hoi-lam-diu-da-skinsolve-vitamin-b5-chiet-xuat-rau-ma\/","title":{"rendered":"Serum Ph\u1ee5c H\u1ed3i &#038; L\u00e0m D\u1ecbu Da Skinsolve \u2013 Vitamin B5 &#038; Chi\u1ebft Xu\u1ea5t Rau M\u00e1"},"content":{"rendered":"<div class=\"border-b border-secondary-light3 lg:border-0\" data-v-3a2e2332=\"\">\n<div data-v-36134904=\"\">\n<div id=\"96\" class=\"flex flex-col w-full h-full bg-opacity-25 lg:flex-row bg-secondary-light3\" data-v-475c5dca=\"\" data-v-3a2e2332=\"\">\n<div class=\"w-full lg:w-1\/2 theimageinfo1\"><img decoding=\"async\" class=\"object-cover object-center w-full transition-all duration-300 lazyLoad isLoaded\" src=\"https:\/\/file.hstatic.net\/200000834019\/file\/420650272_392452599828465_3530734353473374564_n_06d606e1d917413db1f444d051c2ef92.jpg\" data-v-475c5dca=\"\" \/><\/div>\n<div id=\"DepthDetail\" class=\"flex flex-col w-full px-2 py-3 lg:py-12 lg:w-1\/2 additional-information\" data-v-475c5dca=\"\">\n<div class=\"flex flex-col text-lg font-normal lg:text-3xl lg:leading-10 font-vollkorn text-primary-dark\" data-v-475c5dca=\"\">\n<div class=\"overflow-hidden overflow-ellipsis line-clamp-5 line-clamp-none\">\n<div class=\"contentinfotable2\">\n<h2 data-start=\"244\" data-end=\"320\">\ud83d\udca7 SERUM PH\u1ee4C H\u1ed2I &amp; L\u00c0M D\u1ecaU DA SKINSOLVE \u2013 VITAMIN B5 &amp; CHI\u1ebeT XU\u1ea4T RAU M\u00c1<\/h2>\n<p data-start=\"322\" data-end=\"548\">Serum k\u1ebft h\u1ee3p Vitamin B5, chi\u1ebft xu\u1ea5t Rau M\u00e1, Th\u00ec L\u00e0, C\u1ea3i L\u00f4ng c\u00f9ng c\u00f4ng ngh\u1ec7 enzyme gi\u00fap gi\u1ea3i ph\u00f3ng t\u1ed1i \u01b0u d\u01b0\u1ee1ng ch\u1ea5t. S\u1ea3n ph\u1ea9m h\u1ed7 tr\u1ee3 ch\u0103m s\u00f3c l\u00e0n da nh\u1ea1y c\u1ea3m, t\u0103ng c\u01b0\u1eddng \u0111\u1ed9 \u1ea9m v\u00e0 duy tr\u00ec tr\u1ea1ng th\u00e1i kh\u1ecfe m\u1ea1nh t\u1ef1 nhi\u00ean cho da.<\/p>\n<hr data-start=\"550\" data-end=\"553\" \/>\n<h3 data-start=\"555\" data-end=\"580\">\ud83c\udf3f Th\u00e0nh ph\u1ea7n n\u1ed5i b\u1eadt<\/h3>\n<ul data-start=\"581\" data-end=\"1097\">\n<li data-start=\"581\" data-end=\"695\">\n<p data-start=\"583\" data-end=\"695\"><strong data-start=\"583\" data-end=\"614\">10% Panthenol (Vitamin B5):<\/strong> H\u1ed7 tr\u1ee3 c\u1ee7ng c\u1ed1 h\u00e0ng r\u00e0o b\u1ea3o v\u1ec7 da, c\u1ea5p \u1ea9m s\u00e2u, gi\u1ea3m c\u1ea3m gi\u00e1c kh\u00f3 ch\u1ecbu tr\u00ean da.<\/p>\n<\/li>\n<li data-start=\"696\" data-end=\"888\">\n<p data-start=\"698\" data-end=\"888\"><strong data-start=\"698\" data-end=\"743\">2% Stresszero (Rau M\u00e1, Th\u00ec L\u00e0, C\u1ea3i L\u00f4ng):<\/strong> Chi\u1ebft xu\u1ea5t th\u1ef1c v\u1eadt gi\u00e0u d\u01b0\u1ee1ng ch\u1ea5t gi\u00fap da d\u1ec5 ch\u1ecbu, h\u1ea1n ch\u1ebf t\u00e1c \u0111\u1ed9ng t\u1eeb m\u00f4i tr\u01b0\u1eddng, h\u1ed7 tr\u1ee3 c\u1ea3i thi\u1ec7n tr\u1ea1ng th\u00e1i da sau khi ti\u1ebfp x\u00fac \u00e1nh n\u1eafng.<\/p>\n<\/li>\n<li data-start=\"889\" data-end=\"971\">\n<p data-start=\"891\" data-end=\"971\"><strong data-start=\"891\" data-end=\"914\">Sodium Hyaluronate:<\/strong> T\u1ea1o l\u1edbp m\u00e0ng gi\u1eef n\u01b0\u1edbc, gi\u00fap da m\u1ec1m m\u1ea1i, tr\u00e1nh kh\u00f4 r\u00e1p.<\/p>\n<\/li>\n<li data-start=\"972\" data-end=\"1097\">\n<p data-start=\"974\" data-end=\"1097\"><strong data-start=\"974\" data-end=\"1002\">H\u1ec7 b\u1ea3o qu\u1ea3n thi\u00ean nhi\u00ean:<\/strong> Phenethyl Alcohol t\u1eeb hoa H\u1ed3ng \u2013 C\u1ea9m Ch\u01b0\u1edbng &amp; Caprylhydroxamic Acid t\u1eeb D\u1eeba, an to\u00e0n cho l\u00e0n da.<\/p>\n<\/li>\n<\/ul>\n<\/div>\n<\/div>\n<\/div>\n<\/div>\n<\/div>\n<\/div>\n<\/div>\n<div id=\"product-components\" class=\"border-b border-secondary-light3 lg:border-0\" data-v-3a2e2332=\"\">\n<div data-v-36134904=\"\">\n<div id=\"96\" class=\"relative flex flex-col w-full lg:flex-row-reverse bg-primary-light\" data-v-23023fea=\"\" data-v-3a2e2332=\"\">\n<div class=\"w-full lg:w-1\/2 max-h-7221 imagecomponant\" data-v-23023fea=\"\"><img decoding=\"async\" class=\"object-cover w-full h-full transition-all duration-500 lazyLoad isLoaded\" src=\"https:\/\/file.hstatic.net\/200000834019\/file\/capture_one_catalog5534_7e31a59a7ce54f338e32c2e06e98bcfe.jpeg\" data-v-23023fea=\"\" \/><\/div>\n<div class=\"flex flex-col w-full px-2 pt-3 pb-8 lg:relative lg:w-1\/2 product-components lg:pt-5 lg:pb-3 2xl:pt-14 2xl:pb-9 overflow-y-auto\" data-v-23023fea=\"\">\n<div class=\"product-components__details\" data-v-23023fea=\"\">\n<div class=\"descriptionthanhphan\">\n<div class=\"renderdata\">\n<p>&nbsp;<\/p>\n<h3 data-start=\"1104\" data-end=\"1127\">\ud83d\udc9a \u01afu \u0111i\u1ec3m s\u1ea3n ph\u1ea9m<\/h3>\n<p data-start=\"1128\" data-end=\"1370\">\u2705 H\u1ed7 tr\u1ee3 l\u00e0m d\u1ecbu da khi c\u00f3 d\u1ea5u hi\u1ec7u kh\u00f4 c\u0103ng, m\u1ea9n \u0111\u1ecf.<br data-start=\"1181\" data-end=\"1184\" \/>\u2705 Cung c\u1ea5p \u0111\u1ed9 \u1ea9m, gi\u1eef cho l\u00e0n da lu\u00f4n m\u1ec1m m\u1ea1i, t\u01b0\u01a1i t\u1eafn.<br data-start=\"1240\" data-end=\"1243\" \/>\u2705 Ph\u00f9 h\u1ee3p s\u1eed d\u1ee5ng sau c\u00e1c li\u1ec7u tr\u00ecnh ch\u0103m s\u00f3c, khi da \u0111ang c\u1ea7n \u0111\u01b0\u1ee3c c\u00e2n b\u1eb1ng.<br data-start=\"1320\" data-end=\"1323\" \/>\u2705 K\u1ebft c\u1ea5u th\u1ea9m th\u1ea5u nhanh, kh\u00f4ng g\u00e2y nh\u1eddn d\u00ednh.<\/p>\n<\/div>\n<\/div>\n<\/div>\n<\/div>\n<\/div>\n<\/div>\n<\/div>\n<div class=\"border-b border-secondary-light3 lg:border-0\" data-v-3a2e2332=\"\">\n<div class=\"inforange\">\n<div data-v-36134904=\"\">\n<div id=\"113\" class=\"flex hasvideox flex-col w-full bg-opacity-25 lg:flex-row bg-secondary-light3\" data-v-6a3742cd=\"\" data-v-3a2e2332=\"\">\n<div class=\"flex flex-col w-full px-2 py-3 usage lg:w-1\/2 lg:py-5 2xl:py-12 lg:overflow-y-auto lg:max-h-72\" data-v-6a3742cd=\"\">\n<p>&nbsp;<\/p>\n<\/div>\n<\/div>\n<\/div>\n<\/div>\n<div class=\"inforange\">\n<div data-v-36134904=\"\">\n<div id=\"113\" class=\"flex hasvideox revever flex-col w-full bg-opacity-25 lg:flex-row bg-secondary-light3\" data-v-6a3742cd=\"\" data-v-3a2e2332=\"\">\n<div class=\"w-full lg:w-1\/2 max-h-72\" data-v-6a3742cd=\"\"><img decoding=\"async\" src=\"https:\/\/file.hstatic.net\/200000834019\/file\/dsc03567_4a7ce05a8cb24a4cac08e2d07028ed39.jpeg\" \/><\/div>\n<h3 data-start=\"1377\" data-end=\"1395\">\ud83d\udc4c Ph\u00f9 h\u1ee3p cho<\/h3>\n<ul data-start=\"1396\" data-end=\"1547\">\n<li data-start=\"1396\" data-end=\"1426\">\n<p data-start=\"1398\" data-end=\"1426\">L\u00e0n da d\u1ec5 kh\u00f4, c\u1ea7n c\u1ea5p \u1ea9m.<\/p>\n<\/li>\n<li data-start=\"1427\" data-end=\"1476\">\n<p data-start=\"1429\" data-end=\"1476\">Da c\u00f3 d\u1ea5u hi\u1ec7u m\u1ec7t m\u1ecfi do t\u00e1c \u0111\u1ed9ng b\u00ean ngo\u00e0i.<\/p>\n<\/li>\n<li data-start=\"1477\" data-end=\"1547\">\n<p data-start=\"1479\" data-end=\"1547\">Da sau ch\u0103m s\u00f3c chuy\u00ean s\u00e2u, c\u1ea7n d\u01b0\u1ee1ng \u0111\u1ec3 duy tr\u00ec tr\u1ea1ng th\u00e1i \u1ed5n \u0111\u1ecbnh.<\/p>\n<\/li>\n<\/ul>\n<hr data-start=\"1549\" data-end=\"1552\" \/>\n<h3 data-start=\"1554\" data-end=\"1579\">\ud83d\udeab Cam k\u1ebft \u201c13 kh\u00f4ng\u201d<\/h3>\n<p data-start=\"1580\" data-end=\"1820\">Kh\u00f4ng d\u1ea7u kho\u00e1ng, kh\u00f4ng c\u1ed3n, kh\u00f4ng silicon, kh\u00f4ng sulfate (SLS\/SLES), kh\u00f4ng paraben, kh\u00f4ng h\u01b0\u01a1ng li\u1ec7u t\u1ed5ng h\u1ee3p, kh\u00f4ng m\u00e0u h\u00f3a h\u1ecdc, kh\u00f4ng MEA\/DEA\/TEA, kh\u00f4ng phthalates, kh\u00f4ng EDTA, kh\u00f4ng ch\u1ea5t l\u00e0m \u0111\u1eb7c t\u1ed5ng h\u1ee3p, kh\u00f4ng th\u1eed nghi\u1ec7m tr\u00ean \u0111\u1ed9ng v\u1eadt.<\/p>\n<hr data-start=\"1822\" data-end=\"1825\" \/>\n<h3 data-start=\"1827\" data-end=\"1843\">\ud83d\udcdd C\u00e1ch d\u00f9ng<\/h3>\n<p data-start=\"1844\" data-end=\"2034\">1\ufe0f\u20e3 R\u1eeda m\u1eb7t s\u1ea1ch, lau kh\u00f4.<br data-start=\"1870\" data-end=\"1873\" \/>2\ufe0f\u20e3 L\u1ea5y l\u01b0\u1ee3ng v\u1eeba \u0111\u1ee7 serum, thoa \u0111\u1ec1u l\u00ean da.<br data-start=\"1917\" data-end=\"1920\" \/>3\ufe0f\u20e3 K\u1ebft h\u1ee3p massage nh\u1eb9 \u0111\u1ec3 s\u1ea3n ph\u1ea9m th\u1ea9m th\u1ea5u t\u1ed1t.<br data-start=\"1970\" data-end=\"1973\" \/>4\ufe0f\u20e3 S\u1eed d\u1ee5ng 2 l\u1ea7n\/ng\u00e0y, k\u1ebft h\u1ee3p kem d\u01b0\u1ee1ng \u0111\u1ec3 t\u1ed1i \u01b0u hi\u1ec7u qu\u1ea3.<\/p>\n<hr data-start=\"2036\" data-end=\"2039\" \/>\n<h3 data-start=\"2041\" data-end=\"2055\">\u23f0 H\u1ea1n d\u00f9ng<\/h3>\n<ul data-start=\"2056\" data-end=\"2107\">\n<li data-start=\"2056\" data-end=\"2079\">\n<p data-start=\"2058\" data-end=\"2079\">18 th\u00e1ng k\u1ec3 t\u1eeb NSX.<\/p>\n<\/li>\n<li data-start=\"2080\" data-end=\"2107\">\n<p data-start=\"2082\" data-end=\"2107\">8 th\u00e1ng k\u1ec3 t\u1eeb khi m\u1edf n\u1eafp.<\/p>\n<p>#skinsolve #serumphuchoi #serumb5 #danhchosensitiveda #dauhienda #rauma #vitaminb5 #capam #lamdiuda #chamsocda #skincareroutine #skincarevietnam #danhchoda<\/p>\n<\/li>\n<\/ul>\n<\/div>\n<\/div>\n<\/div>\n<\/div>\n","protected":false},"excerpt":{"rendered":"<div class=\"desc0 text-sm lg:text-base mt-8px lg:mt-1.5 product-description text-typo-heading\">\n<p>S\u1ea3n ph\u1ea9m l\u00e0 gi\u1ea3i ph\u00e1p ph\u1ee5c h\u1ed3i nh\u1eefng t\u00ecnh tr\u1ea1ng da vi\u00eam v\u00e0 k\u00edch \u1ee9ng m\u1ed9t c\u00e1ch an to\u00e0n v\u00e0 hi\u1ec7u qu\u1ea3. Panthenol \u0111\u01b0\u1ee3c s\u1eed d\u1ee5ng v\u1edbi t\u1ec9 l\u1ec7 10% c\u00f9ng v\u1edbi 2% Stresszero\u00a0gi\u00fap mang l\u1ea1i hi\u1ec7u qu\u1ea3 l\u00e0m d\u1ecbu, gi\u1ea3m vi\u00eam m\u1ed9t c\u00e1ch nhanh ch\u00f3ng, gi\u1ea3m thi\u1ec3u c\u00e1c t\u00ecnh tr\u1ea1ng k\u00edch \u1ee9ng, r\u00e1t, ng\u1ee9a \u1edf c\u00e1c v\u00f9ng vi\u00eam. S\u1ea3n ph\u1ea9m\u00a0c\u0169ng s\u1ebd h\u1ed7 tr\u1ee3 ph\u1ee5c h\u1ed3i v\u00e0 t\u00e1i t\u1ea1o h\u00e0ng r\u00e0o b\u1ea3o v\u1ec7, gi\u00fap c\u00e1c v\u00f9ng da b\u1ecb t\u1ed5n th\u01b0\u01a1ng nhanh ch\u00f3ng, b\u1ea3o v\u1ec7 da kh\u1ecfi c\u00e1c t\u00e1c nh\u00e2n b\u00ean ngo\u00e0i t\u1ed1t h\u01a1n.<\/p>\n<p>&nbsp;<\/p>\n<\/div>\n<div class=\"desc2 flex flex-col\" data-v-95dfa95a=\"\">\n<div class=\"contentinfo3\">\n<p>&nbsp;<\/p>\n<p>&nbsp;<\/p>\n<hr \/>\n<p>\u0110\u1eb7c \u0111i\u1ec3m s\u1ea3n ph\u1ea9m<\/p>\n<p>\u2713\u00a0An to\u00e0n cho l\u00e0n da nh\u1ea1y c\u1ea3m hay d\u1ec5 b\u1ecb k\u00edch \u1ee9ng.<\/p>\n<p>\u2713\u00a0K\u1ebft c\u1ea5u l\u1ecfng nh\u1eb9 v\u1edbi c\u00f4ng th\u1ee9c nh\u1eb9 nh\u00e0ng, d\u1ec5 ch\u1ecbu v\u00e0 tho\u1ea3i m\u00e1i khi d\u00f9ng.<\/p>\n<p>\u2713\u00a0An to\u00e0n v\u1edbi m\u1eb9 b\u1ea7u, cho con b\u00fa v\u00e0 tr\u1ebb d\u1eady th\u00ec.<\/p>\n<\/div>\n<\/div>\n","protected":false},"featured_media":418,"comment_status":"open","ping_status":"closed","template":"","meta":{"site-sidebar-layout":"default","site-content-layout":"","ast-site-content-layout":"default","site-content-style":"default","site-sidebar-style":"default","ast-global-header-display":"","ast-banner-title-visibility":"","ast-main-header-display":"","ast-hfb-above-header-display":"","ast-hfb-below-header-display":"","ast-hfb-mobile-header-display":"","site-post-title":"","ast-breadcrumbs-content":"","ast-featured-img":"","footer-sml-layout":"","theme-transparent-header-meta":"","adv-header-id-meta":"","stick-header-meta":"","header-above-stick-meta":"","header-main-stick-meta":"","header-below-stick-meta":"","astra-migrate-meta-layouts":"default","ast-page-background-enabled":"default","ast-page-background-meta":{"desktop":{"background-color":"var(--ast-global-color-5)","background-image":"","background-repeat":"repeat","background-position":"center center","background-size":"auto","background-attachment":"scroll","background-type":"","background-media":"","overlay-type":"","overlay-color":"","overlay-opacity":"","overlay-gradient":""},"tablet":{"background-color":"","background-image":"","background-repeat":"repeat","background-position":"center center","background-size":"auto","background-attachment":"scroll","background-type":"","background-media":"","overlay-type":"","overlay-color":"","overlay-opacity":"","overlay-gradient":""},"mobile":{"background-color":"","background-image":"","background-repeat":"repeat","background-position":"center center","background-size":"auto","background-attachment":"scroll","background-type":"","background-media":"","overlay-type":"","overlay-color":"","overlay-opacity":"","overlay-gradient":""}},"ast-content-background-meta":{"desktop":{"background-color":"var(--ast-global-color-4)","background-image":"","background-repeat":"repeat","background-position":"center center","background-size":"auto","background-attachment":"scroll","background-type":"","background-media":"","overlay-type":"","overlay-color":"","overlay-opacity":"","overlay-gradient":""},"tablet":{"background-color":"var(--ast-global-color-4)","background-image":"","background-repeat":"repeat","background-position":"center center","background-size":"auto","background-attachment":"scroll","background-type":"","background-media":"","overlay-type":"","overlay-color":"","overlay-opacity":"","overlay-gradient":""},"mobile":{"background-color":"var(--ast-global-color-4)","background-image":"","background-repeat":"repeat","background-position":"center center","background-size":"auto","background-attachment":"scroll","background-type":"","background-media":"","overlay-type":"","overlay-color":"","overlay-opacity":"","overlay-gradient":""}}},"product_brand":[23],"product_cat":[18,24,19,17,25,21],"product_tag":[],"class_list":{"0":"post-344","1":"product","2":"type-product","3":"status-publish","4":"has-post-thumbnail","6":"product_brand-skinsolve","7":"product_cat-cham-soc-da-mat","8":"product_cat-chong-lao-hoa","9":"product_cat-duong-da","10":"product_cat-my-pham","11":"product_cat-san-pham-tri-mun","12":"product_cat-skinsolve","13":"desktop-align-left","14":"tablet-align-left","15":"mobile-align-left","17":"first","18":"instock","19":"taxable","20":"shipping-taxable","21":"purchasable","22":"product-type-simple"},"_links":{"self":[{"href":"https:\/\/omewa.online\/index.php\/wp-json\/wp\/v2\/product\/344","targetHints":{"allow":["GET"]}}],"collection":[{"href":"https:\/\/omewa.online\/index.php\/wp-json\/wp\/v2\/product"}],"about":[{"href":"https:\/\/omewa.online\/index.php\/wp-json\/wp\/v2\/types\/product"}],"replies":[{"embeddable":true,"href":"https:\/\/omewa.online\/index.php\/wp-json\/wp\/v2\/comments?post=344"}],"wp:featuredmedia":[{"embeddable":true,"href":"https:\/\/omewa.online\/index.php\/wp-json\/wp\/v2\/media\/418"}],"wp:attachment":[{"href":"https:\/\/omewa.online\/index.php\/wp-json\/wp\/v2\/media?parent=344"}],"wp:term":[{"taxonomy":"product_brand","embeddable":true,"href":"https:\/\/omewa.online\/index.php\/wp-json\/wp\/v2\/product_brand?post=344"},{"taxonomy":"product_cat","embeddable":true,"href":"https:\/\/omewa.online\/index.php\/wp-json\/wp\/v2\/product_cat?post=344"},{"taxonomy":"product_tag","embeddable":true,"href":"https:\/\/omewa.online\/index.php\/wp-json\/wp\/v2\/product_tag?post=344"}],"curies":[{"name":"wp","href":"https:\/\/api.w.org\/{rel}","templated":true}]}}