{"id":341,"date":"2025-11-01T18:09:39","date_gmt":"2025-11-01T18:09:39","guid":{"rendered":"https:\/\/omewa.online\/?post_type=product&#038;p=341"},"modified":"2026-03-19T14:05:46","modified_gmt":"2026-03-19T14:05:46","slug":"pore-detoxifying-cleansing-water-nuoc-tay-trang-lam-sach-sau","status":"publish","type":"product","link":"https:\/\/omewa.online\/index.php\/product\/pore-detoxifying-cleansing-water-nuoc-tay-trang-lam-sach-sau\/","title":{"rendered":"Pore detoxifying cleansing water (N\u01b0\u1edbc t\u1ea9y trang l\u00e0m s\u1ea1ch s\u00e2u)"},"content":{"rendered":"<p>PORE DETOXIFYING CLEANSING WATER 300ML<br \/>\n&#8211; L\u00e0m s\u1ea1ch da hi\u1ec7u qu\u1ea3 ngay c\u1ea3 l\u1edbp trang \u0111i\u1ec3m, kem ch\u1ed1ng n\u1eafng, b\u1ee5i b\u1ea9n b\u00e3 nh\u1eddn m\u00e0 v\u1eabn nh\u1eb9 d\u1ecbu v\u1edbi da, kh\u00f4ng l\u00e0m kh\u00f4 da c\u0169ng nh\u01b0 g\u00e2y \u1ea3nh h\u01b0\u1edfng \u0111\u1ebfn l\u1edbp m\u00e0ng lipid b\u1ea3o v\u1ec7 da nh\u1edd Sodium Cocoyl Apple Amino Acids \u2013 m\u1ed9t ch\u1ea5t ho\u1ea1t \u0111\u1ed9ng b\u1ec1 m\u1eb7t ion \u00e2m c\u00f3 ngu\u1ed3n g\u1ed1c t\u1eeb qu\u1ea3 t\u00e1o.<br \/>\n&#8211; Chi\u1ebft xu\u1ea5t t\u00e1o gi\u00e0u vitamin C, E gi\u00fap t\u0103ng \u0111\u00e0n h\u1ed3i v\u00e0 t\u00e1i t\u1ea1o da, gi\u00fap da s\u00e1ng m\u1ecbn. Ngo\u00e0i ra chi\u1ebft xu\u1ea5t t\u00e1o c\u00f2n ch\u1ee9a c\u00e1c th\u00e0nh ph\u1ea7n nh\u01b0 Acid Malic, AHA gi\u00fap thu nh\u1ecf l\u1ed7 ch\u00e2n l\u00f4ng, t\u1ea9y da ch\u1ebft nh\u1eb9 gi\u00fap da m\u1ecbn m\u00e0ng v\u00e0 h\u1ea1n ch\u1ebf m\u1ee5n s\u1ea7n hi\u1ec7u qu\u1ea3.<br \/>\n&#8211; H\u1ed7 tr\u1ee3 c\u00e2n b\u1eb1ng \u1ea9m, l\u00e0m d\u1ecbu da v\u1edbi chi\u1ebft xu\u1ea5t l\u00f4 h\u1ed9i; \u0111\u1ed3ng th\u1eddi chi\u1ebft xu\u1ea5t t\u1eeb l\u00e1 \u1ed5i, tr\u00e0 xanh, hoa h\u1ed3ng, hoa sen b\u1ed5 sung d\u01b0\u1ee1ng ch\u1ea5t cho da, ch\u1ed1ng l\u1ea1i c\u00e1c g\u1ed1c t\u1ef1 do g\u00e2y suy y\u1ebfu da, ch\u1ed1ng l\u00e3o ho\u00e1 gi\u00fap da kho\u1ebb m\u1ea1nh v\u00e0 h\u1ea5p thu t\u1ed1t c\u00e1c d\u01b0\u1ee1ng ch\u1ea5t ph\u00eda sau.<\/p>\n<p>Th\u00e0nh ph\u1ea7n:<br \/>\nAqua\/Water, Pyrus Malus (Apple) Fruit Extract, Sodium Cocoyl Apple Amino Acids, Propanediol, Lauryl Glucoside, Decyl Glucoside, Glycerin, Aloe Vera Barbadensis extract, Citrus Grantis Peel Oil, Psidium Guajava Fruit Extract, Camellia Sinensis Leaf Extract, Rosa Centifolia Flower Extract, Nelumbo Nucifera Leaf Extract,Phenethyl Alcohol, Glycerin, Caprylhydroxamic Acid, Sodium Phytate.<\/p>\n<p>\u01afu th\u1ebf n\u1ed5i b\u1eadt:<br \/>\n&#8211; S\u1ea3n ph\u1ea9m \u0111\u1ea1t chu\u1ea9n Preservative Free (kh\u00f4ng ch\u1ee9a ch\u1ea5t b\u1ea3o qu\u1ea3n) nh\u01b0ng v\u1eabn \u0111\u1ea3m b\u1ea3o ch\u1ea5t l\u01b0\u1ee3ng s\u1ea3n ph\u1ea9m \u1ed5n \u0111\u1ecbnh trong su\u1ed1t qu\u00e1 tr\u00ecnh s\u1eed d\u1ee5ng v\u00ec trong c\u00f4ng th\u1ee9c ch\u1ee9a Phenethyl Alcohol &#8211; chi\u1ebft xu\u1ea5t t\u1eeb hoa H\u1ed3ng, hoa C\u1ea9m Ch\u01b0\u1edbng v\u00e0 Caprylhydroxamic Acid &#8211; chi\u1ebft xu\u1ea5t t\u1eeb D\u1eeba. &#8211; S\u1ea3n ph\u1ea9m c\u00f3 n\u1ec1n c\u00f4ng th\u1ee9c s\u1ea1ch theo ti\u00eau chu\u1ea9n s\u1ea3n ph\u1ea9m h\u1eefu c\u01a1 v\u1edbi 12 KH\u00d4NG: kh\u00f4ng ch\u1ea5t b\u1ea3o qu\u1ea3n c\u00f4ng nghi\u1ec7p, kh\u00f4ng m\u00e0u-m\u00f9i c\u00f4ng nghi\u1ec7p, kh\u00f4ng Paraben, kh\u00f4ng Silicone,&#8230;v\u00e0 nhi\u1ec1u ch\u1ea5t c\u00f3 h\u1ea1i kh\u00e1c. &#8211; S\u1ea3n ph\u1ea9m d\u00f9ng \u0111\u01b0\u1ee3c cho c\u1ea3 ch\u1ecb em b\u1ea7u b\u00ed\/cho con b\u00fa v\u00e0 tr\u1ebb em \u0111\u1ebfn tu\u1ed5i d\u1eady th\u00ec.<\/p>\n<p>C\u00e1ch d\u00f9ng:<br \/>\n&#8220;1. Th\u1ea5m \u0111\u1eabm b\u00f4ng t\u1ea9y trang chuy\u00ean d\u1ee5ng b\u1eb1ng Pore Detoxifying Cleansing Water.<br \/>\n2. Ch\u1eadm mi\u1ebfng b\u00f4ng \u0111\u00e3 \u0111\u1eabm \u01b0\u1edbt tr\u00ean da v\u00e0 b\u1eaft \u0111\u1ea7u lau nh\u1eb9 nh\u00e0ng theo chi\u1ec1u c\u1ea5u t\u1ea1o da (v\u00f9ng tr\u00e1n lau ngang, v\u00f9ng m\u00e1 lau theo chi\u1ec1u h\u01b0\u1edbng l\u00ean). Tr\u00e1nh ch\u00e0 x\u00e1t m\u1ea1nh, co k\u00e9o g\u00e2y t\u1ed5n th\u01b0\u01a1ng v\u00e0 ch\u1ea3y s\u1ec7 da.<br \/>\n3. C\u00f3 th\u1ec3 kh\u00f4ng c\u1ea7n r\u1eeda l\u1ea1i c\u00f9ng n\u01b0\u1edbc khi l\u00e0m s\u1ea1ch da nh\u1eb9 gi\u1eefa ng\u00e0y.&#8221;<\/p>\n<p>B\u1ea3o qu\u1ea3n:<br \/>\n\u2013 B\u1ea3o qu\u1ea3n n\u01a1i kh\u00f4 r\u00e1o, tho\u00e1ng m\u00e1t, tr\u00e1nh \u00e1nh n\u1eafng tr\u1ef1c ti\u1ebfp ho\u1eb7c n\u01a1i c\u00f3 nhi\u1ec7t \u0111\u1ed9 cao \/ \u1ea9m \u01b0\u1edbt.<br \/>\n\u2013 Tr\u00e1nh xa t\u1ea7m tay tr\u1ebb em.<br \/>\n\u2013 \u0110\u1eady n\u1eafp k\u00edn sau khi s\u1eed d\u1ee5ng.<\/p>\n","protected":false},"excerpt":{"rendered":"<p>&#8216;- L\u00e0m s\u1ea1ch da hi\u1ec7u qu\u1ea3 ngay c\u1ea3 l\u1edbp trang \u0111i\u1ec3m, kem ch\u1ed1ng n\u1eafng, b\u1ee5i b\u1ea9n b\u00e3 nh\u1eddn m\u00e0 v\u1eabn nh\u1eb9 d\u1ecbu v\u1edbi da, kh\u00f4ng l\u00e0m kh\u00f4 da c\u0169ng nh\u01b0 g\u00e2y \u1ea3nh h\u01b0\u1edfng \u0111\u1ebfn l\u1edbp m\u00e0ng lipid b\u1ea3o v\u1ec7 da nh\u1edd Sodium Cocoyl Apple Amino Acids \u2013 m\u1ed9t ch\u1ea5t ho\u1ea1t \u0111\u1ed9ng b\u1ec1 m\u1eb7t ion \u00e2m c\u00f3 ngu\u1ed3n g\u1ed1c t\u1eeb qu\u1ea3 t\u00e1o.<br \/>\n&#8211; Chi\u1ebft xu\u1ea5t t\u00e1o gi\u00e0u vitamin C, E gi\u00fap t\u0103ng \u0111\u00e0n h\u1ed3i v\u00e0 t\u00e1i t\u1ea1o da, gi\u00fap da s\u00e1ng m\u1ecbn. Ngo\u00e0i ra chi\u1ebft xu\u1ea5t t\u00e1o c\u00f2n ch\u1ee9a c\u00e1c th\u00e0nh ph\u1ea7n nh\u01b0 Acid Malic, AHA gi\u00fap thu nh\u1ecf l\u1ed7 ch\u00e2n l\u00f4ng, t\u1ea9y da ch\u1ebft nh\u1eb9 gi\u00fap da m\u1ecbn m\u00e0ng v\u00e0 h\u1ea1n ch\u1ebf m\u1ee5n s\u1ea7n hi\u1ec7u qu\u1ea3.<br \/>\n&#8211; H\u1ed7 tr\u1ee3 c\u00e2n b\u1eb1ng \u1ea9m, l\u00e0m d\u1ecbu da v\u1edbi chi\u1ebft xu\u1ea5t l\u00f4 h\u1ed9i; \u0111\u1ed3ng th\u1eddi chi\u1ebft xu\u1ea5t t\u1eeb l\u00e1 \u1ed5i, tr\u00e0 xanh, hoa h\u1ed3ng, hoa sen b\u1ed5 sung d\u01b0\u1ee1ng ch\u1ea5t cho da, ch\u1ed1ng l\u1ea1i c\u00e1c g\u1ed1c t\u1ef1 do g\u00e2y suy y\u1ebfu da, ch\u1ed1ng l\u00e3o ho\u00e1 gi\u00fap da kho\u1ebb m\u1ea1nh v\u00e0 h\u1ea5p thu t\u1ed1t c\u00e1c d\u01b0\u1ee1ng ch\u1ea5t ph\u00eda sau.<\/p>\n","protected":false},"featured_media":412,"comment_status":"open","ping_status":"closed","template":"","meta":{"site-sidebar-layout":"default","site-content-layout":"","ast-site-content-layout":"default","site-content-style":"default","site-sidebar-style":"default","ast-global-header-display":"","ast-banner-title-visibility":"","ast-main-header-display":"","ast-hfb-above-header-display":"","ast-hfb-below-header-display":"","ast-hfb-mobile-header-display":"","site-post-title":"","ast-breadcrumbs-content":"","ast-featured-img":"","footer-sml-layout":"","theme-transparent-header-meta":"","adv-header-id-meta":"","stick-header-meta":"","header-above-stick-meta":"","header-main-stick-meta":"","header-below-stick-meta":"","astra-migrate-meta-layouts":"default","ast-page-background-enabled":"default","ast-page-background-meta":{"desktop":{"background-color":"var(--ast-global-color-5)","background-image":"","background-repeat":"repeat","background-position":"center center","background-size":"auto","background-attachment":"scroll","background-type":"","background-media":"","overlay-type":"","overlay-color":"","overlay-opacity":"","overlay-gradient":""},"tablet":{"background-color":"","background-image":"","background-repeat":"repeat","background-position":"center center","background-size":"auto","background-attachment":"scroll","background-type":"","background-media":"","overlay-type":"","overlay-color":"","overlay-opacity":"","overlay-gradient":""},"mobile":{"background-color":"","background-image":"","background-repeat":"repeat","background-position":"center center","background-size":"auto","background-attachment":"scroll","background-type":"","background-media":"","overlay-type":"","overlay-color":"","overlay-opacity":"","overlay-gradient":""}},"ast-content-background-meta":{"desktop":{"background-color":"var(--ast-global-color-4)","background-image":"","background-repeat":"repeat","background-position":"center center","background-size":"auto","background-attachment":"scroll","background-type":"","background-media":"","overlay-type":"","overlay-color":"","overlay-opacity":"","overlay-gradient":""},"tablet":{"background-color":"var(--ast-global-color-4)","background-image":"","background-repeat":"repeat","background-position":"center center","background-size":"auto","background-attachment":"scroll","background-type":"","background-media":"","overlay-type":"","overlay-color":"","overlay-opacity":"","overlay-gradient":""},"mobile":{"background-color":"var(--ast-global-color-4)","background-image":"","background-repeat":"repeat","background-position":"center center","background-size":"auto","background-attachment":"scroll","background-type":"","background-media":"","overlay-type":"","overlay-color":"","overlay-opacity":"","overlay-gradient":""}}},"product_brand":[23],"product_cat":[18,24,19,17,25,21],"product_tag":[],"class_list":{"0":"post-341","1":"product","2":"type-product","3":"status-publish","4":"has-post-thumbnail","6":"product_brand-skinsolve","7":"product_cat-cham-soc-da-mat","8":"product_cat-chong-lao-hoa","9":"product_cat-duong-da","10":"product_cat-my-pham","11":"product_cat-san-pham-tri-mun","12":"product_cat-skinsolve","13":"desktop-align-left","14":"tablet-align-left","15":"mobile-align-left","17":"first","18":"instock","19":"taxable","20":"shipping-taxable","21":"purchasable","22":"product-type-simple"},"_links":{"self":[{"href":"https:\/\/omewa.online\/index.php\/wp-json\/wp\/v2\/product\/341","targetHints":{"allow":["GET"]}}],"collection":[{"href":"https:\/\/omewa.online\/index.php\/wp-json\/wp\/v2\/product"}],"about":[{"href":"https:\/\/omewa.online\/index.php\/wp-json\/wp\/v2\/types\/product"}],"replies":[{"embeddable":true,"href":"https:\/\/omewa.online\/index.php\/wp-json\/wp\/v2\/comments?post=341"}],"wp:featuredmedia":[{"embeddable":true,"href":"https:\/\/omewa.online\/index.php\/wp-json\/wp\/v2\/media\/412"}],"wp:attachment":[{"href":"https:\/\/omewa.online\/index.php\/wp-json\/wp\/v2\/media?parent=341"}],"wp:term":[{"taxonomy":"product_brand","embeddable":true,"href":"https:\/\/omewa.online\/index.php\/wp-json\/wp\/v2\/product_brand?post=341"},{"taxonomy":"product_cat","embeddable":true,"href":"https:\/\/omewa.online\/index.php\/wp-json\/wp\/v2\/product_cat?post=341"},{"taxonomy":"product_tag","embeddable":true,"href":"https:\/\/omewa.online\/index.php\/wp-json\/wp\/v2\/product_tag?post=341"}],"curies":[{"name":"wp","href":"https:\/\/api.w.org\/{rel}","templated":true}]}}