{"id":332,"date":"2025-11-01T18:09:38","date_gmt":"2025-11-01T18:09:38","guid":{"rendered":"https:\/\/omewa.online\/?post_type=product&#038;p=332"},"modified":"2026-03-19T14:25:10","modified_gmt":"2026-03-19T14:25:10","slug":"melazero-whitening-emulsion-nhu-tuong-cap-am-sang-da","status":"publish","type":"product","link":"https:\/\/omewa.online\/index.php\/product\/melazero-whitening-emulsion-nhu-tuong-cap-am-sang-da\/","title":{"rendered":"Melazero whitening emulsion (Nh\u0169 t\u01b0\u01a1ng c\u1ea5p \u1ea9m, s\u00e1ng da)"},"content":{"rendered":"<div class=\"border-b border-secondary-light3 lg:border-0\" data-v-3a2e2332=\"\">\n<div data-v-36134904=\"\">\n<div id=\"96\" class=\"flex flex-col w-full h-full bg-opacity-25 lg:flex-row bg-secondary-light3\" data-v-475c5dca=\"\" data-v-3a2e2332=\"\">\n<div class=\"w-full lg:w-1\/2 theimageinfo1\"><img decoding=\"async\" class=\"object-cover object-center w-full transition-all duration-300 lazyLoad isLoaded\" src=\"https:\/\/file.hstatic.net\/200000834019\/file\/melazero_c23d44dee799418a9bf5fc330f088ec1.jpg\" data-v-475c5dca=\"\" \/><\/div>\n<div id=\"DepthDetail\" class=\"flex flex-col w-full px-2 py-3 lg:py-12 lg:w-1\/2 additional-information\" data-v-475c5dca=\"\">\n<div class=\"flex flex-col text-lg font-normal lg:text-3xl lg:leading-10 font-vollkorn text-primary-dark\" data-v-475c5dca=\"\">\n<div class=\"overflow-hidden overflow-ellipsis line-clamp-5 line-clamp-none\">\n<div class=\"contentinfotable2\">Melazero \u2013 chi\u1ebft xu\u1ea5t c\u00e2y Arisaema Amurense (Thi\u00ean Nam Tinh) l\u00e0 m\u1ed9t ho\u1ea1t ch\u1ea5t l\u00e0m tr\u1eafng g\u1ed1c th\u1ef1c v\u1eadt th\u1ebf h\u1ec7 th\u1ee9 3 c\u00f3 th\u1ec3 x\u00f3a b\u1ecf Melanin \u0111\u00e3 h\u00ecnh tr\u00ean da nh\u1edd c\u01a1 ch\u1ebf \u201ct\u1ef1 th\u1ef1c b\u00e0o \u2013 Autophagy\u201d. Nh\u1edd c\u01a1 ch\u1ebf ho\u1ea1t \u0111\u1ed9ng \u0111\u1ed9c \u0111\u00e1o, Melazero lo\u1ea1i b\u1ecf Melanin d\u01b0 th\u1eeba v\u00e0 ng\u0103n ch\u1eb7n s\u1ef1 h\u00ecnh th\u00e0nh m\u1edbi c\u1ee7a n\u00f3 t\u1eeb \u0111\u00f3 gi\u00fap l\u00e0m s\u00e1ng da m\u1ed9t c\u00e1ch t\u1ef1 nhi\u00ean, mang l\u1ea1i l\u00e0n da tr\u1eafng s\u00e1ng, m\u1ecbn m\u00e0ng v\u00e0 \u0111\u1ed3ng \u0111\u1ec1u. M\u1ed9t s\u1ed1 nghi\u00ean c\u1ee9u cho th\u1ea5y Melazero c\u00f3 th\u1ec3 l\u00e0m s\u00e1ng da hi\u1ec7u qu\u1ea3 trong v\u00f2ng 14 ng\u00e0y. Ngo\u00e0i ra, Melazero c\u00f2n gi\u00fap l\u00e0m d\u1ecbu da v\u00e0 ch\u1ed1ng oxi h\u00f3a, g\u00f3p ph\u1ea7n b\u1ea3o v\u1ec7 da kh\u1ecfi c\u00e1c t\u00e1c nh\u00e2n g\u00e2y h\u1ea1i. Melazero \u0111\u00e3 tr\u1ea3i qua c\u00e1c cu\u1ed9c ki\u1ec3m tra ch\u1eb7t ch\u1ebd v\u00e0 \u0111\u01b0\u1ee3c ch\u1ee9ng nh\u1eadn kh\u00f4ng g\u00e2y k\u00edch \u1ee9ng ho\u1eb7c t\u00e1c \u0111\u1ed9ng ti\u00eau c\u1ef1c \u0111\u1ebfn t\u1ebf b\u00e0o da, ho\u00e0n to\u00e0n kh\u00f4ng b\u00e0o m\u00f2n, kh\u00f4ng \u0111\u1ec3 l\u1ea1i t\u00e1c d\u1ee5ng ph\u1ee5 tr\u00ean da.<\/div>\n<\/div>\n<\/div>\n<p><span class=\"seemoredetail2 text-sm font-bold leading-7 underline cursor-pointer lg:text-base see-more font-nunito text-typo-heading\" data-v-475c5dca=\"\">Xem th\u00eam<\/span><\/p>\n<hr class=\"my-2 lg:my-3\" data-v-475c5dca=\"\" \/>\n<div class=\"flex flex-col lg:flex-row lg:0 flexbrhand\" data-v-475c5dca=\"\">\n<div class=\"flex colinfo2cot1 flex-col flex-1 text-sm font-normal lg:text-base text-typo-body font-nunito\" data-v-475c5dca=\"\">\n<p>C\u00f4ng d\u1ee5ng<\/p>\n<p>&nbsp;<\/p>\n<p>\u2713 K\u1ebft h\u1ee3p v\u1edbi Serum l\u00e0m s\u00e1ng da v\u1edbi b\u1ed9 5 ho\u1ea1t ch\u1ea5t s\u00e1ng da \u0111a c\u01a1 ch\u1ebf.<\/p>\n<p>\u2713 D\u01b0\u1ee1ng \u1ea9m s\u00e2u cho da v\u1edbi c\u00e1c ho\u1ea1t ch\u1ea5t d\u01b0\u1ee1ng \u1ea9m \u0111a t\u1ea7ng, h\u1ed7 tr\u1ee3 nu\u00f4i d\u01b0\u1ee1ng l\u00e0n da kh\u1ecfe m\u1ea1nh.<\/p>\n<p>\u2713\u00a0B\u01b0\u1edbc kho\u00e1 \u1ea9m nh\u1eb9 nh\u00e0ng, kh\u00f4ng g\u00e2y b\u00edt t\u1eafc v\u1edbi ph\u1ee9c h\u1ee3p d\u1ea7u th\u1ef1c v\u1eadt gi\u00e0u d\u01b0\u1ee1ng ch\u1ea5t gi\u00fap da c\u0103ng m\u01b0\u1ee3t.<\/p>\n<\/div>\n<div class=\"flex colinfo2cot2 flex-col flex-1 text-sm font-normal lg:text-base text-typo-body font-nunito mt-2 lg:mt-0 lg:ml-3\" data-v-475c5dca=\"\">\n<p>D\u00e0nh cho<\/p>\n<p>&nbsp;<\/p>\n<p>\u2713 Da t\u1ed1i m\u00e0u<\/p>\n<p>\u2713 Da th\u00e2m s\u1ea1m, t\u0103ng s\u1eafc t\u1ed1, kh\u00f4ng \u0111\u1ec1u m\u00e0u<\/p>\n<\/div>\n<\/div>\n<\/div>\n<\/div>\n<\/div>\n<\/div>\n<div id=\"product-components\" class=\"border-b border-secondary-light3 lg:border-0\" data-v-3a2e2332=\"\">\n<div data-v-36134904=\"\">\n<div id=\"96\" class=\"relative flex flex-col w-full lg:flex-row-reverse bg-primary-light\" data-v-23023fea=\"\" data-v-3a2e2332=\"\">\n<div class=\"w-full lg:w-1\/2 max-h-7221 imagecomponant\" data-v-23023fea=\"\"><img decoding=\"async\" class=\"object-cover w-full h-full transition-all duration-500 lazyLoad isLoaded\" src=\"https:\/\/file.hstatic.net\/200000834019\/file\/dsc05198_7b49e710138041db90ca74fb8b5e3748.jpeg\" data-v-23023fea=\"\" \/><\/div>\n<div class=\"flex flex-col w-full px-2 pt-3 pb-8 lg:relative lg:w-1\/2 product-components lg:pt-5 lg:pb-3 2xl:pt-14 2xl:pb-9 overflow-y-auto\" data-v-23023fea=\"\">\n<div class=\"product-components__details\" data-v-23023fea=\"\">\n<div class=\"descriptionthanhphan\">\n<div class=\"renderdata\">\n<p>Th\u00e0nh ph\u1ea7n ch\u00ednh<\/p>\n<p>&nbsp;<\/p>\n<p>C\u1ea5p \u1ea9m, l\u00e0m d\u1ecbu da, t\u0103ng c\u01b0\u1eddng hi\u1ec7u qu\u1ea3 d\u01b0\u1ee1ng tr\u1eafng<\/p>\n<p>&nbsp;<\/p>\n<p><strong>D\u1ea7u c\u00e1m g\u1ea1o Nh\u1eadt B\u1ea3n (Oryza Sativa (Rice) Bran Oil)<\/strong><\/p>\n<p>\u2022 Ch\u1ee9a nhi\u1ec1u axit b\u00e9o v\u00e0 vitamin E, gi\u00fap d\u01b0\u1ee1ng \u1ea9m \u00a0v\u00e0 ph\u1ee5c h\u1ed3i t\u1ed5n t\u01b0\u01a1ng, m\u1edd v\u1ebft th\u00e2m, ng\u0103n c\u1ea3n qu\u00e1 tr\u00ecnh l\u00e3o h\u00f3a.<\/p>\n<p>\u2022 Ch\u1ee9a vitamin E, B2, B6 v\u00e0 c\u00e1c kho\u00e1ng ch\u1ea5t kh\u00e1c gi\u00fap t\u1ebf b\u00e0o da ch\u1ed1ng l\u1ea1i s\u1ef1 t\u1ea5n c\u00f4ng c\u1ee7a c\u00e1c g\u1ed1c t\u1ef1 do, b\u1ea3o v\u1ec7 da kh\u1ecfi t\u00e1c h\u1ea1i c\u1ee7a \u00e1nh n\u1eafng m\u1eb7t tr\u1eddi, tia c\u1ef1c t\u00edm (UV)\u2026<\/p>\n<p>\u2022 C\u00f3 kh\u1ea3 n\u0103ng l\u00e0m s\u1ea1ch l\u1ed7 ch\u00e2n l\u00f4ng v\u00e0 ng\u0103n t\u1eafc ngh\u1ebdn l\u1ed7 ch\u00e2n l\u00f4ng, gi\u00fap da m\u1eb7t tr\u1edf n\u00ean s\u00e1ng h\u01a1n.<\/p>\n<p><strong>Saccharide Isomerate<\/strong><\/p>\n<p>Saccharide Isomerate gi\u00fap cung c\u1ea5p d\u01b0\u1ee1ng \u1ea9m s\u00e2u \u0111\u1ebfn 72h, c\u1ea3i thi\u1ec7n hi\u1ec7u qu\u1ea3 t\u00ecnh tr\u1ea1ng bong tr\u00f3c, \u0111em l\u1ea1i l\u00e0n da m\u1ec1m m\u1ea1i v\u00e0 c\u0103ng b\u00f3ng.<\/p>\n<p><strong>Panthenol (Vitamin B5)<\/strong><\/p>\n<p>\u2022 Gi\u00fap l\u00e0m gi\u1ea3m thi\u1ec3u c\u00e1c k\u00edch \u1ee9ng v\u00e0 l\u00e0m d\u1ecbu da th\u00f4ng qua vi\u1ec7c c\u1ee7ng c\u1ed1 v\u00e0 duy tr\u00ec h\u00e0ng r\u00e0o b\u1ea3o v\u1ec7 da c\u0169ng nh\u01b0 gi\u1ea3m c\u00e1c tri\u1ec7u ch\u1ee9ng vi\u00eam.<\/p>\n<p>\u2022 Gi\u00fap th\u00fac \u0111\u1ea9y s\u1ef1 t\u0103ng sinh c\u00e1c nguy\u00ean b\u00e0o s\u1ee3i trong l\u1edbp trung b\u00ec, gi\u00fap ch\u1ed1ng l\u00e3o ho\u00e1, ng\u0103n ng\u1eeba n\u1ebfp nh\u0103n.<\/p>\n<p><strong>Allantoin<\/strong><\/p>\n<p>C\u00f3 kh\u1ea3 n\u0103ng l\u00e0m t\u0103ng h\u00e0m l\u01b0\u1ee3ng n\u01b0\u1edbc trong t\u1ebf b\u00e0o, h\u1ea1n ch\u1ebf vi\u1ec7c m\u1ea5t n\u01b0\u1edbc qua bi\u1ec3u b\u00ec da gi\u00fap gi\u1eef \u1ea9m, l\u00e0m d\u1ecbu da v\u00e0 ng\u0103n ng\u1eeba t\u00ecnh tr\u1ea1ng kh\u00f4 da, k\u00edch \u1ee9ng.<\/p>\n<p>&nbsp;<\/p>\n<p>L\u00e0m s\u00e1ng da \u0111a c\u01a1 ch\u1ebf v\u1edbi 5 ho\u1ea1t ch\u1ea5t l\u00e0m s\u00e1ng da<\/p>\n<p>&nbsp;<\/p>\n<p><strong>Melazero 2%<\/strong><\/p>\n<p>\u2022 C\u01a1 ch\u1ebf g\u1ecdng k\u00ecm t\u1ef1 &#8220;th\u1ef1c b\u00e0o&#8221; h\u1eafc s\u1eafc t\u1ed1 Melanin s\u1ea3n sinh giai \u0111o\u1ea1n cu\u1ed1i \u1edf t\u1ebf b\u00e0o da gi\u00fap gi\u1ea3m thi\u1ec3u t\u00ecnh tr\u1ea1ng t\u0103ng s\u1eafc t\u1ed1.<\/p>\n<p>\u2022 C\u01a1 ch\u1ebf \u1ee9c ch\u1ebf qu\u00e1 tr\u00ecnh t\u1ed5ng h\u1ee3p men Tyrosinaise s\u1ea3n sinh Melanin ngay \u1edf giai \u0111o\u1ea1n \u0111\u1ea7u gi\u00fap ph\u00e1 v\u1ee1 vi\u1ec7c h\u00ecnh th\u00e0nh s\u1eafc t\u1ed1 t\u1ed1i m\u00e0u, duy tr\u00ec l\u00e0n da r\u1ea1ng r\u1ee1 \u0111\u1ec1u m\u00e0u v\u00e0 ng\u0103n ng\u1eeba th\u00e2m s\u1ea1m hi\u1ec7u qu\u1ea3.<\/p>\n<p>\u2022 H\u1ed7 tr\u1ee3 l\u00e0m s\u00e1ng da hi\u1ec7u qu\u1ea3 trong 14 ng\u00e0y.<\/p>\n<p><strong>Chi\u1ebft xu\u1ea5t r\u1ec5 Cam Th\u1ea3o (Glycyrrhiza Glabra Root Extract)<\/strong><\/p>\n<p>\u1ee8c ch\u1ebf qu\u00e1 tr\u00ecnh s\u1ea3n sinh h\u1eafc t\u1ed1 Melanin, gi\u00fap l\u00e0n da kh\u00f4i ph\u1ee5c l\u1ea1i s\u1ef1 tr\u1eafng tr\u1ebbo v\u00e0 h\u1ed3ng h\u00e0o. \u0110\u1ed3ng th\u1eddi ho\u1ea1t ch\u1ea5t c\u00f2n c\u00f3 t\u00e1c d\u1ee5ng gi\u1ea3i \u0111\u1ed9c v\u00e0 ch\u1ed1ng vi\u00eam c\u1ef1c t\u1ed1t gi\u00fap ng\u1eeba m\u1ee5n hi\u1ec7u qu\u1ea3.<\/p>\n<p><strong>Tranexamic Acid<\/strong><\/p>\n<p>\u2022 \u1ee8c ch\u1ebf qu\u00e1 tr\u00ecnh t\u1ed5ng h\u1ee3p Melanin, gi\u00fap da m\u1edd v\u1ebft th\u00e2m, n\u00e1m, s\u00e1ng \u0111\u1ec1u m\u00e0u.<\/p>\n<p>\u2022 C\u00f3 kh\u1ea3 n\u0103ng gi\u1ea3m vi\u00eam, ph\u1ee5c h\u1ed3i t\u1ed5n th\u01b0\u01a1ng do tia UV, c\u00e1c t\u00e1c nh\u00e2n g\u00e2y h\u1ea1i kh\u00e1c.<\/p>\n<p><strong>Niacinamide<\/strong><\/p>\n<p>\u2022 Niacinamide (B3) ng\u0103n ch\u1eb7n s\u1ef1 di chuy\u1ec3n c\u1ee7a Melanosome v\u00e0o trong t\u1ebf b\u00e0o s\u1eebng.<\/p>\n<p>\u2022 Vitamin B3 c\u00f3 t\u00e1c \u0111\u1ed9ng l\u00e0m s\u00e1ng da, ng\u0103n ng\u1eeba s\u1eafc t\u1ed1 l\u00e0m \u0111en s\u1ea1m da ph\u00e1t tri\u1ec3n.<\/p>\n<p>\u2022 H\u1ed7 tr\u1ee3 tr\u1ecb m\u1ee5n, ki\u1ec3m so\u00e1t b\u00e3 nh\u1eddn, l\u00e0m d\u1ecbu da v\u00e0 ch\u1ed1ng oxy ho\u00e1.<\/p>\n<p><strong>Inositol<\/strong><\/p>\n<p>\u2022 Gi\u00fap da tr\u1edf n\u00ean tr\u1eafng s\u00e1ng, m\u1ecbn m\u00e0ng v\u00e0 kh\u1ecfe m\u1ea1nh.<\/p>\n<p>\u2022 T\u0103ng sinh t\u1ebf b\u00e0o m\u1edbi gi\u00fap da nhanh \u0111\u01b0\u1ee3c t\u00e1i t\u1ea1o, gi\u00fap da \u0111\u00e0n h\u1ed3i, s\u0103n ch\u1eafc h\u01a1n.<\/p>\n<p>\u2022 Gi\u00fap c\u00e2n b\u1eb1ng nh\u1eddn tr\u00ean c\u00e1c v\u00f9ng da kh\u00e1c nhau.<\/p>\n<p>\u2022 C\u1ee7ng c\u1ed1 h\u00e0ng r\u00e0o t\u1ef1 b\u1ea3o v\u1ec7 c\u1ee7a da, ng\u0103n ng\u1eeba l\u00e3o h\u00f3a da.<\/p>\n<p>&nbsp;<\/p>\n<p>Tinh ch\u1ea5t s\u1eed d\u1ee5ng h\u1ec7 b\u1ea3o qu\u1ea3n t\u1ef1 nhi\u00ean<\/p>\n<p>&nbsp;<\/p>\n<p>\u2022 Phenethyl Alcohol \u2013 Chi\u1ebft xu\u1ea5t t\u1eeb Hoa h\u1ed3ng v\u00e0 Hoa C\u1ea9m Ch\u01b0\u1edbng.<\/p>\n<p>\u2022 Caprylhydroxamic Acid \u2013 Chi\u1ebft xu\u1ea5t t\u1eeb d\u1eeba.<\/p>\n<p>Gi\u00fap b\u1ea3o qu\u1ea3n s\u1ea3n ph\u1ea9m hi\u1ec7u qu\u1ea3 m\u00e0 kh\u00f4ng g\u00e2y k\u00edch \u1ee9ng da, kh\u00f4ng \u1ea3nh h\u01b0\u1edfng \u0111\u1ebfn s\u1ee9c kho\u1ebb.<\/p>\n<p>&nbsp;<\/p>\n<p>Serum s\u1eed d\u1ee5ng m\u00f9i h\u01b0\u01a1ng t\u1ef1 nhi\u00ean t\u1eeb tinh d\u1ea7u<\/p>\n<p>&nbsp;<\/p>\n<p>Tinh d\u1ea7u Vani v\u00e0 Hoa sen tr\u1eafng c\u00f3 h\u01b0\u01a1ng th\u01a1m th\u01b0 gi\u00e3n, d\u1ecbu d\u00e0ng v\u1edbi da.<\/p>\n<\/div>\n<\/div>\n<p><span class=\"items-center xemthanhphanchitiet n mt-1 text-sm font-bold cursor-pointer lg:flex\" data-v-23023fea=\"\">Xem th\u00e0nh ph\u1ea7n chi ti\u1ebft<\/span><\/p>\n<\/div>\n<\/div>\n<\/div>\n<\/div>\n<\/div>\n<div class=\"border-b border-secondary-light3 lg:border-0\" data-v-3a2e2332=\"\">\n<div class=\"hrvproduct-tabs\"><\/div>\n<div class=\"inforange\">\n<div data-v-36134904=\"\">\n<div id=\"113\" class=\"flex hasvideox flex-col w-full bg-opacity-25 lg:flex-row bg-secondary-light3\" data-v-6a3742cd=\"\" data-v-3a2e2332=\"\">\n<div class=\"w-full lg:w-1\/2 max-h-72\" data-v-6a3742cd=\"\"><img decoding=\"async\" src=\"https:\/\/file.hstatic.net\/200000834019\/file\/emulsion_402131b19f8a483a8937006a34580d45.jpg\" \/><\/div>\n<div class=\"flex flex-col w-full px-2 py-3 usage lg:w-1\/2 lg:py-5 2xl:py-12 lg:overflow-y-auto lg:max-h-72\" data-v-6a3742cd=\"\">\n<p>&nbsp;<\/p>\n<p>&nbsp;<\/p>\n<table border=\"1\">\n<tbody>\n<tr>\n<td>Ti\u00eau ch\u00ed &#8220;13 KH\u00d4NG&#8221; xuy\u00ean su\u1ed1t trong h\u1ec7 s\u1ea3n ph\u1ea9m<\/p>\n<p>&nbsp;<\/p>\n<p><strong>KH\u00d4NG CH\u1ee8A<\/strong><\/p>\n<p>&nbsp;<\/p>\n<p>\u2022 D\u1ea7u kho\u00e1ng H\u01b0\u01a1ng li\u1ec7u t\u1ed1ng h\u1ee3p Ch\u1ea5t t\u1ea1o m\u00e0u ho\u00e1 h\u1ecdc.<\/p>\n<p>\u2022 Nguy\u00ean li\u1ec7u c\u00f3 ngu\u1ed3n g\u1ed1c t\u1eeb \u0111\u1ed9ng v\u1eadt.<\/p>\n<p>\u2022 Ch\u1ea5t l\u00e0m s\u1ea1ch g\u1ed1c Sulfates: SLS, SLES.<\/p>\n<p>\u2022 MEA\/DEA\/TEA<\/p>\n<p>\u2022 Phthalates<\/p>\n<p>\u2022 Ch\u1ea5t b\u1ea3o qu\u1ea3n t\u1ed5ng h\u1ee3p (Paraben, Phenoxyethanol\u2026)<\/p>\n<p>\u2022 Kh\u00f4ng ch\u1ee9a c\u1ed3n.<\/p>\n<p>\u2022 Silicone<\/p>\n<p>\u2022 S\u1eed d\u1ee5ng c\u00e1c ch\u1ea5t t\u1ea1o \u0111\u1eb7c\/nh\u0169 ho\u00e1 t\u1ed5ng h\u1ee3p (Carbomer, Polymer, Glyceryl Stearate, Cetearyl Alcohol).<\/p>\n<p>\u2022 EDTA<\/td>\n<\/tr>\n<\/tbody>\n<\/table>\n<p>&nbsp;<\/p>\n<p>&nbsp;<\/p>\n<\/div>\n<\/div>\n<\/div>\n<\/div>\n<div class=\"inforange\">\n<div data-v-36134904=\"\">\n<div id=\"113\" class=\"flex hasvideox revever flex-col w-full bg-opacity-25 lg:flex-row bg-secondary-light3\" data-v-6a3742cd=\"\" data-v-3a2e2332=\"\">\n<div class=\"w-full lg:w-1\/2 max-h-72\" data-v-6a3742cd=\"\"><img decoding=\"async\" src=\"https:\/\/file.hstatic.net\/200000834019\/file\/dsc03584_ef2f1d05ca474e2498878776ebabf644.jpeg\" \/><\/div>\n<div class=\"flex flex-col w-full px-2 py-3 usage lg:w-1\/2 lg:py-5 2xl:py-12 lg:overflow-y-auto lg:max-h-72\" data-v-6a3742cd=\"\">\n<p>&nbsp;<\/p>\n<p>&nbsp;<\/p>\n<table border=\"1\">\n<tbody>\n<tr>\n<td>H\u01b0\u1edbng d\u1eabn s\u1eed d\u1ee5ng<\/p>\n<p>\u00bb L\u00e0m s\u1ea1ch m\u1eb7t v\u1edbi s\u1eefa r\u1eeda m\u1eb7t nh\u1eb9 d\u1ecbu ph\u00f9 h\u1ee3p v\u1edbi t\u1eebng lo\u1ea1i da. Th\u1ea5m kh\u00f4 da.<\/p>\n<p>\u00bb L\u1ea5y m\u1ed9t l\u01b0\u1ee3ng S\u1eefa D\u01b0\u1ee1ng C\u1ea5p \u1ea8m L\u00e0m S\u00e1ng \u0110\u1ec1u M\u00e0u Da v\u1eeba \u0111\u1ee7 thoa \u0111\u1ec1u tr\u00ean da, v\u1ed7 nh\u1eb9 cho \u0111\u1ebfn khi th\u1ea5m ho\u00e0n to\u00e0n.<\/p>\n<p>\u00bb\u00a0N\u00ean s\u1eed d\u1ee5ng th\u00eam Tinh Ch\u1ea5t L\u00e0m S\u00e1ng \u0110\u1ec1u M\u00e0u Da tr\u01b0\u1edbc khi s\u1eed d\u1ee5ng S\u1eefa D\u01b0\u1ee1ng \u0111\u1ec3 \u0111\u1ea1t k\u1ebft qu\u1ea3 ch\u0103m s\u00f3c da t\u1ed1t nh\u1ea5t.<\/p>\n<p>&nbsp;<\/p>\n<hr \/>\n<p>&nbsp;<\/p>\n<p>H\u1ea1n s\u1eed d\u1ee5ng<\/p>\n<p>\u00bb\u00a018 th\u00e1ng k\u1ec3 t\u1eeb ng\u00e0y s\u1ea3n xu\u1ea5t.<\/p>\n<p>\u00bb\u00a008 th\u00e1ng k\u1ec3 t\u1eeb khi m\u1edf n\u1eafp.<\/td>\n<\/tr>\n<\/tbody>\n<\/table>\n<\/div>\n<\/div>\n<\/div>\n<\/div>\n<\/div>\n","protected":false},"excerpt":{"rendered":"<div class=\"desc0 text-sm lg:text-base mt-8px lg:mt-1.5 product-description text-typo-heading\">\n<p class=\"CxSpFirst\">S\u1eefa d\u01b0\u1ee1ng c\u1ea5p \u1ea9m v\u00e0 s\u00e1ng \u0111\u1ec1u m\u00e0u da v\u1edbi k\u1ebft c\u1ea5u s\u1ec7t l\u1ecfng, d\u1ec5 d\u00e0ng th\u1ea9m th\u1ea5u gi\u00fap cung c\u1ea5p cho da m\u1ed9t l\u01b0\u1ee3ng \u0111\u1ed9 \u1ea9m v\u00e0 d\u01b0\u1ee1ng ch\u1ea5t d\u1ed3i d\u00e0o t\u1eeb d\u1ea7u c\u00e1m g\u1ea1o Nh\u1eadt B\u1ea3n. Ngo\u00e0i ra, h\u1ec7 5 ho\u1ea1t ch\u1ea5t l\u00e0m s\u00e1ng \u0111\u1ec1u m\u00e0u da t\u1eeb Melazero, chi\u1ebft xu\u1ea5t r\u1ec5 Cam Th\u1ea3o, Tranexamic, Niacinamide, Inositol gi\u00fap ph\u00e2n gi\u1ea3i v\u00e0 \u1ee9c ch\u1ebf s\u1eafc t\u1ed1, h\u1ed7 tr\u1ee3 l\u00e0m s\u00e1ng \u0111\u1ec1u m\u00e0u da m\u1ed9t c\u00e1ch v\u01b0\u1ee3t tr\u1ed9i, nu\u00f4i d\u01b0\u1ee1ng v\u00e0 b\u1ea3o v\u1ec7 da to\u00e0n di\u1ec7n.<\/p>\n<p>&nbsp;<\/p>\n<\/div>\n<div class=\"desc2 flex flex-col\" data-v-95dfa95a=\"\">\n<div class=\"contentinfo3\">\n<hr \/>\n<p>&nbsp;<\/p>\n<p>\u0110\u1eb7c \u0111i\u1ec3m n\u1ed5i b\u1eadt<br \/>\n\u2713\u00a0Kho\u00e1 \u1ea9m, gi\u1ea3m m\u1ea5t n\u01b0\u1edbc qua da, gi\u00fap da \u1ea9m m\u01b0\u1ee3t.<br \/>\n\u2713\u00a0Th\u1ec3 ch\u1ea5t emulsion m\u1ecfng nh\u1eb9, d\u1ec5 d\u00e0ng th\u1ea9m th\u1ea5u, kh\u00f4ng nh\u1eddn r\u00edt sau khi b\u00f4i.<br \/>\n\u2713\u00a0Nguy\u00ean li\u1ec7u thi\u00ean nhi\u00ean an to\u00e0n, th\u00e2n thi\u1ec7n v\u1edbi da, kh\u00f4ng g\u00e2y b\u00edt t\u1eafc l\u1ed7 ch\u00e2n l\u00f4ng.<br \/>\n\u2713\u00a0An to\u00e0n cho m\u1eb9 b\u1ea7u, cho con b\u00fa v\u00e0 tr\u1ebb d\u1eady th\u00ec.<\/p>\n<\/div>\n<\/div>\n","protected":false},"featured_media":368,"comment_status":"open","ping_status":"closed","template":"","meta":{"site-sidebar-layout":"default","site-content-layout":"","ast-site-content-layout":"default","site-content-style":"default","site-sidebar-style":"default","ast-global-header-display":"","ast-banner-title-visibility":"","ast-main-header-display":"","ast-hfb-above-header-display":"","ast-hfb-below-header-display":"","ast-hfb-mobile-header-display":"","site-post-title":"","ast-breadcrumbs-content":"","ast-featured-img":"","footer-sml-layout":"","theme-transparent-header-meta":"default","adv-header-id-meta":"","stick-header-meta":"","header-above-stick-meta":"","header-main-stick-meta":"","header-below-stick-meta":"","astra-migrate-meta-layouts":"set","ast-page-background-enabled":"default","ast-page-background-meta":{"desktop":{"background-color":"var(--ast-global-color-5)","background-image":"","background-repeat":"repeat","background-position":"center center","background-size":"auto","background-attachment":"scroll","background-type":"","background-media":"","overlay-type":"","overlay-color":"","overlay-opacity":"","overlay-gradient":""},"tablet":{"background-color":"","background-image":"","background-repeat":"repeat","background-position":"center center","background-size":"auto","background-attachment":"scroll","background-type":"","background-media":"","overlay-type":"","overlay-color":"","overlay-opacity":"","overlay-gradient":""},"mobile":{"background-color":"","background-image":"","background-repeat":"repeat","background-position":"center center","background-size":"auto","background-attachment":"scroll","background-type":"","background-media":"","overlay-type":"","overlay-color":"","overlay-opacity":"","overlay-gradient":""}},"ast-content-background-meta":{"desktop":{"background-color":"var(--ast-global-color-4)","background-image":"","background-repeat":"repeat","background-position":"center center","background-size":"auto","background-attachment":"scroll","background-type":"","background-media":"","overlay-type":"","overlay-color":"","overlay-opacity":"","overlay-gradient":""},"tablet":{"background-color":"var(--ast-global-color-4)","background-image":"","background-repeat":"repeat","background-position":"center center","background-size":"auto","background-attachment":"scroll","background-type":"","background-media":"","overlay-type":"","overlay-color":"","overlay-opacity":"","overlay-gradient":""},"mobile":{"background-color":"var(--ast-global-color-4)","background-image":"","background-repeat":"repeat","background-position":"center center","background-size":"auto","background-attachment":"scroll","background-type":"","background-media":"","overlay-type":"","overlay-color":"","overlay-opacity":"","overlay-gradient":""}}},"product_brand":[],"product_cat":[18,19,17,21],"product_tag":[],"class_list":{"0":"post-332","1":"product","2":"type-product","3":"status-publish","4":"has-post-thumbnail","6":"product_cat-cham-soc-da-mat","7":"product_cat-duong-da","8":"product_cat-my-pham","9":"product_cat-skinsolve","10":"desktop-align-left","11":"tablet-align-left","12":"mobile-align-left","14":"first","15":"instock","16":"taxable","17":"shipping-taxable","18":"purchasable","19":"product-type-simple"},"_links":{"self":[{"href":"https:\/\/omewa.online\/index.php\/wp-json\/wp\/v2\/product\/332","targetHints":{"allow":["GET"]}}],"collection":[{"href":"https:\/\/omewa.online\/index.php\/wp-json\/wp\/v2\/product"}],"about":[{"href":"https:\/\/omewa.online\/index.php\/wp-json\/wp\/v2\/types\/product"}],"replies":[{"embeddable":true,"href":"https:\/\/omewa.online\/index.php\/wp-json\/wp\/v2\/comments?post=332"}],"wp:featuredmedia":[{"embeddable":true,"href":"https:\/\/omewa.online\/index.php\/wp-json\/wp\/v2\/media\/368"}],"wp:attachment":[{"href":"https:\/\/omewa.online\/index.php\/wp-json\/wp\/v2\/media?parent=332"}],"wp:term":[{"taxonomy":"product_brand","embeddable":true,"href":"https:\/\/omewa.online\/index.php\/wp-json\/wp\/v2\/product_brand?post=332"},{"taxonomy":"product_cat","embeddable":true,"href":"https:\/\/omewa.online\/index.php\/wp-json\/wp\/v2\/product_cat?post=332"},{"taxonomy":"product_tag","embeddable":true,"href":"https:\/\/omewa.online\/index.php\/wp-json\/wp\/v2\/product_tag?post=332"}],"curies":[{"name":"wp","href":"https:\/\/api.w.org\/{rel}","templated":true}]}}