{"id":331,"date":"2025-11-01T18:09:38","date_gmt":"2025-11-01T18:09:38","guid":{"rendered":"https:\/\/omewa.online\/?post_type=product&#038;p=331"},"modified":"2026-03-19T14:06:38","modified_gmt":"2026-03-19T14:06:38","slug":"toner-melazero-ho-tro-can-bang-cai-thien-sac-da","status":"publish","type":"product","link":"https:\/\/omewa.online\/index.php\/product\/toner-melazero-ho-tro-can-bang-cai-thien-sac-da\/","title":{"rendered":"Toner Melazero \u2013 H\u1ed7 tr\u1ee3 c\u00e2n b\u1eb1ng &#038; c\u1ea3i thi\u1ec7n s\u1eafc da"},"content":{"rendered":"<div class=\"border-b border-secondary-light3 lg:border-0\" data-v-3a2e2332=\"\">\n<div data-v-36134904=\"\">\n<div id=\"96\" class=\"flex flex-col w-full h-full bg-opacity-25 lg:flex-row bg-secondary-light3\" data-v-475c5dca=\"\" data-v-3a2e2332=\"\">\n<div class=\"w-full lg:w-1\/2 theimageinfo1\">\n<p data-start=\"1629\" data-end=\"1912\">Toner d\u01b0\u1ee1ng da Melazero v\u1edbi chi\u1ebft xu\u1ea5t th\u1ef1c v\u1eadt ch\u1ecdn l\u1ecdc t\u1eeb Arisaema Amurense c\u00f9ng nhi\u1ec1u th\u00e0nh ph\u1ea7n ch\u0103m s\u00f3c chuy\u00ean s\u00e2u gi\u00fap l\u00e0n da th\u00eam m\u1ec1m m\u1ea1i, t\u01b0\u01a1i m\u1edbi. C\u00f4ng th\u1ee9c d\u1ecbu nh\u1eb9, th\u00e2n thi\u1ec7n v\u1edbi h\u00e0ng r\u00e0o t\u1ef1 nhi\u00ean c\u1ee7a da, h\u1ed7 tr\u1ee3 nu\u00f4i d\u01b0\u1ee1ng b\u1ec1 m\u1eb7t da tr\u1edf n\u00ean r\u1ea1ng r\u1ee1, \u0111\u1ec1u m\u00e0u v\u00e0 kh\u1ecfe kho\u1eafn.<\/p>\n<hr data-start=\"1914\" data-end=\"1917\" \/>\n<h2 data-start=\"1919\" data-end=\"1937\">\ud83d\udca7 \u0110i\u1ec3m n\u1ed5i b\u1eadt<\/h2>\n<p data-start=\"1938\" data-end=\"2215\">\u2705 H\u1ed7 tr\u1ee3 c\u1ea5p \u1ea9m, gi\u00fap da tr\u00f4ng c\u0103ng m\u1ecbn, t\u01b0\u01a1i t\u1eafn.<br data-start=\"1988\" data-end=\"1991\" \/>\u2705 Duy tr\u00ec \u0111\u1ed9 pH c\u00e2n b\u1eb1ng, b\u1ea3o v\u1ec7 h\u1ec7 vi sinh tr\u00ean da.<br data-start=\"2043\" data-end=\"2046\" \/>\u2705 L\u00e0m d\u1ecbu da sau b\u01b0\u1edbc l\u00e0m s\u1ea1ch, t\u1ea1o n\u1ec1n da th\u00f4ng tho\u00e1ng s\u1eb5n s\u00e0ng cho c\u00e1c b\u01b0\u1edbc d\u01b0\u1ee1ng ti\u1ebfp theo.<br data-start=\"2140\" data-end=\"2143\" \/>\u2705 Gi\u00fap b\u1ec1 m\u1eb7t da tr\u1edf n\u00ean s\u00e1ng kh\u1ecfe h\u01a1n, \u0111\u1ec1u m\u00e0u h\u01a1n khi s\u1eed d\u1ee5ng \u0111\u1ec1u \u0111\u1eb7n.<\/p>\n<hr data-start=\"2217\" data-end=\"2220\" \/>\n<h2 data-start=\"2222\" data-end=\"2244\">\ud83c\udf3f Th\u00e0nh ph\u1ea7n ch\u00ednh<\/h2>\n<ul data-start=\"2245\" data-end=\"2660\">\n<li data-start=\"2245\" data-end=\"2366\">\n<p data-start=\"2247\" data-end=\"2366\"><strong data-start=\"2247\" data-end=\"2290\">Chi\u1ebft xu\u1ea5t Arisaema Amurense (Melazero)<\/strong>: Gi\u00fap c\u1ea3i thi\u1ec7n v\u1ebb ngo\u00e0i c\u1ee7a l\u00e0n da, h\u1ed7 tr\u1ee3 l\u00e0m da tr\u00f4ng \u0111\u1ec1u m\u00e0u, t\u01b0\u01a1i t\u1eafn.<\/p>\n<\/li>\n<li data-start=\"2367\" data-end=\"2446\">\n<p data-start=\"2369\" data-end=\"2446\"><strong data-start=\"2369\" data-end=\"2384\">Acid Lactic<\/strong>: H\u1ed7 tr\u1ee3 lo\u1ea1i b\u1ecf t\u1ebf b\u00e0o s\u1eebng gi\u00e0, gi\u00fap b\u1ec1 m\u1eb7t da m\u1ecbn m\u00e0ng h\u01a1n.<\/p>\n<\/li>\n<li data-start=\"2447\" data-end=\"2569\">\n<p data-start=\"2449\" data-end=\"2569\"><strong data-start=\"2449\" data-end=\"2498\">Panthenol (Vitamin B5) &amp; Saccharide Isomerate<\/strong>: Gi\u00fap l\u00e0m d\u1ecbu, c\u1ea5p \u1ea9m s\u00e2u, b\u1ea3o v\u1ec7 da tr\u01b0\u1edbc c\u00e1c t\u00e1c \u0111\u1ed9ng t\u1eeb m\u00f4i tr\u01b0\u1eddng.<\/p>\n<\/li>\n<li data-start=\"2570\" data-end=\"2660\">\n<p data-start=\"2572\" data-end=\"2660\"><strong data-start=\"2572\" data-end=\"2598\">Chi\u1ebft xu\u1ea5t r\u1ec5 cam th\u1ea3o<\/strong>: Gi\u00fap duy tr\u00ec v\u1ebb t\u01b0\u01a1i s\u00e1ng, h\u1ed7 tr\u1ee3 c\u1ea3i thi\u1ec7n v\u00f9ng da x\u1ec9n m\u00e0u.<\/p>\n<\/li>\n<\/ul>\n<hr data-start=\"2662\" data-end=\"2665\" \/>\n<h2 data-start=\"2667\" data-end=\"2690\">\ud83d\udccc H\u01b0\u1edbng d\u1eabn s\u1eed d\u1ee5ng<\/h2>\n<ul data-start=\"2691\" data-end=\"2912\">\n<li data-start=\"2691\" data-end=\"2786\">\n<p data-start=\"2693\" data-end=\"2786\">Sau b\u01b0\u1edbc l\u00e0m s\u1ea1ch, l\u1ea5y m\u1ed9t l\u01b0\u1ee3ng toner v\u1eeba \u0111\u1ee7 v\u1ed7 nh\u1eb9 kh\u1eafp m\u1eb7t ho\u1eb7c th\u1ea5m b\u00f4ng lau nh\u1eb9 nh\u00e0ng.<\/p>\n<\/li>\n<li data-start=\"2787\" data-end=\"2833\">\n<p data-start=\"2789\" data-end=\"2833\">C\u00f3 th\u1ec3 d\u00f9ng nh\u01b0 lotion mask \u0111\u1ec3 c\u1ea5p \u1ea9m s\u00e2u.<\/p>\n<\/li>\n<li data-start=\"2834\" data-end=\"2912\">\n<p data-start=\"2836\" data-end=\"2912\">S\u1eed d\u1ee5ng \u0111\u1ec1u \u0111\u1eb7n m\u1ed7i s\u00e1ng v\u00e0 t\u1ed1i \u0111\u1ec3 h\u1ed7 tr\u1ee3 duy tr\u00ec l\u00e0n da m\u1ec1m m\u1ecbn, s\u00e1ng kh\u1ecfe.<\/p>\n<\/li>\n<\/ul>\n<hr data-start=\"2914\" data-end=\"2917\" \/>\n<h2 data-start=\"2919\" data-end=\"2940\">\ud83d\udeab Cam k\u1ebft an to\u00e0n<\/h2>\n<ul data-start=\"2941\" data-end=\"3065\">\n<li data-start=\"2941\" data-end=\"3010\">\n<p data-start=\"2943\" data-end=\"3010\">Kh\u00f4ng ch\u1ee9a d\u1ea7u kho\u00e1ng, paraben, c\u1ed3n, h\u01b0\u01a1ng li\u1ec7u t\u1ed5ng h\u1ee3p, silicone.<\/p>\n<\/li>\n<li data-start=\"3011\" data-end=\"3065\">\n<p data-start=\"3013\" data-end=\"3065\">Ph\u00f9 h\u1ee3p v\u1edbi nhi\u1ec1u lo\u1ea1i da, k\u1ec3 c\u1ea3 l\u00e0n da d\u1ec5 nh\u1ea1y c\u1ea3m.<\/p>\n<\/li>\n<\/ul>\n<hr data-start=\"3067\" data-end=\"3070\" \/>\n<h2 data-start=\"3072\" data-end=\"3085\">\u23f3 H\u1ea1n d\u00f9ng<\/h2>\n<ul data-start=\"3086\" data-end=\"3141\">\n<li data-start=\"3086\" data-end=\"3141\">\n<p data-start=\"3088\" data-end=\"3141\">18 th\u00e1ng k\u1ec3 t\u1eeb ng\u00e0y s\u1ea3n xu\u1ea5t, 8 th\u00e1ng sau khi m\u1edf n\u1eafp.#Melazero #TonerDuongAm #HoTroCanBangDa #ChamSocDa #LamSangMin #DaDeuMau #KBeauty #MyPhamHanQuoc<\/p>\n<\/li>\n<\/ul>\n<\/div>\n<\/div>\n<\/div>\n<\/div>\n","protected":false},"excerpt":{"rendered":"<div class=\"desc0 text-sm lg:text-base mt-8px lg:mt-1.5 product-description text-typo-heading\">\n<p>Dung d\u1ecbch c\u00e2n b\u1eb1ng \u0111\u1ed9 \u1ea9m d\u1ea1ng n\u01b0\u1edbc nh\u1eb9, d\u1ec5 d\u00e0ng th\u1ea9m th\u1ea5u, ch\u1ee9a nhi\u1ec1u th\u00e0nh ph\u1ea7n c\u00f3 l\u1ee3i cho da nh\u01b0 Melazero, chi\u1ebft xu\u1ea5t r\u1ec5 Cam Th\u1ea3o, \u2026 gi\u00fap da cung c\u1ea5p \u0111\u1ed9 \u1ea9m t\u1ee9c th\u00ec, h\u1ed7 tr\u1ee3 l\u00e0m s\u00e1ng \u0111\u1ec1u m\u00e0u da,\u00a0h\u1ed7\u00a0tr\u1ee3 ki\u1ec3m so\u00e1t d\u1ea7u, t\u00e1i t\u1ea1o v\u00e0 ph\u1ee5c h\u1ed3i t\u1eeb b\u00ean trong. Ngo\u00e0i ra, c\u00f2n gi\u00fap da b\u1ea3o v\u1ec7 da kh\u1ecfi c\u00e1c t\u00e1c nh\u00e2n g\u00e2y h\u1ea1i, t\u1ea1o c\u1ea3m gi\u00e1c t\u01b0\u01a1i m\u00e1t ngay sau khi s\u1eed d\u1ee5ng.<\/p>\n<\/div>\n<div class=\"desc2 flex flex-col\" data-v-95dfa95a=\"\">\n<div class=\"contentinfo3\">\n<p>&nbsp;<\/p>\n<p>&nbsp;<\/p>\n<hr \/>\n<p>&nbsp;<\/p>\n<p>\u0110\u1eb7c \u0111i\u1ec3m n\u1ed5i b\u1eadt<br \/>\n\u2713\u00a0Th\u1ec3 ch\u1ea5t toner m\u1ecfng nh\u1eb9, d\u1ec5 d\u00e0ng th\u1ea9m th\u1ea5u, kh\u00f4ng nh\u1eddn r\u00edt sau khi b\u00f4i.<br \/>\n\u2713\u00a0D\u1ec5 th\u1ea5m v\u00e0o da, l\u00e0m \u0111\u01b0\u1eddng d\u1eabn cho c\u00e1c ho\u1ea1t ch\u1ea5t kh\u00e1c d\u1ec5 th\u1ea5m v\u00e0o da.<br \/>\n\u2713\u00a0Nguy\u00ean li\u1ec7u thi\u00ean nhi\u00ean an to\u00e0n, th\u00e2n thi\u1ec7n v\u1edbi da, kh\u00f4ng g\u00e2y b\u00edt t\u1eafc l\u1ed7 ch\u00e2n l\u00f4ng.<br \/>\n\u2713\u00a0An to\u00e0n cho m\u1eb9 b\u1ea7u, cho con b\u00fa v\u00e0 tr\u1ebb d\u1eady th\u00ec.<\/p>\n<\/div>\n<\/div>\n","protected":false},"featured_media":364,"comment_status":"open","ping_status":"closed","template":"","meta":{"site-sidebar-layout":"default","site-content-layout":"","ast-site-content-layout":"default","site-content-style":"default","site-sidebar-style":"default","ast-global-header-display":"","ast-banner-title-visibility":"","ast-main-header-display":"","ast-hfb-above-header-display":"","ast-hfb-below-header-display":"","ast-hfb-mobile-header-display":"","site-post-title":"","ast-breadcrumbs-content":"","ast-featured-img":"","footer-sml-layout":"","theme-transparent-header-meta":"","adv-header-id-meta":"","stick-header-meta":"","header-above-stick-meta":"","header-main-stick-meta":"","header-below-stick-meta":"","astra-migrate-meta-layouts":"default","ast-page-background-enabled":"default","ast-page-background-meta":{"desktop":{"background-color":"var(--ast-global-color-5)","background-image":"","background-repeat":"repeat","background-position":"center center","background-size":"auto","background-attachment":"scroll","background-type":"","background-media":"","overlay-type":"","overlay-color":"","overlay-opacity":"","overlay-gradient":""},"tablet":{"background-color":"","background-image":"","background-repeat":"repeat","background-position":"center center","background-size":"auto","background-attachment":"scroll","background-type":"","background-media":"","overlay-type":"","overlay-color":"","overlay-opacity":"","overlay-gradient":""},"mobile":{"background-color":"","background-image":"","background-repeat":"repeat","background-position":"center center","background-size":"auto","background-attachment":"scroll","background-type":"","background-media":"","overlay-type":"","overlay-color":"","overlay-opacity":"","overlay-gradient":""}},"ast-content-background-meta":{"desktop":{"background-color":"var(--ast-global-color-4)","background-image":"","background-repeat":"repeat","background-position":"center center","background-size":"auto","background-attachment":"scroll","background-type":"","background-media":"","overlay-type":"","overlay-color":"","overlay-opacity":"","overlay-gradient":""},"tablet":{"background-color":"var(--ast-global-color-4)","background-image":"","background-repeat":"repeat","background-position":"center center","background-size":"auto","background-attachment":"scroll","background-type":"","background-media":"","overlay-type":"","overlay-color":"","overlay-opacity":"","overlay-gradient":""},"mobile":{"background-color":"var(--ast-global-color-4)","background-image":"","background-repeat":"repeat","background-position":"center center","background-size":"auto","background-attachment":"scroll","background-type":"","background-media":"","overlay-type":"","overlay-color":"","overlay-opacity":"","overlay-gradient":""}}},"product_brand":[23],"product_cat":[18,19,17,21],"product_tag":[],"class_list":{"0":"post-331","1":"product","2":"type-product","3":"status-publish","4":"has-post-thumbnail","6":"product_brand-skinsolve","7":"product_cat-cham-soc-da-mat","8":"product_cat-duong-da","9":"product_cat-my-pham","10":"product_cat-skinsolve","11":"desktop-align-left","12":"tablet-align-left","13":"mobile-align-left","15":"first","16":"instock","17":"taxable","18":"shipping-taxable","19":"purchasable","20":"product-type-simple"},"_links":{"self":[{"href":"https:\/\/omewa.online\/index.php\/wp-json\/wp\/v2\/product\/331","targetHints":{"allow":["GET"]}}],"collection":[{"href":"https:\/\/omewa.online\/index.php\/wp-json\/wp\/v2\/product"}],"about":[{"href":"https:\/\/omewa.online\/index.php\/wp-json\/wp\/v2\/types\/product"}],"replies":[{"embeddable":true,"href":"https:\/\/omewa.online\/index.php\/wp-json\/wp\/v2\/comments?post=331"}],"wp:featuredmedia":[{"embeddable":true,"href":"https:\/\/omewa.online\/index.php\/wp-json\/wp\/v2\/media\/364"}],"wp:attachment":[{"href":"https:\/\/omewa.online\/index.php\/wp-json\/wp\/v2\/media?parent=331"}],"wp:term":[{"taxonomy":"product_brand","embeddable":true,"href":"https:\/\/omewa.online\/index.php\/wp-json\/wp\/v2\/product_brand?post=331"},{"taxonomy":"product_cat","embeddable":true,"href":"https:\/\/omewa.online\/index.php\/wp-json\/wp\/v2\/product_cat?post=331"},{"taxonomy":"product_tag","embeddable":true,"href":"https:\/\/omewa.online\/index.php\/wp-json\/wp\/v2\/product_tag?post=331"}],"curies":[{"name":"wp","href":"https:\/\/api.w.org\/{rel}","templated":true}]}}