{"id":2904,"date":"2026-03-03T11:01:11","date_gmt":"2026-03-03T11:01:11","guid":{"rendered":"https:\/\/omewa.online\/?post_type=product&#038;p=2904"},"modified":"2026-03-03T11:03:29","modified_gmt":"2026-03-03T11:03:29","slug":"my-trung-vang-thien-bao-mi-tuoi-say-lanh-khong-chat-bao-quan-mi-trung-ngon-chuan-vi-nha-lam","status":"publish","type":"product","link":"https:\/\/omewa.online\/index.php\/product\/my-trung-vang-thien-bao-mi-tuoi-say-lanh-khong-chat-bao-quan-mi-trung-ngon-chuan-vi-nha-lam\/","title":{"rendered":"M\u1ef3 Tr\u1ee9ng V\u00e0ng Thi\u1ec7n B\u1ea3o 500g \u2013 M\u00ec T\u01b0\u01a1i S\u1ea5y L\u1ea1nh | Kh\u00f4ng Ch\u1ea5t B\u1ea3o Qu\u1ea3n | M\u00ec Tr\u1ee9ng Ngon Chu\u1ea9n V\u1ecb Nh\u00e0 L\u00e0m"},"content":{"rendered":"<p>M\u00ec Tr\u1ee9ng V\u00e0ng Thi\u1ec7n B\u1ea3o] \u2013 M\u00ec T\u01b0\u01a1i S\u1ea5y L\u1ea1nh | Kh\u00f4ng Ch\u1ea5t B\u1ea3o Qu\u1ea3n | M\u00ec Tr\u1ee9ng Ngon Chu\u1ea9n V\u1ecb Nh\u00e0 L\u00e0m<\/p>\n<p>\ud83d\udccc TH\u00d4NG TIN S\u1ea2N PH\u1ea8M:<\/p>\n<p>\t\u2022\tT\u00ean s\u1ea3n ph\u1ea9m: M\u00ec Tr\u1ee9ng V\u00e0ng Thi\u1ec7n B\u1ea3o<\/p>\n<p>\t\u2022\tQuy c\u00e1ch \u0111\u00f3ng g\u00f3i: g\u00f3i 250g \/ 500g <\/p>\n<p>\t\u2022\tTh\u00e0nh ph\u1ea7n:60% b\u1ed9t m\u00ec cao c\u1ea5p, 30% tr\u1ee9ng g\u00e0 t\u01b0\u01a1i, mu\u1ed1i bi\u1ec3n t\u1ef1 nhi\u00ean, c\u1ee7 ngh\u1ec7 <\/p>\n<p>\t\u2022\tC\u00e1ch b\u1ea3o qu\u1ea3n: N\u01a1i kh\u00f4 r\u00e1o, tho\u00e1ng m\u00e1t<\/p>\n<p>\t\u2022\tH\u1ea1n s\u1eed d\u1ee5ng: 12 th\u00e1ng k\u1ec3 t\u1eeb ng\u00e0y s\u1ea3n xu\u1ea5t<\/p>\n<p>\t\u2022\tC\u00f4ng ngh\u1ec7: S\u1ea5y l\u1ea1nh gi\u1eef tr\u1ecdn h\u01b0\u01a1ng v\u1ecb \u2013 KH\u00d4NG chi\u00ean d\u1ea7u, KH\u00d4NG ch\u1ea5t b\u1ea3o qu\u1ea3n<\/p>\n<p>\ud83d\udc9b \u0110I\u1ec2M \u0110\u1eb6C BI\u1ec6T C\u1ee6A M\u00cc TR\u1ee8NG V\u00c0NG THI\u1ec6N B\u1ea2O:<\/p>\n<p>\u2714\ufe0f th\u01a1m b\u00f9i t\u1ef1 nhi\u00ean, kh\u00f4ng tanh nh\u1edd s\u1eed d\u1ee5ng tr\u1ee9ng g\u00e0 t\u01b0\u01a1i <\/p>\n<p>\u2714\ufe0f V\u00e0ng \u00f3ng \u0111\u1eb9p m\u1eaft \u2013 kh\u00f4ng ph\u1ea9m m\u00e0u c\u00f4ng nghi\u1ec7p &#8211; m\u00e0u t\u1eeb c\u1ee7 ngh\u1ec7 <\/p>\n<p>\u2714\ufe0f Kh\u00f4ng d\u1ea7u chi\u00ean \u2013 t\u1ed1t cho s\u1ee9c kh\u1ecfe, th\u00edch h\u1ee3p c\u1ea3 ng\u01b0\u1eddi \u0103n ki\u00eang<\/p>\n<p>\u2714\ufe0f N\u1ea5u nhanh, ti\u1ec7n l\u1ee3i \u2013 ch\u1ec9 m\u1ea5t 2\u20133 ph\u00fat tr\u1ee5ng l\u00e0 c\u00f3 ngay t\u00f4 m\u00ec ngon<\/p>\n<p>\u2714\ufe0f Ph\u00f9 h\u1ee3p m\u1ecdi \u0111\u1ed1i t\u01b0\u1ee3ng: t\u1eeb tr\u1ebb nh\u1ecf \u0111\u1ebfn ng\u01b0\u1eddi l\u1edbn tu\u1ed5i \u0111\u1ec1u d\u00f9ng \u0111\u01b0\u1ee3c<\/p>\n<p>\ud83d\udca1 G\u1ee2I \u00dd CH\u1ebe BI\u1ebeN:<\/p>\n<p>\t\u2022\tM\u00ec tr\u1ed9n x\u00ec d\u1ea7u t\u1ecfi phi<\/p>\n<p>\t\u2022\tM\u00ec tr\u1ee9ng s\u1ed1t b\u00f2 b\u1eb1m<\/p>\n<p>\t\u2022\tM\u00ec n\u1ea5u n\u01b0\u1edbc d\u00f9ng g\u00e0, n\u01b0\u1edbc h\u1ea7m x\u01b0\u01a1ng<\/p>\n<p>\t\u2022\tM\u00ec x\u00e0o rau c\u1ee7, tr\u1ee9ng, t\u00f4m\u2026<\/p>\n<p>\ud83d\udce6 CAM K\u1ebeT T\u1eea THI\u1ec6N B\u1ea2O:<\/p>\n<p>\t\u2022\tS\u1ea3n ph\u1ea9m \u0111\u01b0\u1ee3c s\u1ea3n xu\u1ea5t t\u1ea1i x\u01b0\u1edfng \u0111\u1ea1t ti\u00eau chu\u1ea9n VSATTP<\/p>\n<p>\t\u2022\tGiao h\u00e0ng m\u1edbi s\u1ea3n xu\u1ea5t, lu\u00f4n \u0111\u1ea3m b\u1ea3o ch\u1ea5t l\u01b0\u1ee3ng<\/p>\n<p>\t\u2022\t\u0110\u1ed5i tr\u1ea3 n\u1ebfu h\u00e0ng l\u1ed7i, \u1ea9m, m\u1ed1c, r\u00e1ch bao b\u00ec<\/p>\n<p>\ud83d\uded2 Th\u00eam v\u00e0o gi\u1ecf ngay h\u00f4m nay \u0111\u1ec3 c\u1ea3 nh\u00e0 c\u00f3 nh\u1eefng b\u1eefa \u0103n nhanh \u2013 g\u1ecdn \u2013 l\u00e0nh m\u1ea1nh v\u1edbi M\u00ec Tr\u1ee9ng V\u00e0ng chu\u1ea9n v\u1ecb nh\u00e0 l\u00e0m t\u1eeb Thi\u1ec7n B\u1ea3o!<\/p>\n","protected":false},"excerpt":{"rendered":"<p>M\u00ec Tr\u1ee9ng V\u00e0ng Thi\u1ec7n B\u1ea3o l\u00e0 d\u00f2ng m\u00ec t\u01b0\u01a1i s\u1ea5y l\u1ea1nh cao c\u1ea5p, l\u00e0m t\u1eeb 60% b\u1ed9t m\u00ec v\u00e0 30% tr\u1ee9ng g\u00e0 t\u01b0\u01a1i, cho s\u1ee3i m\u00ec v\u00e0ng \u00f3ng t\u1ef1 nhi\u00ean t\u1eeb c\u1ee7 ngh\u1ec7, th\u01a1m b\u00f9i, kh\u00f4ng tanh. S\u1ea3n ph\u1ea9m kh\u00f4ng chi\u00ean d\u1ea7u \u2013 kh\u00f4ng ch\u1ea5t b\u1ea3o qu\u1ea3n, gi\u1eef tr\u1ecdn h\u01b0\u01a1ng v\u1ecb v\u00e0 dinh d\u01b0\u1ee1ng, an to\u00e0n cho c\u1ea3 gia \u0111\u00ecnh. Ch\u1ec9 2\u20133 ph\u00fat tr\u1ee5ng l\u00e0 c\u00f3 ngay t\u00f4 m\u00ec dai ngon, chu\u1ea9n v\u1ecb nh\u00e0 l\u00e0m.<br \/>\n\ud83d\udce6 CAM K\u1ebeT T\u1eea THI\u1ec6N B\u1ea2O:<\/p>\n<p>\t\u2022\tS\u1ea3n ph\u1ea9m \u0111\u01b0\u1ee3c s\u1ea3n xu\u1ea5t t\u1ea1i x\u01b0\u1edfng \u0111\u1ea1t ti\u00eau chu\u1ea9n VSATTP<\/p>\n<p>\t\u2022\tGiao h\u00e0ng m\u1edbi s\u1ea3n xu\u1ea5t, lu\u00f4n \u0111\u1ea3m b\u1ea3o ch\u1ea5t l\u01b0\u1ee3ng<\/p>\n<p>\t\u2022\t\u0110\u1ed5i tr\u1ea3 n\u1ebfu h\u00e0ng l\u1ed7i, \u1ea9m, m\u1ed1c, r\u00e1ch bao b\u00ec<\/p>\n","protected":false},"featured_media":2913,"comment_status":"open","ping_status":"closed","template":"","meta":{"site-sidebar-layout":"default","site-content-layout":"","ast-site-content-layout":"default","site-content-style":"default","site-sidebar-style":"default","ast-global-header-display":"","ast-banner-title-visibility":"","ast-main-header-display":"","ast-hfb-above-header-display":"","ast-hfb-below-header-display":"","ast-hfb-mobile-header-display":"","site-post-title":"","ast-breadcrumbs-content":"","ast-featured-img":"","footer-sml-layout":"","theme-transparent-header-meta":"default","adv-header-id-meta":"","stick-header-meta":"","header-above-stick-meta":"","header-main-stick-meta":"","header-below-stick-meta":"","astra-migrate-meta-layouts":"set","ast-page-background-enabled":"default","ast-page-background-meta":{"desktop":{"background-color":"var(--ast-global-color-5)","background-image":"","background-repeat":"repeat","background-position":"center center","background-size":"auto","background-attachment":"scroll","background-type":"","background-media":"","overlay-type":"","overlay-color":"","overlay-opacity":"","overlay-gradient":""},"tablet":{"background-color":"","background-image":"","background-repeat":"repeat","background-position":"center center","background-size":"auto","background-attachment":"scroll","background-type":"","background-media":"","overlay-type":"","overlay-color":"","overlay-opacity":"","overlay-gradient":""},"mobile":{"background-color":"","background-image":"","background-repeat":"repeat","background-position":"center center","background-size":"auto","background-attachment":"scroll","background-type":"","background-media":"","overlay-type":"","overlay-color":"","overlay-opacity":"","overlay-gradient":""}},"ast-content-background-meta":{"desktop":{"background-color":"var(--ast-global-color-4)","background-image":"","background-repeat":"repeat","background-position":"center center","background-size":"auto","background-attachment":"scroll","background-type":"","background-media":"","overlay-type":"","overlay-color":"","overlay-opacity":"","overlay-gradient":""},"tablet":{"background-color":"var(--ast-global-color-4)","background-image":"","background-repeat":"repeat","background-position":"center center","background-size":"auto","background-attachment":"scroll","background-type":"","background-media":"","overlay-type":"","overlay-color":"","overlay-opacity":"","overlay-gradient":""},"mobile":{"background-color":"var(--ast-global-color-4)","background-image":"","background-repeat":"repeat","background-position":"center center","background-size":"auto","background-attachment":"scroll","background-type":"","background-media":"","overlay-type":"","overlay-color":"","overlay-opacity":"","overlay-gradient":""}}},"product_brand":[37],"product_cat":[1533,1499,36],"product_tag":[],"class_list":{"0":"post-2904","1":"product","2":"type-product","3":"status-publish","4":"has-post-thumbnail","6":"product_brand-thien-bao","7":"product_cat-mi","8":"product_cat-nhu-yeu-pham","9":"product_cat-thien-bao","10":"desktop-align-left","11":"tablet-align-left","12":"mobile-align-left","14":"first","15":"instock","16":"taxable","17":"shipping-taxable","18":"purchasable","19":"product-type-simple"},"_links":{"self":[{"href":"https:\/\/omewa.online\/index.php\/wp-json\/wp\/v2\/product\/2904","targetHints":{"allow":["GET"]}}],"collection":[{"href":"https:\/\/omewa.online\/index.php\/wp-json\/wp\/v2\/product"}],"about":[{"href":"https:\/\/omewa.online\/index.php\/wp-json\/wp\/v2\/types\/product"}],"replies":[{"embeddable":true,"href":"https:\/\/omewa.online\/index.php\/wp-json\/wp\/v2\/comments?post=2904"}],"wp:featuredmedia":[{"embeddable":true,"href":"https:\/\/omewa.online\/index.php\/wp-json\/wp\/v2\/media\/2913"}],"wp:attachment":[{"href":"https:\/\/omewa.online\/index.php\/wp-json\/wp\/v2\/media?parent=2904"}],"wp:term":[{"taxonomy":"product_brand","embeddable":true,"href":"https:\/\/omewa.online\/index.php\/wp-json\/wp\/v2\/product_brand?post=2904"},{"taxonomy":"product_cat","embeddable":true,"href":"https:\/\/omewa.online\/index.php\/wp-json\/wp\/v2\/product_cat?post=2904"},{"taxonomy":"product_tag","embeddable":true,"href":"https:\/\/omewa.online\/index.php\/wp-json\/wp\/v2\/product_tag?post=2904"}],"curies":[{"name":"wp","href":"https:\/\/api.w.org\/{rel}","templated":true}]}}