{"id":1419,"date":"2025-11-01T18:20:18","date_gmt":"2025-11-01T18:20:18","guid":{"rendered":"https:\/\/omewa.online\/?post_type=product&#038;p=1419"},"modified":"2025-11-26T01:21:59","modified_gmt":"2025-11-26T01:21:59","slug":"khoa-hoc-ielts-dau-vao-3-0-dau-ra-6-0-hoc-online-cam-ket-dau-ra","status":"publish","type":"product","link":"https:\/\/omewa.online\/index.php\/product\/khoa-hoc-ielts-dau-vao-3-0-dau-ra-6-0-hoc-online-cam-ket-dau-ra\/","title":{"rendered":"Kho\u00e1 h\u1ecdc IELTS \u0110\u1ea7u V\u00e0o 3.0 \u0110\u1ea7u Ra 6.0 \u2013 H\u1ecdc Online \u2013 Cam k\u1ebft \u0111\u1ea7u ra"},"content":{"rendered":"<ul>\n<li><strong data-start=\"128\" data-end=\"150\">\u0110\u1ed1i t\u01b0\u1ee3ng tham gia<\/strong>: H\u1ecdc vi\u00ean c\u00f3 \u0111i\u1ec3m ki\u1ec3m tra \u0111\u1ea7u v\u00e0o tr\u00ean 3.0<\/li>\n<li><strong data-start=\"199\" data-end=\"220\">M\u1ee5c ti\u00eau kh\u00f3a h\u1ecdc<\/strong>: Luy\u1ec7n thi \u0111\u1ea1t chu\u1ea9n IELTS 6.0<\/li>\n<li><strong data-start=\"256\" data-end=\"278\">Th\u1eddi l\u01b0\u1ee3ng \u0111\u00e0o t\u1ea1o<\/strong>: 36 tu\u1ea7n (2 gi\u1edd\/bu\u1ed5i \u00d7 3 bu\u1ed5i\/tu\u1ea7n)<\/li>\n<li><strong data-start=\"319\" data-end=\"336\">H\u00ecnh th\u1ee9c h\u1ecdc<\/strong>: H\u1ecdc online<\/li>\n<li><strong data-start=\"392\" data-end=\"410\">Cam k\u1ebft \u0111\u1ea7u ra<\/strong>: B\u1eb1ng v\u0103n b\u1ea3n r\u00f5 r\u00e0ng, minh b\u1ea1ch<\/li>\n<li><strong data-start=\"448\" data-end=\"462\">Gi\u00e1o tr\u00ecnh<\/strong>: T\u1eb7ng to\u00e0n b\u1ed9 t\u00e0i li\u1ec7u h\u1ecdc trong su\u1ed1t kh\u00f3a h\u1ecdc<\/li>\n<li><strong data-start=\"514\" data-end=\"534\">\u01afu \u0111\u00e3i t\u00e0i ch\u00ednh<\/strong>: H\u1ed7 tr\u1ee3 tr\u1ea3 g\u00f3p h\u1ecdc ph\u00ed v\u1edbi <strong data-start=\"563\" data-end=\"578\">0% l\u00e3i su\u1ea5t<\/strong><\/li>\n<li><strong data-start=\"583\" data-end=\"600\">H\u1ed7 tr\u1ee3 thi c\u1eed<\/strong>: T\u00e0i tr\u1ee3 m\u1ed9t ph\u1ea7n <strong data-start=\"619\" data-end=\"639\">l\u1ec7 ph\u00ed thi IELTS<\/strong><\/li>\n<li><strong data-start=\"644\" data-end=\"673\">Ch\u01b0\u01a1ng tr\u00ecnh khuy\u1ebfn kh\u00edch<\/strong>: <strong data-start=\"675\" data-end=\"693\">Th\u01b0\u1edfng h\u1ea5p d\u1eabn<\/strong> cho h\u1ecdc vi\u00ean \u0111\u1ea1t \u0111i\u1ec3m thi cao<\/li>\n<\/ul>\n","protected":false},"excerpt":{"rendered":"<ul>\n<li data-start=\"128\" data-end=\"196\"><strong data-start=\"128\" data-end=\"150\">\u0110\u1ed1i t\u01b0\u1ee3ng tham gia<\/strong>: H\u1ecdc vi\u00ean c\u00f3 \u0111i\u1ec3m ki\u1ec3m tra \u0111\u1ea7u v\u00e0o tr\u00ean 3.0<\/li>\n<li data-start=\"199\" data-end=\"253\"><strong data-start=\"199\" data-end=\"220\">M\u1ee5c ti\u00eau kh\u00f3a h\u1ecdc<\/strong>: Luy\u1ec7n thi \u0111\u1ea1t chu\u1ea9n IELTS 6.0<\/li>\n<li data-start=\"256\" data-end=\"316\"><strong data-start=\"256\" data-end=\"278\">Th\u1eddi l\u01b0\u1ee3ng \u0111\u00e0o t\u1ea1o<\/strong>: 32 tu\u1ea7n (2 gi\u1edd\/bu\u1ed5i \u00d7 3 bu\u1ed5i\/tu\u1ea7n)<\/li>\n<li data-start=\"319\" data-end=\"389\"><strong data-start=\"319\" data-end=\"336\">H\u00ecnh th\u1ee9c h\u1ecdc<\/strong>: H\u1ecdc Online<\/li>\n<li data-start=\"392\" data-end=\"445\"><strong data-start=\"392\" data-end=\"410\">Cam k\u1ebft \u0111\u1ea7u ra<\/strong>: B\u1eb1ng v\u0103n b\u1ea3n r\u00f5 r\u00e0ng, minh b\u1ea1ch<\/li>\n<li data-start=\"448\" data-end=\"511\"><strong data-start=\"448\" data-end=\"462\">Gi\u00e1o tr\u00ecnh<\/strong>: T\u1eb7ng to\u00e0n b\u1ed9 t\u00e0i li\u1ec7u h\u1ecdc trong su\u1ed1t kh\u00f3a h\u1ecdc<\/li>\n<li data-start=\"514\" data-end=\"580\"><strong data-start=\"514\" data-end=\"534\">\u01afu \u0111\u00e3i t\u00e0i ch\u00ednh<\/strong>: H\u1ed7 tr\u1ee3 tr\u1ea3 g\u00f3p h\u1ecdc ph\u00ed v\u1edbi <strong data-start=\"563\" data-end=\"578\">0% l\u00e3i su\u1ea5t<\/strong><\/li>\n<li data-start=\"583\" data-end=\"641\"><strong data-start=\"583\" data-end=\"600\">H\u1ed7 tr\u1ee3 thi c\u1eed<\/strong>: T\u00e0i tr\u1ee3 m\u1ed9t ph\u1ea7n <strong data-start=\"619\" data-end=\"639\">l\u1ec7 ph\u00ed thi IELTS<\/strong><\/li>\n<li data-start=\"583\" data-end=\"641\"><strong data-start=\"644\" data-end=\"673\">Ch\u01b0\u01a1ng tr\u00ecnh khuy\u1ebfn kh\u00edch<\/strong>: <strong data-start=\"675\" data-end=\"693\">Th\u01b0\u1edfng h\u1ea5p d\u1eabn<\/strong> cho h\u1ecdc vi\u00ean \u0111\u1ea1t \u0111i\u1ec3m thi cao<\/li>\n<\/ul>\n","protected":false},"featured_media":1438,"comment_status":"open","ping_status":"closed","template":"","meta":{"site-sidebar-layout":"default","site-content-layout":"","ast-site-content-layout":"default","site-content-style":"default","site-sidebar-style":"default","ast-global-header-display":"","ast-banner-title-visibility":"","ast-main-header-display":"","ast-hfb-above-header-display":"","ast-hfb-below-header-display":"","ast-hfb-mobile-header-display":"","site-post-title":"","ast-breadcrumbs-content":"","ast-featured-img":"","footer-sml-layout":"","theme-transparent-header-meta":"","adv-header-id-meta":"","stick-header-meta":"","header-above-stick-meta":"","header-main-stick-meta":"","header-below-stick-meta":"","astra-migrate-meta-layouts":"default","ast-page-background-enabled":"default","ast-page-background-meta":{"desktop":{"background-color":"var(--ast-global-color-5)","background-image":"","background-repeat":"repeat","background-position":"center center","background-size":"auto","background-attachment":"scroll","background-type":"","background-media":"","overlay-type":"","overlay-color":"","overlay-opacity":"","overlay-gradient":""},"tablet":{"background-color":"","background-image":"","background-repeat":"repeat","background-position":"center center","background-size":"auto","background-attachment":"scroll","background-type":"","background-media":"","overlay-type":"","overlay-color":"","overlay-opacity":"","overlay-gradient":""},"mobile":{"background-color":"","background-image":"","background-repeat":"repeat","background-position":"center center","background-size":"auto","background-attachment":"scroll","background-type":"","background-media":"","overlay-type":"","overlay-color":"","overlay-opacity":"","overlay-gradient":""}},"ast-content-background-meta":{"desktop":{"background-color":"var(--ast-global-color-4)","background-image":"","background-repeat":"repeat","background-position":"center center","background-size":"auto","background-attachment":"scroll","background-type":"","background-media":"","overlay-type":"","overlay-color":"","overlay-opacity":"","overlay-gradient":""},"tablet":{"background-color":"var(--ast-global-color-4)","background-image":"","background-repeat":"repeat","background-position":"center center","background-size":"auto","background-attachment":"scroll","background-type":"","background-media":"","overlay-type":"","overlay-color":"","overlay-opacity":"","overlay-gradient":""},"mobile":{"background-color":"var(--ast-global-color-4)","background-image":"","background-repeat":"repeat","background-position":"center center","background-size":"auto","background-attachment":"scroll","background-type":"","background-media":"","overlay-type":"","overlay-color":"","overlay-opacity":"","overlay-gradient":""}}},"product_brand":[1844],"product_cat":[1841,1840,1842,123],"product_tag":[],"class_list":{"0":"post-1419","1":"product","2":"type-product","3":"status-publish","4":"has-post-thumbnail","6":"product_brand-tieng-anh-taec","7":"product_cat-khoa-hoc","8":"product_cat-khoa-hoc-sach","9":"product_cat-khoa-hoc-tieng-anh","10":"product_cat-tieng-anh-taec","11":"desktop-align-left","12":"tablet-align-left","13":"mobile-align-left","15":"first","16":"instock","17":"taxable","18":"shipping-taxable","19":"purchasable","20":"product-type-simple"},"_links":{"self":[{"href":"https:\/\/omewa.online\/index.php\/wp-json\/wp\/v2\/product\/1419","targetHints":{"allow":["GET"]}}],"collection":[{"href":"https:\/\/omewa.online\/index.php\/wp-json\/wp\/v2\/product"}],"about":[{"href":"https:\/\/omewa.online\/index.php\/wp-json\/wp\/v2\/types\/product"}],"replies":[{"embeddable":true,"href":"https:\/\/omewa.online\/index.php\/wp-json\/wp\/v2\/comments?post=1419"}],"wp:featuredmedia":[{"embeddable":true,"href":"https:\/\/omewa.online\/index.php\/wp-json\/wp\/v2\/media\/1438"}],"wp:attachment":[{"href":"https:\/\/omewa.online\/index.php\/wp-json\/wp\/v2\/media?parent=1419"}],"wp:term":[{"taxonomy":"product_brand","embeddable":true,"href":"https:\/\/omewa.online\/index.php\/wp-json\/wp\/v2\/product_brand?post=1419"},{"taxonomy":"product_cat","embeddable":true,"href":"https:\/\/omewa.online\/index.php\/wp-json\/wp\/v2\/product_cat?post=1419"},{"taxonomy":"product_tag","embeddable":true,"href":"https:\/\/omewa.online\/index.php\/wp-json\/wp\/v2\/product_tag?post=1419"}],"curies":[{"name":"wp","href":"https:\/\/api.w.org\/{rel}","templated":true}]}}