{"id":1294,"date":"2025-11-01T18:19:34","date_gmt":"2025-11-01T18:19:34","guid":{"rendered":"https:\/\/omewa.online\/?post_type=product&#038;p=1294"},"modified":"2025-11-26T01:33:49","modified_gmt":"2025-11-26T01:33:49","slug":"xit-khoang-muoi-hong-himalaya-the-nature-book-han-quoc","status":"publish","type":"product","link":"https:\/\/omewa.online\/index.php\/product\/xit-khoang-muoi-hong-himalaya-the-nature-book-han-quoc\/","title":{"rendered":"X\u1ecbt Kho\u00e1ng Mu\u1ed1i H\u1ed3ng Himalaya The Nature Book H\u00e0n Qu\u1ed1c"},"content":{"rendered":"<p>TH\u00d4NG TIN S\u1ea2N PH\u1ea8M<br \/>\n&#8211; Th\u01b0\u01a1ng hi\u1ec7u: The Nature Book<br \/>\n&#8211; Xu\u1ea5t x\u1ee9: H\u00e0n Qu\u1ed1c<br \/>\n&#8211; Th\u00e0nh ph\u1ea7n: mu\u1ed1i h\u1ed3ng Himalaya, chi\u1ebft xu\u1ea5t t\u00e1o \u0111\u1ecf, l\u00f4 h\u1ed9i, tr\u00e0m tr\u00e0, qu\u1ea3 t\u00e1o, Vitamin B5, Niacinamide, Betaine, gluthanione,&#8230;<br \/>\n&#8211; Dung t\u00edch: 100ml<br \/>\n&#8211; Lo\u1ea1i da: Ph\u00f9 h\u1ee3p v\u1edbi m\u1ecdi lo\u1ea1i da<\/p>\n<p>\u0110\u1eb6C \u0110I\u1ec2M S\u1ea2N PH\u1ea8M<br \/>\n&#8211; X\u1ecbt kho\u00e1ng l\u00e0 s\u1ea3n ph\u1ea9m thu\u1ea7n chay \u0111\u1ebfn t\u1eeb th\u01b0\u01a1ng hi\u1ec7u m\u1ef9 ph\u1ea9m The Nature Book c\u1ee7a H\u00e0n Qu\u1ed1c, c\u00f3 m\u1eb7t t\u1ea1i th\u1ecb tr\u01b0\u1eddng Vi\u1ec7t Nam t\u1eeb n\u0103m 2011 v\u1edbi c\u00e1c s\u1ea3n ph\u1ea9m \u0111a d\u1ea1ng v\u00e0 \u0111\u01b0\u1ee3c c\u1ea5p ch\u1ee9ng nh\u1eadn THU\u1ea6N CHAY QU\u1ed0C T\u1ebe.<br \/>\n&#8211; S\u1ea3n ph\u1ea9m ch\u1ee9a th\u00e0nh ph\u1ea7n ch\u00ednh l\u00e0 mu\u1ed1i h\u1ed3ng Himalaya v\u00e0 ch\u1ee9a \u0111\u1ebfn 84\/92 c\u00e1c kho\u00e1ng ch\u1ea5t thi\u1ebft y\u1ebfu, mang theo c\u1ea3 m\u1ed9t b\u1ed9 d\u01b0\u1ee1ng ch\u1ea5t \u0111\u1ec3 c\u1ea5p c\u1ee9u cho l\u00e0n da c\u1ee7a b\u1ea1n.<br \/>\n&#8211; X\u1ecbt kho\u00e1ng Nature Book \u0111\u00e3 tr\u1edf th\u00e0nh m\u1ed9t s\u1ea3n ph\u1ea9m qu\u1ed1c d\u00e2n ph\u1ee5c v\u1ee5 cho m\u1ecdi nhu c\u1ea7u ch\u0103m s\u00f3c da.<\/p>\n<p>C\u00d4NG D\u1ee4NG S\u1ea2N PH\u1ea8M<br \/>\n&#8211; X\u1ecbt kho\u00e1ng mu\u1ed1i h\u1ed3ng gi\u00fap c\u1ea5p \u1ea9m t\u1ee9c th\u00ec ngay cho l\u00e0n da khi trang \u0111i\u1ec3m v\u00e0 kho\u00e1 \u1ea9m cho l\u1edbp makeup.<br \/>\n&#8211; S\u1ea3n ph\u1ea9m gi\u00fap l\u00e0m d\u1ecbu m\u00e1t l\u00e0n da k\u00edch \u1ee9ng, \u0111\u1ed3ng th\u1eddi t\u1ea1o l\u1edbp m\u00e0ng b\u1ea3o v\u1ec7 da kh\u1ecfi g\u1ed1c t\u1ef1 do.<br \/>\n&#8211; Ngo\u00e0i ra, x\u1ecbt kho\u00e1ng Nature Book c\u00f2n gi\u00fap da th\u01b0 gi\u00e3n v\u00e0 gi\u1ea3m m\u1ec7t m\u1ecfi, c\u0103ng th\u1eb3ng.<\/p>\n<p>H\u01af\u1edaNG D\u1eaaN S\u1eec D\u1ee4NG<br \/>\n&#8211; B\u01b0\u1edbc 1: Gi\u1eef chai x\u1ecbt th\u1eb3ng \u0111\u1ee9ng song song v\u1edbi khu\u00f4n m\u1eb7t, c\u00e1ch l\u00e0n da kho\u1ea3ng 20 &#8211; 30cm.<br \/>\n&#8211; B\u01b0\u1edbc 2: Nh\u1eafm m\u1eaft, nh\u1eb9 nh\u00e0ng nh\u1ea5n n\u00fat x\u1ecbt, gi\u1eef n\u00f3 v\u00e0 di chuy\u1ec3n \u0111\u1ea7u x\u1ecbt theo \u0111\u01b0\u1eddng tr\u00f2n bao quanh m\u1eb7t r\u1ed3i th\u1ea3 n\u00fat x\u1ecbt ra.<br \/>\n&#8211; B\u01b0\u1edbc 3: D\u00f9ng tay s\u1ea1ch v\u1ed7 nh\u1eb9 l\u00ean da kho\u1ea3ng 10 gi\u00e2y.<br \/>\n&#8211; B\u01b0\u1edbc 4: Gi\u1eef n\u01b0\u1edbc kho\u00e1ng tr\u00ean da kho\u1ea3ng 3 ph\u00fat r\u1ed3i d\u00f9ng b\u00f4ng th\u1ea5m v\u00e0 lau nh\u1eb9 nh\u00e0ng tr\u00ean m\u1eb7t.<\/p>\n<p>H\u01af\u1edaNG D\u1eaaN B\u1ea2O QU\u1ea2N<br \/>\n&#8211; B\u1ea3o qu\u1ea3n \u1edf nhi\u1ec7t \u0111\u1ed9 ph\u00f2ng. Tr\u00e1nh \u00e1nh n\u1eafng tr\u1ef1c ti\u1ebfp.<br \/>\n&#8211; \u0110\u1ec3 xa t\u1ea7m tay tr\u1ebb em.<\/p>\n<p>&nbsp;<\/p>\n<p>#xitkhoang #xitkhoamakeup #duongda #thenaturebook #xitkhoangthenaturebook #capamtucthi #xitthenaturebook #baoveda #khoamakeup #capam #duongam #thuanchay #muoihonghimalaya #xitkhoangthuanchay #xitkhoangmuoihong<\/p>\n","protected":false},"excerpt":{"rendered":"<p>Th\u01b0\u01a1ng hi\u1ec7u: The Nature Book<br \/>\n&#8211; Xu\u1ea5t x\u1ee9: H\u00e0n Qu\u1ed1c<br \/>\n&#8211; Th\u00e0nh ph\u1ea7n: mu\u1ed1i h\u1ed3ng Himalaya, chi\u1ebft xu\u1ea5t t\u00e1o \u0111\u1ecf, l\u00f4 h\u1ed9i, tr\u00e0m tr\u00e0, qu\u1ea3 t\u00e1o, Vitamin B5, Niacinamide, Betaine, gluthanione,&#8230;<br \/>\n&#8211; Dung t\u00edch: 100ml<br \/>\n&#8211; Lo\u1ea1i da: Ph\u00f9 h\u1ee3p v\u1edbi m\u1ecdi lo\u1ea1i da<\/p>\n","protected":false},"featured_media":1374,"comment_status":"open","ping_status":"closed","template":"","meta":{"site-sidebar-layout":"default","site-content-layout":"","ast-site-content-layout":"default","site-content-style":"default","site-sidebar-style":"default","ast-global-header-display":"","ast-banner-title-visibility":"","ast-main-header-display":"","ast-hfb-above-header-display":"","ast-hfb-below-header-display":"","ast-hfb-mobile-header-display":"","site-post-title":"","ast-breadcrumbs-content":"","ast-featured-img":"","footer-sml-layout":"","theme-transparent-header-meta":"","adv-header-id-meta":"","stick-header-meta":"","header-above-stick-meta":"","header-main-stick-meta":"","header-below-stick-meta":"","astra-migrate-meta-layouts":"default","ast-page-background-enabled":"default","ast-page-background-meta":{"desktop":{"background-color":"var(--ast-global-color-5)","background-image":"","background-repeat":"repeat","background-position":"center center","background-size":"auto","background-attachment":"scroll","background-type":"","background-media":"","overlay-type":"","overlay-color":"","overlay-opacity":"","overlay-gradient":""},"tablet":{"background-color":"","background-image":"","background-repeat":"repeat","background-position":"center center","background-size":"auto","background-attachment":"scroll","background-type":"","background-media":"","overlay-type":"","overlay-color":"","overlay-opacity":"","overlay-gradient":""},"mobile":{"background-color":"","background-image":"","background-repeat":"repeat","background-position":"center center","background-size":"auto","background-attachment":"scroll","background-type":"","background-media":"","overlay-type":"","overlay-color":"","overlay-opacity":"","overlay-gradient":""}},"ast-content-background-meta":{"desktop":{"background-color":"var(--ast-global-color-4)","background-image":"","background-repeat":"repeat","background-position":"center center","background-size":"auto","background-attachment":"scroll","background-type":"","background-media":"","overlay-type":"","overlay-color":"","overlay-opacity":"","overlay-gradient":""},"tablet":{"background-color":"var(--ast-global-color-4)","background-image":"","background-repeat":"repeat","background-position":"center center","background-size":"auto","background-attachment":"scroll","background-type":"","background-media":"","overlay-type":"","overlay-color":"","overlay-opacity":"","overlay-gradient":""},"mobile":{"background-color":"var(--ast-global-color-4)","background-image":"","background-repeat":"repeat","background-position":"center center","background-size":"auto","background-attachment":"scroll","background-type":"","background-media":"","overlay-type":"","overlay-color":"","overlay-opacity":"","overlay-gradient":""}}},"product_brand":[122],"product_cat":[299,18,298,17,121,291],"product_tag":[],"class_list":{"0":"post-1294","1":"product","2":"type-product","3":"status-publish","4":"has-post-thumbnail","6":"product_brand-nature-book","7":"product_cat-bo-san-pham-lam-dep","8":"product_cat-cham-soc-da-mat","9":"product_cat-cham-soc-da-mat-sac-dep","10":"product_cat-my-pham","11":"product_cat-nature-book","12":"product_cat-sac-dep","13":"desktop-align-left","14":"tablet-align-left","15":"mobile-align-left","17":"first","18":"instock","19":"sale","20":"taxable","21":"shipping-taxable","22":"purchasable","23":"product-type-simple"},"_links":{"self":[{"href":"https:\/\/omewa.online\/index.php\/wp-json\/wp\/v2\/product\/1294","targetHints":{"allow":["GET"]}}],"collection":[{"href":"https:\/\/omewa.online\/index.php\/wp-json\/wp\/v2\/product"}],"about":[{"href":"https:\/\/omewa.online\/index.php\/wp-json\/wp\/v2\/types\/product"}],"replies":[{"embeddable":true,"href":"https:\/\/omewa.online\/index.php\/wp-json\/wp\/v2\/comments?post=1294"}],"wp:featuredmedia":[{"embeddable":true,"href":"https:\/\/omewa.online\/index.php\/wp-json\/wp\/v2\/media\/1374"}],"wp:attachment":[{"href":"https:\/\/omewa.online\/index.php\/wp-json\/wp\/v2\/media?parent=1294"}],"wp:term":[{"taxonomy":"product_brand","embeddable":true,"href":"https:\/\/omewa.online\/index.php\/wp-json\/wp\/v2\/product_brand?post=1294"},{"taxonomy":"product_cat","embeddable":true,"href":"https:\/\/omewa.online\/index.php\/wp-json\/wp\/v2\/product_cat?post=1294"},{"taxonomy":"product_tag","embeddable":true,"href":"https:\/\/omewa.online\/index.php\/wp-json\/wp\/v2\/product_tag?post=1294"}],"curies":[{"name":"wp","href":"https:\/\/api.w.org\/{rel}","templated":true}]}}