{"id":1250,"date":"2025-11-01T18:19:13","date_gmt":"2025-11-01T18:19:13","guid":{"rendered":"https:\/\/omewa.online\/?post_type=product&#038;p=1250"},"modified":"2025-11-26T01:33:50","modified_gmt":"2025-11-26T01:33:50","slug":"sua-rua-mat-tra-xanh-the-nature-book-han-quoc","status":"publish","type":"product","link":"https:\/\/omewa.online\/index.php\/product\/sua-rua-mat-tra-xanh-the-nature-book-han-quoc\/","title":{"rendered":"S\u1eefa R\u1eeda M\u1eb7t Tr\u00e0 Xanh The Nature Book H\u00e0n Qu\u1ed1c"},"content":{"rendered":"<p><strong>Dung t\u00edch: 150g<\/strong><\/p>\n<p>V\u1edbi c\u00f4ng ngh\u1ec7 ch\u01b0ng c\u1ea5t ti\u00ean ti\u1ebfn c\u00e1c tinh ch\u1ea5t t\u1eeb b\u00fap tr\u00e0 non, The Nature Book \u0111\u00e3 cho ra \u0111\u1eddi d\u00f2ng s\u1eefa r\u1eeda m\u1eb7t tr\u00e0 xanh v\u1edbi \u01b0u th\u1ebf v\u01b0\u1ee3t tr\u1ed9i l\u00e0 kh\u1ea3 n\u0103ng #L\u00c0M_S\u1ea0CH v\u00e0 #GI\u1eee_\u1ea8M tuy\u1ec7t v\u1eddi cho l\u00e0n da, nh\u1edd v\u00e0o c\u00e1c lo\u1ea1i axit amin, d\u01b0\u1ee1ng ch\u1ea5t \u0111\u01b0\u1ee3c chi\u1ebft xu\u1ea5t c\u00f4 \u0111\u1eb7c t\u1eeb b\u00fap tr\u00e0 xanh.<\/p>\n<p><img decoding=\"async\" src=\"http:\/\/thenaturebook.nanoweb.vn\/data\/media\/\/images\/s%E1%BB%AFa%20r%E1%BB%ADa%20m%E1%BA%B7t%20tr%C3%A0%20xanh_1.jpg\" alt=\"\" \/><\/p>\n<p>S\u1eefa r\u1eeda m\u1eb7t tr\u00e0 xanh The Nature Book \u0111\u01b0\u1ee3c chi\u1ebft xu\u1ea5t t\u1eeb nh\u1eefng b\u00fap tr\u00e0 non thi\u00ean nhi\u00ean \u0111\u01b0\u1ee3c tr\u1ed3ng t\u1ea1i H\u00e0n Qu\u1ed1c. \u0110\u00e2y l\u00e0 lo\u1ea1i th\u1ef1c v\u1eadt ch\u1ee9a nhi\u1ec1u d\u01b0\u1ee1ng ch\u1ea5t gi\u00fap d\u01b0\u1ee1ng \u1ea9m, gi\u1eef da m\u1ec1m m\u1ea1i, \u0111\u1eb7c bi\u1ec7t l\u00e0 ch\u1ed1ng oxy h\u00f3a, mang l\u1ea1i l\u00e0n da t\u01b0\u01a1i tr\u1ebb, m\u1ecbn m\u00e0ng. S\u1eed d\u1ee5ng s\u1ea3n ph\u1ea9m S\u1eefa R\u1eeda M\u1eb7t chi\u1ebft xu\u1ea5t t\u1eeb tr\u00e0 xanh c\u1ee7a The Nature Book gi\u00fap cho l\u00e0n da tr\u1edf n\u00ean m\u1ec1m m\u1ecbn t\u01b0\u01a1i s\u00e1ng \u0111\u1ed3ng th\u1eddi nh\u1eefng d\u1ea5u hi\u1ec7u l\u00e3o h\u00f3a, nh\u1eefng v\u1ebft n\u00e1m s\u1ea1m ch\u00e2n chim s\u1ebd h\u1ea1n ch\u1ebf xu\u1ea5t hi\u1ec7n.<\/p>\n<table cellspacing=\"20\" cellpadding=\"10\">\n<tbody>\n<tr>\n<td><\/td>\n<td>\n<h2>Th\u00e0nh ph\u1ea7n ch\u00ednh<\/h2>\n<ul>\n<li>Chi\u1ebft xu\u1ea5t tr\u00e0 xanh &#8211; c\u00f3 kh\u1ea3 n\u0103ng ch\u1ed1ng l\u00e3o h\u00f3a cho da, kh\u00e1ng vi\u00eam, b\u1ea3o v\u1ec7 da kh\u1ecfi c\u00e1c t\u00e1c h\u1ea1i x\u1ea5u t\u1eeb m\u00f4i tr\u01b0\u1eddng. Ngo\u00e0i ra, tinh ch\u1ea5t tr\u00e0 xanh c\u00f2n c\u00f3 kh\u1ea3 n\u0103ng ng\u0103n ng\u1eeba m\u1ee5n r\u1ea5t t\u1ed1t.<\/li>\n<li>N\u1ea5m th\u01b0\u1ee3ng ho\u00e0ng \u2013 B\u1ed5 sung ch\u1ea5t ch\u1ed1ng oxy h\u00f3a, mang l\u1ea1i l\u00e0n da s\u0103n ch\u1eafc h\u01a1n.<\/li>\n<li>Chi\u1ebft xu\u1ea5t r\u1ec5 c\u00e2y cam th\u1ea3o \u2013 l\u00e0m s\u1ea1ch da, gi\u1ea3m k\u00edch \u1ee9ng v\u00e0 l\u00e0m d\u1ecbu da<\/li>\n<li>\u0110\u00f4ng tr\u00f9ng h\u1ea1 th\u1ea3o \u2013 gi\u1eef \u0111\u1ed9 \u1ea9m tr\u00e1nh t\u00ecnh tr\u1ea1ng kh\u00f4 da<\/li>\n<li>Stearic Acid &#8211; d\u01b0\u1ee1ng \u1ea9m, l\u00e0m d\u1ecbu m\u00e1t da, gi\u00fap kh\u00e1ng khu\u1ea9n, kh\u00e1ng vi\u00eam.<\/li>\n<li>Myristic Acid \u2013 l\u00e0m ch\u1ea5t ho\u1ea1t \u0111\u1ed9ng b\u1ec1 m\u1eb7t, l\u00e0m s\u1ea1ch, c\u00e2n b\u1eb1ng \u0111\u1ed9 \u1ea9m t\u1ed1t gi\u00fap ng\u0103n ch\u1eb7n vi\u1ec7c ti\u1ebft d\u1ea7u nh\u1eddn.<\/li>\n<\/ul>\n<\/td>\n<\/tr>\n<\/tbody>\n<\/table>\n<h2>C\u00f4ng d\u1ee5ng ch\u00ednh<\/h2>\n<p>S\u1eefa r\u1eeda m\u1eb7t Tr\u00e0 xanh The Nature Book gi\u00fap lo\u1ea1i b\u1ecf nh\u1eb9 nh\u00e0ng l\u1edbp trang \u0111i\u1ec3m, cho l\u00e0n da t\u01b0\u01a1i m\u1edbi, t\u1ea1o c\u1ea3m gi\u00e1c th\u01b0 gi\u00e3n \u0111\u1ea7y s\u1ee9c s\u1ed1ng cho l\u00e0n da b\u1ecb kh\u00f4 c\u0103ng. Kh\u00f4ng g\u00e2y nh\u1eddn d\u00ednh sau khi s\u1eed d\u1ee5ng b\u1ea1n nh\u00e9&#8230;!<\/p>\n<p>S\u1eefa r\u1eeda m\u1eb7t Tr\u00e0 xanh The Nature Book l\u00e0 s\u1ea3n ph\u1ea9m s\u1eefa r\u1eeda m\u1eb7t chi\u1ebft xu\u1ea5t ho\u00e0n to\u00e0n t\u1eeb l\u00e1 tr\u00e0 xanh t\u1ef1 nhi\u00ean, gi\u00e0u \u0111\u1ed9 \u1ea9m v\u00e0 c\u00e1c th\u00e0nh ph\u1ea7n ch\u1ed1ng oxi ho\u00e1 v\u00e0 kaolin gi\u00fap l\u00e0m s\u1ea1ch b\u1ee5i b\u1ea9n v\u00e0 c\u00e1c t\u1ea1p ch\u1ea5t tr\u00ean da, h\u00fat nh\u1eddn v\u00e0 ng\u0103n ng\u1eeba nh\u1eefng d\u1ea5u hi\u1ec7u l\u00e0m l\u00e3o ho\u00e1 da.<\/p>\n<p><img decoding=\"async\" src=\"https:\/\/thenaturebook.vn\/mediacenter\/media\/2640\/files\/sua-rua-mat-tra-xanh-3(1).jpg\" alt=\"\" \/><\/p>\n<p>S\u1eefa r\u1eeda m\u1eb7t chi\u1ebft xu\u1ea5t Tr\u00e0 xanh t\u1eeb \u0110\u1ea3o Jeju c\u1ee7a h\u00e3ng The Nature Book ho\u00e0n to\u00e0n l\u00e0nh t\u00ednh, v\u1edbi c\u00f4ng ngh\u1ec7 ch\u01b0ng c\u1ea5t ti\u00ean ti\u1ebfn c\u00e1c tinh ch\u1ea5t t\u1eeb l\u00e1 tr\u00e0, th\u00edch h\u1ee3p cho m\u1ecdi lo\u1ea1i da, k\u1ec3 c\u1ea3 da nh\u1ea1y c\u1ea3m, \u0111\u1eb7c bi\u1ec7t ph\u00f9 h\u1ee3p v\u1edbi da d\u1ea7u v\u00e0 c\u00f3 m\u1ee5n. Cho m\u1ed9t l\u00e0n da s\u00e1ng m\u1ecbn v\u00e0 kh\u1ecfe m\u1ea1nh.<\/p>\n<p>S\u1eefa r\u1eeda m\u1eb7t Tr\u00e0 xanh The Nature Book ch\u1ee9a linoleic acid, catechin, vitamin E v\u00e0 c\u00e1c ch\u1ea5t kho\u00e1ng c\u00f3 t\u00e1c d\u1ee5ng ph\u1ee5c h\u1ed3i \u0111\u1ed9 \u0111\u00e0n h\u1ed3i v\u00e0 s\u1ef1 t\u01b0\u01a1i tr\u1ebb cho l\u00e0n da, polyphenol trong tr\u00e0 xanh c\u00f3 t\u00e1c d\u1ee5ng ch\u1ed1ng tia c\u1ef1c t\u00edm, ch\u1ed1ng oxi h\u00f3a da v\u00e0 c\u00e1c \u1ea3nh h\u01b0\u1edfng x\u1ea5u t\u1eeb m\u00f4i tr\u01b0\u1eddng nh\u01b0 kh\u00f3i, b\u1ee5i b\u1ea9n, kh\u00e1ng khu\u1ea9n, h\u1ea1 nhi\u1ec7t \u0111\u1ed9 da, h\u1ed7 tr\u1ee3 t\u00e1i t\u1ea1o t\u1ebf b\u00e0o da, ki\u1ec1m d\u1ea7u, h\u1ea1n ch\u1ebf m\u1ee5n.<\/p>\n<p><img fetchpriority=\"high\" decoding=\"async\" src=\"https:\/\/thenaturebook.vn\/mediacenter\/media\/2640\/files\/sua-rua-mat-tra-xanh-2.jpg\" alt=\"\" width=\"900\" height=\"900\" \/><\/p>\n<h2>H\u01b0\u1edbng d\u1eabn s\u1eed d\u1ee5ng<\/h2>\n<ul>\n<li>K\u1ebft c\u1ea5u kem m\u1ecbn, t\u1ea1o nhi\u1ec1u b\u1ecdt, d\u1ec5 d\u00e0ng len l\u1ecfi v\u00e0o t\u1eebng l\u1ed7 ch\u00e2n l\u00f4ng gi\u00fap lo\u1ea1i b\u1ecf b\u1ee5i b\u1ea9n, t\u1ea1p ch\u1ea5t nh\u01b0ng v\u1eabn gi\u1eef l\u1ea1i \u0111\u1ed9 \u1ea9m tr\u00ean da, c\u00e2n b\u1eb1ng l\u1ea1i tuy\u1ebfn nh\u1eddn.<\/li>\n<li>Sau khi r\u1eeda m\u1eb7t xong b\u1ea1n s\u1ebd c\u00f3 c\u1ea3m gi\u00e1c da s\u1ea1ch nh\u01b0ng m\u1ecbn v\u00e0 m\u1ec1m r\u1ea5t d\u1ec5 ch\u1ecbu, kh\u00f4ng b\u1ecb kh\u00f4.<\/li>\n<li>L\u1ea5y m\u1ed9t l\u01b0\u1ee3ng s\u1ea3n ph\u1ea9m v\u1eeba \u0111\u1ee7 ra tay \u0111\u1ec3 t\u1ea1o b\u1ecdt. Nh\u1eb9 nh\u00e0ng massage to\u00e0n m\u1eb7t. R\u1eeda s\u1ea1ch l\u1ea1i v\u1edbi n\u01b0\u1edbc s\u1ea1ch<\/li>\n<\/ul>\n","protected":false},"excerpt":{"rendered":"<ul>\n<li><strong>\u0110\u1eb7c \u0111i\u1ec3m n\u1ed5i b\u1eadt<\/strong>: V\u1edbi c\u00f4ng ngh\u1ec7 ch\u01b0ng c\u1ea5t ti\u00ean ti\u1ebfn c\u00e1c tinh ch\u1ea5t t\u1eeb b\u00fap tr\u00e0 non, The Nature Book \u0111\u00e3 cho ra \u0111\u1eddi d\u00f2ng s\u1eefa r\u1eeda m\u1eb7t tr\u00e0 xanh v\u1edbi \u01b0u th\u1ebf v\u01b0\u1ee3t tr\u1ed9i l\u00e0 kh\u1ea3 n\u0103ng L\u00e0m s\u1ea1ch v\u00e0 Gi\u1eef \u1ea9m tuy\u1ec7t v\u1eddi cho l\u00e0n da, nh\u1edd v\u00e0o c\u00e1c lo\u1ea1i axit amin, d\u01b0\u1ee1ng ch\u1ea5t \u0111\u01b0\u1ee3c chi\u1ebft xu\u1ea5t c\u00f4 \u0111\u1eb7c t\u1eeb b\u00fap tr\u00e0 xanh.<\/li>\n<li><strong>Dung t\u00edch<\/strong>: 150 g<\/li>\n<li><strong>Th\u01b0\u01a1ng hi\u1ec7u<\/strong>:\u00a0The Nature Book<\/li>\n<li><strong>Xu\u1ea5t x\u1ee9<\/strong>: H\u00e0n Qu\u1ed1c<\/li>\n<\/ul>\n","protected":false},"featured_media":1322,"comment_status":"open","ping_status":"closed","template":"","meta":{"site-sidebar-layout":"default","site-content-layout":"","ast-site-content-layout":"default","site-content-style":"default","site-sidebar-style":"default","ast-global-header-display":"","ast-banner-title-visibility":"","ast-main-header-display":"","ast-hfb-above-header-display":"","ast-hfb-below-header-display":"","ast-hfb-mobile-header-display":"","site-post-title":"","ast-breadcrumbs-content":"","ast-featured-img":"","footer-sml-layout":"","theme-transparent-header-meta":"","adv-header-id-meta":"","stick-header-meta":"","header-above-stick-meta":"","header-main-stick-meta":"","header-below-stick-meta":"","astra-migrate-meta-layouts":"default","ast-page-background-enabled":"default","ast-page-background-meta":{"desktop":{"background-color":"var(--ast-global-color-5)","background-image":"","background-repeat":"repeat","background-position":"center center","background-size":"auto","background-attachment":"scroll","background-type":"","background-media":"","overlay-type":"","overlay-color":"","overlay-opacity":"","overlay-gradient":""},"tablet":{"background-color":"","background-image":"","background-repeat":"repeat","background-position":"center center","background-size":"auto","background-attachment":"scroll","background-type":"","background-media":"","overlay-type":"","overlay-color":"","overlay-opacity":"","overlay-gradient":""},"mobile":{"background-color":"","background-image":"","background-repeat":"repeat","background-position":"center center","background-size":"auto","background-attachment":"scroll","background-type":"","background-media":"","overlay-type":"","overlay-color":"","overlay-opacity":"","overlay-gradient":""}},"ast-content-background-meta":{"desktop":{"background-color":"var(--ast-global-color-4)","background-image":"","background-repeat":"repeat","background-position":"center center","background-size":"auto","background-attachment":"scroll","background-type":"","background-media":"","overlay-type":"","overlay-color":"","overlay-opacity":"","overlay-gradient":""},"tablet":{"background-color":"var(--ast-global-color-4)","background-image":"","background-repeat":"repeat","background-position":"center center","background-size":"auto","background-attachment":"scroll","background-type":"","background-media":"","overlay-type":"","overlay-color":"","overlay-opacity":"","overlay-gradient":""},"mobile":{"background-color":"var(--ast-global-color-4)","background-image":"","background-repeat":"repeat","background-position":"center center","background-size":"auto","background-attachment":"scroll","background-type":"","background-media":"","overlay-type":"","overlay-color":"","overlay-opacity":"","overlay-gradient":""}}},"product_brand":[122],"product_cat":[299,18,298,19,17,121,291],"product_tag":[],"class_list":{"0":"post-1250","1":"product","2":"type-product","3":"status-publish","4":"has-post-thumbnail","6":"product_brand-nature-book","7":"product_cat-bo-san-pham-lam-dep","8":"product_cat-cham-soc-da-mat","9":"product_cat-cham-soc-da-mat-sac-dep","10":"product_cat-duong-da","11":"product_cat-my-pham","12":"product_cat-nature-book","13":"product_cat-sac-dep","14":"desktop-align-left","15":"tablet-align-left","16":"mobile-align-left","18":"first","19":"instock","20":"sale","21":"taxable","22":"shipping-taxable","23":"purchasable","24":"product-type-simple"},"_links":{"self":[{"href":"https:\/\/omewa.online\/index.php\/wp-json\/wp\/v2\/product\/1250","targetHints":{"allow":["GET"]}}],"collection":[{"href":"https:\/\/omewa.online\/index.php\/wp-json\/wp\/v2\/product"}],"about":[{"href":"https:\/\/omewa.online\/index.php\/wp-json\/wp\/v2\/types\/product"}],"replies":[{"embeddable":true,"href":"https:\/\/omewa.online\/index.php\/wp-json\/wp\/v2\/comments?post=1250"}],"wp:featuredmedia":[{"embeddable":true,"href":"https:\/\/omewa.online\/index.php\/wp-json\/wp\/v2\/media\/1322"}],"wp:attachment":[{"href":"https:\/\/omewa.online\/index.php\/wp-json\/wp\/v2\/media?parent=1250"}],"wp:term":[{"taxonomy":"product_brand","embeddable":true,"href":"https:\/\/omewa.online\/index.php\/wp-json\/wp\/v2\/product_brand?post=1250"},{"taxonomy":"product_cat","embeddable":true,"href":"https:\/\/omewa.online\/index.php\/wp-json\/wp\/v2\/product_cat?post=1250"},{"taxonomy":"product_tag","embeddable":true,"href":"https:\/\/omewa.online\/index.php\/wp-json\/wp\/v2\/product_tag?post=1250"}],"curies":[{"name":"wp","href":"https:\/\/api.w.org\/{rel}","templated":true}]}}