{"id":1244,"date":"2025-11-01T18:19:13","date_gmt":"2025-11-01T18:19:13","guid":{"rendered":"https:\/\/omewa.online\/?post_type=product&#038;p=1244"},"modified":"2025-12-13T03:16:52","modified_gmt":"2025-12-13T03:16:52","slug":"nuoc-hoa-hong-duong-trang-hong-va-tai-tao-da-120mlvita-white-plus-renew-jinseng-toner","status":"publish","type":"product","link":"https:\/\/omewa.online\/index.php\/product\/nuoc-hoa-hong-duong-trang-hong-va-tai-tao-da-120mlvita-white-plus-renew-jinseng-toner\/","title":{"rendered":"N\u01b0\u1edbc hoa h\u1ed3ng d\u01b0\u1ee1ng tr\u1eafng h\u1ed3ng v\u00e0 t\u00e1i t\u1ea1o da 120mlVita White Plus Renew Jinseng Toner"},"content":{"rendered":"<div class=\"option-detail\">\n<p><strong>Dung t\u00edch: 120 ml<\/strong><\/p>\n<p>N\u01b0\u1edbc hoa h\u1ed3ng d\u01b0\u1ee1ng tr\u1eafng h\u1ed3ng v\u00e0 t\u00e1i t\u1ea1o da The Nature Book ch\u1ee9a h\u01a1n 93.000 ppm h\u00e0m l\u01b0\u1ee3ng Vitamin v\u00e0 chi\u1ebft xu\u1ea5t nh\u00e2n s\u00e2m \u0111\u1ecf H\u00e0n Qu\u1ed1c, gi\u00fap d\u01b0\u1ee1ng tr\u1eafng, cung c\u1ea5p \u0111\u1ed9 \u1ea9m v\u00e0 ng\u0103n ng\u1eeba l\u00e3o h\u00f3a, gi\u1eef cho l\u00e0n da lu\u00f4n t\u01b0\u01a1i tr\u1ebb<\/p>\n<h2>Th\u00f4ng tin s\u1ea3n ph\u1ea9m<\/h2>\n<p><img decoding=\"async\" src=\"http:\/\/thenaturebook.nanoweb.vn\/mediacenter\/media\/2640\/images\/ae1405e19df466aa3fe5.jpg\" alt=\"\" \/><\/p>\n<p>T\u01b0\u01a1ng t\u1ef1 m\u1ed9t t\u00f2a nh\u00e0 c\u1ea7n c\u1ed9t tr\u1ee5 ch\u1eafc ch\u1eafn, l\u00e0n da c\u0169ng c\u1ea7n c\u1ed9t tr\u1ee5 b\u1ec1n ch\u1eafc \u0111\u1ec3 \u0111\u01b0\u1ee3c gi\u1eef v\u1eefng. B\u1ea1n c\u00f3 th\u1ec3 ng\u0103n ng\u1eeba qu\u00e1 tr\u00ecnh l\u00e3o h\u00f3a v\u00e0 d\u01b0\u1ee1ng da tr\u1eafng s\u00e1ng kh\u00f4ng t\u00ec v\u1ebft b\u1eb1ng c\u00e1ch c\u1ee7ng c\u1ed1 c\u1ea5u tr\u00fac h\u1ed7 tr\u1ee3 gi\u1eefa l\u1edbp b\u00ean ngo\u00e0i v\u00e0 b\u00ean trong da. The Nature Book \u0111\u00e3 ch\u1eaft l\u1ecdc tinh t\u00fay t\u1eeb nh\u00e2n s\u00e2m H\u00e0n Qu\u1ed1c k\u1ebft h\u1ee3p v\u1edbi c\u00e1c Vitamin t\u1ef1 nhi\u00ean tinh khi\u1ebft \u0111\u1ec3 \u0111\u01b0a v\u00e0o s\u1ea3n ph\u1ea9m N\u01b0\u1edbc Hoa H\u1ed3ng L\u00e0m Tr\u1eafng V\u00e0 T\u00e1i T\u1ea1o Da The Nature Book.<\/p>\n<h2>Th\u00e0nh ph\u1ea7n ch\u00ednh<\/h2>\n<ul>\n<li>Tinh ch\u1ea5t nh\u00e2n s\u00e2m H\u00e0n Qu\u1ed1c: D\u01b0\u1ee1ng tr\u1eafng, t\u00e1i t\u1ea1o ph\u1ee5c h\u1ed3i v\u00e0 tr\u1ebb h\u00f3a l\u00e0n da.<\/li>\n<li>Chi\u1ebft xu\u1ea5t Vitamin tinh khi\u1ebft: B\u1ed5 sung n\u0103ng l\u01b0\u1ee3ng, mang l\u1ea1i s\u1ee9c s\u1ed1ng cho l\u00e0n da.<\/li>\n<li>Chi\u1ebft xu\u1ea5t lavender: gi\u00fap c\u00e1c t\u1ebf b\u00e0o t\u0103ng h\u1ea5p th\u1ee5 oxy v\u00e0 ch\u1ea5t dinh d\u01b0\u1ee1ng cho da th\u00eam m\u1ecbn m\u00e0ng, tr\u1eafng s\u00e1ng m\u1ed7i ng\u00e0y.<\/li>\n<li>Chi\u1ebft xu\u1ea5t hoa thanh c\u00fac ch\u1ee9a vitamin E gi\u00fap ng\u0103n ng\u1eeba c\u00e1c d\u1ea5u hi\u1ec7u l\u00e3o h\u00f3a s\u1edbm, ph\u1ee5c h\u1ed3i t\u1ed5n th\u01b0\u01a1ng tr\u00ean da, l\u00e0 ch\u1ea5t x\u00fac t\u00e1c h\u1ed7 tr\u1ee3 h\u1ea5p thu d\u1ec5 d\u00e0ng c\u00e1c h\u1ee3p ch\u1ea5t kh\u00e1c v\u00e0o da.<\/li>\n<\/ul>\n<p><img decoding=\"async\" src=\"http:\/\/thenaturebook.nanoweb.vn\/mediacenter\/media\/2640\/images\/38cddd3a452fbe71e73e.jpg\" alt=\"\" \/><\/p>\n<h2>C\u00f4ng d\u1ee5ng ch\u00ednh<\/h2>\n<p>N\u01b0\u1edbc hoa h\u1ed3ng l\u00e0m tr\u1eafng v\u00e0 t\u00e1i t\u1ea1o da The Nature Book mang l\u1ea1i c\u00f4ng d\u1ee5ng t\u1ed1i \u01b0u:<\/p>\n<ul>\n<li>L\u00e0m s\u1ea1ch s\u00e2u, lo\u1ea1i b\u1ecf ho\u00e0n to\u00e0n b\u1ee5i b\u1ea9n, d\u1ea7u nh\u1eddn c\u00f2n s\u00f3t l\u1ea1i tr\u00ean da, se kh\u00edt l\u1ed7 ch\u00e2n l\u00f4ng.<\/li>\n<li>C\u00e2n b\u1eb1ng \u0111\u1ed9 pH, b\u1ed5 sung \u0111\u1ed9 \u1ea9m, ng\u0103n ng\u1eeba t\u00ecnh tr\u1ea1ng da kh\u00f4, bong tr\u00f3c, g\u00f3p ph\u1ea7n c\u1ea3i thi\u1ec7n \u0111\u1ed9 \u0111\u00e0n h\u1ed3i da, gi\u00fap da c\u0103ng \u0111\u1ea7y, r\u1ea1ng r\u1ee1.<\/li>\n<li>Ch\u1ee9a tinh ch\u1ea5t nh\u00e2n s\u00e2m gi\u00fap d\u01b0\u1ee1ng tr\u1eafng mang l\u1ea1i l\u00e0n da m\u1ecbn m\u00e0ng, tr\u1eafng s\u00e1ng.<\/li>\n<li>Cung c\u1ea5p c\u00e1c d\u01b0\u1ee1ng ch\u1ea5t gi\u00fap d\u01b0\u1ee1ng tr\u1eafng v\u00e0 tr\u1ebb h\u00f3a da, ng\u0103n ng\u1eeba nguy c\u01a1 l\u00e3o h\u00f3a.<\/li>\n<li>L\u00e0 ch\u1ea5t d\u1eabn xu\u1ea5t gi\u00fap ph\u00e1t huy t\u1ed1i \u01b0u t\u00e1c d\u1ee5ng c\u1ee7a c\u00e1c b\u01b0\u1edbc d\u01b0\u1ee1ng da sau<\/li>\n<\/ul>\n<h2>H\u01b0\u1edbng d\u1eabn s\u1eed d\u1ee5ng<\/h2>\n<p>D\u00f9ng N\u01b0\u1edbc hoa h\u1ed3ng THE NATURE BOOK h\u1eb1ng ng\u00e0y v\u00e0o m\u1ed7i bu\u1ed5i s\u00e1ng v\u00e0 t\u1ed1i:<\/p>\n<ul>\n<li>B\u01b0\u1edbc 1: L\u00e0m s\u1ea1ch da m\u1eb7t<\/li>\n<li>B\u01b0\u1edbc 2: Cho m\u1ed9t l\u01b0\u1ee3ng v\u1eeba \u0111\u1ee7 N\u01b0\u1edbc hoa h\u1ed3ng the nature book ra tay ho\u1eb7c b\u00f4ng t\u1ea9y trang r\u1ed3i thoa nh\u1eb9 nh\u00e0ng l\u00ean m\u1eb7t<\/li>\n<li>B\u01b0\u1edbc 3: Massage nh\u1eb9 nh\u00e0ng \u0111\u1ec3 n\u01b0\u1edbc hoa h\u1ed3ng th\u1ea5m s\u00e2u v\u00e0o da<\/li>\n<\/ul>\n<\/div>\n","protected":false},"excerpt":{"rendered":"<p><strong>Th\u00e0nh ph\u1ea7n ch\u00ednh<\/strong><\/p>\n<p>Chi\u1ebft xu\u1ea5t tr\u00e1i c\u00e2y vitamin, chi\u1ebft xu\u1ea5t h\u1ed3ng s\u00e2m, chi\u1ebft xu\u1ea5t hoa o\u1ea3i h\u01b0\u01a1ng, chi\u1ebft xu\u1ea5t C\u00fac La M\u00e3, d\u1ea7u th\u1ea7u d\u1ea7u, chi\u1ebft xu\u1ea5t c\u00e2y lan d\u1ea1 h\u01b0\u01a1ng, chi\u1ebft xu\u1ea5t hoa thanh c\u00fac, Adenosine, Niacinamide v\u00e0 m\u1ed9t s\u1ed1 th\u00e0nh ph\u1ea7n kh\u00e1c<\/p>\n<p><strong>C\u00f4ng d\u1ee5ng<\/strong><\/p>\n<p>L\u00e0m tr\u1eafng da d\u01b0\u1ee1ng \u1ea9m cho da<\/p>\n","protected":false},"featured_media":1283,"comment_status":"open","ping_status":"closed","template":"","meta":{"site-sidebar-layout":"default","site-content-layout":"","ast-site-content-layout":"default","site-content-style":"default","site-sidebar-style":"default","ast-global-header-display":"","ast-banner-title-visibility":"","ast-main-header-display":"","ast-hfb-above-header-display":"","ast-hfb-below-header-display":"","ast-hfb-mobile-header-display":"","site-post-title":"","ast-breadcrumbs-content":"","ast-featured-img":"","footer-sml-layout":"","theme-transparent-header-meta":"default","adv-header-id-meta":"","stick-header-meta":"","header-above-stick-meta":"","header-main-stick-meta":"","header-below-stick-meta":"","astra-migrate-meta-layouts":"set","ast-page-background-enabled":"default","ast-page-background-meta":{"desktop":{"background-color":"var(--ast-global-color-5)","background-image":"","background-repeat":"repeat","background-position":"center center","background-size":"auto","background-attachment":"scroll","background-type":"","background-media":"","overlay-type":"","overlay-color":"","overlay-opacity":"","overlay-gradient":""},"tablet":{"background-color":"","background-image":"","background-repeat":"repeat","background-position":"center center","background-size":"auto","background-attachment":"scroll","background-type":"","background-media":"","overlay-type":"","overlay-color":"","overlay-opacity":"","overlay-gradient":""},"mobile":{"background-color":"","background-image":"","background-repeat":"repeat","background-position":"center center","background-size":"auto","background-attachment":"scroll","background-type":"","background-media":"","overlay-type":"","overlay-color":"","overlay-opacity":"","overlay-gradient":""}},"ast-content-background-meta":{"desktop":{"background-color":"var(--ast-global-color-4)","background-image":"","background-repeat":"repeat","background-position":"center center","background-size":"auto","background-attachment":"scroll","background-type":"","background-media":"","overlay-type":"","overlay-color":"","overlay-opacity":"","overlay-gradient":""},"tablet":{"background-color":"var(--ast-global-color-4)","background-image":"","background-repeat":"repeat","background-position":"center center","background-size":"auto","background-attachment":"scroll","background-type":"","background-media":"","overlay-type":"","overlay-color":"","overlay-opacity":"","overlay-gradient":""},"mobile":{"background-color":"var(--ast-global-color-4)","background-image":"","background-repeat":"repeat","background-position":"center center","background-size":"auto","background-attachment":"scroll","background-type":"","background-media":"","overlay-type":"","overlay-color":"","overlay-opacity":"","overlay-gradient":""}}},"product_brand":[122],"product_cat":[18,298,17,121,317,291],"product_tag":[],"class_list":{"0":"post-1244","1":"product","2":"type-product","3":"status-publish","4":"has-post-thumbnail","6":"product_brand-nature-book","7":"product_cat-cham-soc-da-mat","8":"product_cat-cham-soc-da-mat-sac-dep","9":"product_cat-my-pham","10":"product_cat-nature-book","11":"product_cat-nuoc-can-bang-da","12":"product_cat-sac-dep","13":"desktop-align-left","14":"tablet-align-left","15":"mobile-align-left","17":"first","18":"instock","19":"sale","20":"taxable","21":"shipping-taxable","22":"purchasable","23":"product-type-simple"},"_links":{"self":[{"href":"https:\/\/omewa.online\/index.php\/wp-json\/wp\/v2\/product\/1244","targetHints":{"allow":["GET"]}}],"collection":[{"href":"https:\/\/omewa.online\/index.php\/wp-json\/wp\/v2\/product"}],"about":[{"href":"https:\/\/omewa.online\/index.php\/wp-json\/wp\/v2\/types\/product"}],"replies":[{"embeddable":true,"href":"https:\/\/omewa.online\/index.php\/wp-json\/wp\/v2\/comments?post=1244"}],"wp:featuredmedia":[{"embeddable":true,"href":"https:\/\/omewa.online\/index.php\/wp-json\/wp\/v2\/media\/1283"}],"wp:attachment":[{"href":"https:\/\/omewa.online\/index.php\/wp-json\/wp\/v2\/media?parent=1244"}],"wp:term":[{"taxonomy":"product_brand","embeddable":true,"href":"https:\/\/omewa.online\/index.php\/wp-json\/wp\/v2\/product_brand?post=1244"},{"taxonomy":"product_cat","embeddable":true,"href":"https:\/\/omewa.online\/index.php\/wp-json\/wp\/v2\/product_cat?post=1244"},{"taxonomy":"product_tag","embeddable":true,"href":"https:\/\/omewa.online\/index.php\/wp-json\/wp\/v2\/product_tag?post=1244"}],"curies":[{"name":"wp","href":"https:\/\/api.w.org\/{rel}","templated":true}]}}