{"id":1243,"date":"2025-11-01T18:19:13","date_gmt":"2025-11-01T18:19:13","guid":{"rendered":"https:\/\/omewa.online\/?post_type=product&#038;p=1243"},"modified":"2025-11-26T01:45:58","modified_gmt":"2025-11-26T01:45:58","slug":"mat-na-duong-trang-da-lo-hoi-non-the-nature-book-han-quoc","status":"publish","type":"product","link":"https:\/\/omewa.online\/index.php\/product\/mat-na-duong-trang-da-lo-hoi-non-the-nature-book-han-quoc\/","title":{"rendered":"M\u1eb7t N\u1ea1 D\u01b0\u1ee1ng Tr\u1eafng Da L\u00f4 H\u1ed9i Non The Nature Book H\u00e0n Qu\u1ed1c"},"content":{"rendered":"<h2 id=\"1._gioi_thieu_ve_mat_na_duong_trang_da_l_hoi_non_the_nature_book_hn_quoc\"><strong>1. \u0110\u1eb7c \u0110i\u1ec3m N\u1ed5i B\u1eadt<\/strong><\/h2>\n<p>M\u1eb7t n\u1ea1\u00a0d\u01b0\u1ee1ng tr\u1eafng da l\u00f4 h\u1ed9i non The Nature Book H\u00e0n Qu\u1ed1c \u0111\u01b0\u1ee3c s\u1ea3n xu\u1ea5t v\u1edbi ngu\u1ed3n g\u1ed1c nguy\u00ean li\u1ec7u 100% t\u1eeb thi\u00ean nhi\u00ean. L\u1ea5y c\u1ea3m h\u1ee9ng t\u1eeb nh\u1eefng gi\u00e1 tr\u1ecb l\u00e0m \u0111\u1eb9p b\u1ea5t t\u1eadn t\u1eeb thi\u00ean nhi\u00ean, c\u00e1c nguy\u00ean li\u1ec7u \u0111\u01b0\u1ee3c tr\u1ed3ng v\u00e0 ch\u1ecdn l\u1ef1a t\u1ec9 m\u1ec9 \u0111\u1ec3 c\u00f3 th\u1ec3 ph\u00e1t huy t\u1ed1i \u0111a hi\u1ec7u qu\u1ea3.<\/p>\n<p>\u0110\u01b0\u1ee3c s\u1ea3n xu\u1ea5t b\u1edfi 1 trong 3 nh\u00e0 m\u00e1y top \u0111\u1ea7u H\u00e0n Qu\u1ed1c v\u1ec1 nghi\u00ean c\u1ee9u v\u00e0 ph\u00e1t tri\u1ec3n c\u00e1c d\u00f2ng s\u1ea3n ph\u1ea9m chi\u1ebft xu\u1ea5t t\u1eeb thi\u00ean nhi\u00ean.<\/p>\n<p>N\u1ebfu n\u00f3i vi\u1ec7c thoa kem d\u01b0\u1ee1ng h\u00e0ng ng\u00e0y l\u00e0 b\u1eefa c\u01a1m cho da th\u00ec vi\u1ec7c \u0111\u1eafp M\u1eb7t n\u1ea1 d\u01b0\u1ee1ng tr\u1eafng da l\u00f4 h\u1ed9i non The Nature Book H\u00e0n Qu\u1ed1c. gi\u1ed1ng nh\u01b0 u\u1ed1ng thu\u1ed1c b\u1ed5, h\u1ed7 tr\u1ee3 cung c\u1ea5p \u0111\u1ed9 \u1ea9m v\u00e0 kho\u00e1ng ch\u1ea5t d\u1ed3i d\u00e0o cho da.<\/p>\n<p>S\u1ea3n ph\u1ea9m M\u1eb7t n\u1ea1 d\u01b0\u1ee1ng tr\u1eafng da l\u00f4 h\u1ed9i non n\u00f3i ri\u00eang, m\u1ef9 ph\u1ea9m The Nature Book H\u00e0n Qu\u1ed1c n\u00f3i chung \u0111\u01b0\u1ee3c \u0111\u00e1nh gi\u00e1 cao v\u1ec1 ch\u1ea5t l\u01b0\u1ee3ng, gi\u00e1 th\u00e0nh r\u1ebb, ph\u00f9 h\u1ee3p v\u1edbi \u0111i\u1ec1u ki\u1ec7n c\u1ee7a h\u1ea7u h\u1ebft ch\u1ecb em ph\u1ee5 n\u1eef.<\/p>\n<p>&nbsp;<\/p>\n<h2 id=\"2._thnh_phan_cua_mat_na_duong_trang_da_l_hoi_non_the_nature_book_hn_quoc\">2. Th\u00e0nh Ph\u1ea7n Chi\u1ebft Xu\u1ea5t<\/h2>\n<p>Trong m\u1ed9t mi\u1ebfng M\u1eb7t N\u1ea1 d\u01b0\u1ee1ng tr\u1eafng da l\u00f4 h\u1ed9i non The Nature Book H\u00e0n Qu\u1ed1c ch\u1ee9a h\u00e0ng tri\u1ec7u d\u01b0\u1ee1ng ch\u1ea5t t\u1eeb c\u00e1c th\u1ea3o m\u1ed9c t\u1ef1 nhi\u00ean:<\/p>\n<ul>\n<li>Chi\u1ebft xu\u1ea5t L\u00f4 h\u1ed9i: D\u01b0\u1ee1ng \u1ea9m, ng\u0103n ng\u1eeba l\u00e3o h\u00f3a da.<\/li>\n<li>Chi\u1ebft xu\u1ea5t Rau m\u00e1: T\u00e1i t\u1ea1o ph\u1ee5c h\u1ed3i da, t\u0103ng \u0111\u1ed9 \u0111\u00e0n h\u1ed3i c\u1ee7a da.<\/li>\n<li>Chi\u1ebft xu\u1ea5t l\u00e1 tr\u00e0: L\u00e0m s\u00e1ng da, c\u1ea3i thi\u1ec7n \u0111\u1ed9 \u1ea9m, t\u0103ng c\u01b0\u1eddng b\u1ea3o v\u1ec7 da kh\u1ecfi t\u00e1c nh\u00e2n b\u00ean ngo\u00e0i.<\/li>\n<li>Chi\u1ebft xu\u1ea5t t\u1ea3o: D\u01b0\u1ee1ng da tr\u1eafng s\u00e1ng, ch\u1ed1ng oxy h\u00f3a, l\u00e0m ch\u1eadm qu\u00e1 tr\u00ecnh l\u00e3o h\u00f3a da.<\/li>\n<\/ul>\n<p>&nbsp;<\/p>\n<h2 id=\"3._cng_dung_cua_mat_na_duong_trang_da_l_hoi_non_the_nature_book_hn_quoc\">3. C\u00f4ng D\u1ee5ng V\u1edbi Da<\/h2>\n<p>M\u1eb7t n\u1ea1\u00a0d\u01b0\u1ee1ng tr\u1eafng da l\u00f4 h\u1ed9i non The Nature Book h\u00e0n Qu\u1ed1c mang l\u1ea1i 3 c\u00f4ng d\u1ee5ng v\u01b0\u1ee3t tr\u1ed9i:<\/p>\n<ul>\n<li>D\u01b0\u1ee1ng tr\u1eafng da hi\u1ec7u qu\u1ea3<\/li>\n<li>L\u00e0m d\u1ecbu m\u00e1t c\u00e1c v\u1ebft th\u00e2m \u0111\u1ecf do m\u1ee5n g\u00e2y ra<\/li>\n<li>L\u00e0m m\u1ec1m v\u00e0 d\u01b0\u1ee1ng \u1ea9m s\u00e2u cho l\u00e0n da, tr\u00e1nh t\u00ecnh tr\u1ea1ng kh\u00f4 c\u0103ng, bong tr\u00f3c.<\/li>\n<\/ul>\n<p>&nbsp;<\/p>\n<h2 id=\"4._huong_dan_su_dung_mat_na_duong_trang_da_l_hoi_non_the_nature_book_hn_quoc\">4. H\u01b0\u1edbng D\u1eabn S\u1eed D\u1ee5ng<\/h2>\n<ul>\n<li>B\u01b0\u1edbc 1: R\u1eeda m\u1eb7t s\u1ea1ch v\u00e0 lau kh\u00f4.<\/li>\n<li>B\u01b0\u1edbc 2: S\u1eed d\u1ee5ng n\u01b0\u1edbc hoa h\u1ed3ng.<\/li>\n<li>B\u01b0\u1edbc 3: L\u1ea5y M\u1eb7t n\u1ea1 d\u01b0\u1ee1ng tr\u1eafng da L\u00f4 H\u1ed9i non The Nature Book H\u00e0n Qu\u1ed1c \u0111\u1eafp l\u00ean to\u00e0n b\u1ed9 khu\u00f4n m\u1eb7t, th\u01b0 gi\u00e3n kho\u1ea3ng 15 \u0111\u1ebfn 20 ph\u00fat, sau \u0111\u00f3 g\u1ee1 m\u1eb7t n\u1ea1 ra v\u00e0 massage \u0111\u1ec3 d\u01b0\u1ee1ng ch\u1ea5t th\u1ea9m th\u1ea5u v\u00e0o da.<\/li>\n<li>S\u1eed d\u1ee5ng M\u1eb7t n\u1ea1 d\u01b0\u1ee1ng tr\u1eafng da L\u00f4 H\u1ed9i non The Nature Book H\u00e0n Qu\u1ed1c 2-3 l\u1ea7n\/ tu\u1ea7n.<\/li>\n<\/ul>\n<p><strong>L\u01b0u \u00fd s\u1eed d\u1ee5ng<\/strong>: S\u1ea3n ph\u1ea9m ph\u00f9 h\u1ee3p t\u1ea5t c\u1ea3 c\u00e1c lo\u1ea1i da k\u1ec3 c\u1ea3 l\u00e0 v\u1edbi da m\u1ee5n, da b\u1ecb l\u00e3o h\u00f3a v\u00e0 da nh\u1ea1y c\u1ea3m. B\u1ea3o qu\u1ea3n s\u1ea3n ph\u1ea9m n\u01a1i kh\u00f4 tho\u00e1ng, tr\u00e1nh \u00e1nh n\u1eafng tr\u1ef1c ti\u1ebfp, tr\u00e1nh xa t\u1ea7m tay tr\u1ebb em.<\/p>\n<h2 id=\"5._cam_ket_v_bao_hnh_sua_rua_mat_tr_xanh_the_nature_book_hn_quoc\">5. Cam K\u1ebft T\u1eeb The Nature Book<\/h2>\n<ol>\n<li>M\u1eb7t n\u1ea1 d\u01b0\u1ee1ng tr\u1eafng da L\u00f4 H\u1ed9i non The Nature Book H\u00e0n Qu\u1ed1c S\u1ea1ch, An to\u00e0n, Hi\u1ec7u qu\u1ea3, v\u00e0 Ch\u1ea5t l\u01b0\u1ee3ng.<\/li>\n<li>Th\u00e2n thi\u1ec7n v\u1edbi m\u00f4i tr\u01b0\u1eddng, g\u1ea7n g\u0169i v\u1edbi \u0111\u1eddi s\u1ed1ng. \u0110\u1ea3m b\u1ea3o v\u00f2ng tu\u1ea7n ho\u00e0n b\u1ec1n v\u1eefng c\u1ee7a t\u1ef1 nhi\u00ean.<\/li>\n<li>\u0110\u01b0\u1ee3c s\u1ea3n xu\u1ea5t b\u1edfi 1 trong 3 nh\u00e0 m\u00e1y top \u0111\u1ea7u H\u00e0n Qu\u1ed1c v\u1ec1 nghi\u00ean c\u1ee9u v\u00e0 ph\u00e1t tri\u1ec3n c\u00e1c d\u00f2ng s\u1ea3n ph\u1ea9m chi\u1ebft xu\u1ea5t t\u1eeb thi\u00ean nhi\u00ean.<\/li>\n<li>L\u00e0 gi\u1ea3i ph\u00e1p l\u00e0m \u0111\u1eb9p hi\u1ec7u qu\u1ea3 v\u00e0 ti\u1ebft ki\u1ec7m<\/li>\n<li>S\u1eb5n s\u00e0ng chia s\u1ebb l\u1ee3i \u00edch v\u1edbi \u0111\u1ed1i t\u00e1c, kh\u00e1ch h\u00e0ng, v\u00e0 x\u00e3 h\u1ed9i<\/li>\n<\/ol>\n","protected":false},"excerpt":{"rendered":"<ul>\n<li><strong>Th\u00f4ng tin n\u1ed5i b\u1eadt<\/strong>: Thi\u1ebft k\u1ebf \u00f4m tr\u1ecdn g\u01b0\u01a1ng m\u1eb7t, ch\u1ee9a h\u00e0ng tri\u1ec7u d\u01b0\u1ee1ng ch\u1ea5t t\u1eeb th\u1ea3o m\u1ed9c thi\u00ean nhi\u00ean, mang l\u1ea1i l\u00e0n da tr\u1eafng s\u00e1ng, m\u01b0\u1ee3t m\u00e0.<\/li>\n<li><strong>Dung t\u00edch<\/strong>: 25g x 10<\/li>\n<li><strong>Th\u01b0\u01a1ng hi\u1ec7u<\/strong>:\u00a0The Nature Book<\/li>\n<li><strong>Xu\u1ea5t x\u1ee9<\/strong>: H\u00e0n Qu\u1ed1c<\/li>\n<\/ul>\n","protected":false},"featured_media":1281,"comment_status":"open","ping_status":"closed","template":"","meta":{"site-sidebar-layout":"default","site-content-layout":"","ast-site-content-layout":"default","site-content-style":"default","site-sidebar-style":"default","ast-global-header-display":"","ast-banner-title-visibility":"","ast-main-header-display":"","ast-hfb-above-header-display":"","ast-hfb-below-header-display":"","ast-hfb-mobile-header-display":"","site-post-title":"","ast-breadcrumbs-content":"","ast-featured-img":"","footer-sml-layout":"","theme-transparent-header-meta":"","adv-header-id-meta":"","stick-header-meta":"","header-above-stick-meta":"","header-main-stick-meta":"","header-below-stick-meta":"","astra-migrate-meta-layouts":"default","ast-page-background-enabled":"default","ast-page-background-meta":{"desktop":{"background-color":"var(--ast-global-color-5)","background-image":"","background-repeat":"repeat","background-position":"center center","background-size":"auto","background-attachment":"scroll","background-type":"","background-media":"","overlay-type":"","overlay-color":"","overlay-opacity":"","overlay-gradient":""},"tablet":{"background-color":"","background-image":"","background-repeat":"repeat","background-position":"center center","background-size":"auto","background-attachment":"scroll","background-type":"","background-media":"","overlay-type":"","overlay-color":"","overlay-opacity":"","overlay-gradient":""},"mobile":{"background-color":"","background-image":"","background-repeat":"repeat","background-position":"center center","background-size":"auto","background-attachment":"scroll","background-type":"","background-media":"","overlay-type":"","overlay-color":"","overlay-opacity":"","overlay-gradient":""}},"ast-content-background-meta":{"desktop":{"background-color":"var(--ast-global-color-4)","background-image":"","background-repeat":"repeat","background-position":"center center","background-size":"auto","background-attachment":"scroll","background-type":"","background-media":"","overlay-type":"","overlay-color":"","overlay-opacity":"","overlay-gradient":""},"tablet":{"background-color":"var(--ast-global-color-4)","background-image":"","background-repeat":"repeat","background-position":"center center","background-size":"auto","background-attachment":"scroll","background-type":"","background-media":"","overlay-type":"","overlay-color":"","overlay-opacity":"","overlay-gradient":""},"mobile":{"background-color":"var(--ast-global-color-4)","background-image":"","background-repeat":"repeat","background-position":"center center","background-size":"auto","background-attachment":"scroll","background-type":"","background-media":"","overlay-type":"","overlay-color":"","overlay-opacity":"","overlay-gradient":""}}},"product_brand":[122],"product_cat":[18,298,323,17,121,291],"product_tag":[],"class_list":{"0":"post-1243","1":"product","2":"type-product","3":"status-publish","4":"has-post-thumbnail","6":"product_brand-nature-book","7":"product_cat-cham-soc-da-mat","8":"product_cat-cham-soc-da-mat-sac-dep","9":"product_cat-mat-na","10":"product_cat-my-pham","11":"product_cat-nature-book","12":"product_cat-sac-dep","13":"desktop-align-left","14":"tablet-align-left","15":"mobile-align-left","17":"first","18":"instock","19":"taxable","20":"shipping-taxable","21":"purchasable","22":"product-type-simple"},"_links":{"self":[{"href":"https:\/\/omewa.online\/index.php\/wp-json\/wp\/v2\/product\/1243","targetHints":{"allow":["GET"]}}],"collection":[{"href":"https:\/\/omewa.online\/index.php\/wp-json\/wp\/v2\/product"}],"about":[{"href":"https:\/\/omewa.online\/index.php\/wp-json\/wp\/v2\/types\/product"}],"replies":[{"embeddable":true,"href":"https:\/\/omewa.online\/index.php\/wp-json\/wp\/v2\/comments?post=1243"}],"wp:featuredmedia":[{"embeddable":true,"href":"https:\/\/omewa.online\/index.php\/wp-json\/wp\/v2\/media\/1281"}],"wp:attachment":[{"href":"https:\/\/omewa.online\/index.php\/wp-json\/wp\/v2\/media?parent=1243"}],"wp:term":[{"taxonomy":"product_brand","embeddable":true,"href":"https:\/\/omewa.online\/index.php\/wp-json\/wp\/v2\/product_brand?post=1243"},{"taxonomy":"product_cat","embeddable":true,"href":"https:\/\/omewa.online\/index.php\/wp-json\/wp\/v2\/product_cat?post=1243"},{"taxonomy":"product_tag","embeddable":true,"href":"https:\/\/omewa.online\/index.php\/wp-json\/wp\/v2\/product_tag?post=1243"}],"curies":[{"name":"wp","href":"https:\/\/api.w.org\/{rel}","templated":true}]}}