{"id":1198,"date":"2025-11-01T18:18:49","date_gmt":"2025-11-01T18:18:49","guid":{"rendered":"https:\/\/omewa.online\/?post_type=product&#038;p=1198"},"modified":"2025-12-13T03:33:51","modified_gmt":"2025-12-13T03:33:51","slug":"kem-duong-tai-sinh-phuc-hoi-cao-cap-edally-han-quoc","status":"publish","type":"product","link":"https:\/\/omewa.online\/index.php\/product\/kem-duong-tai-sinh-phuc-hoi-cao-cap-edally-han-quoc\/","title":{"rendered":"Kem d\u01b0\u1ee1ng t\u00e1i sinh ph\u1ee5c h\u1ed3i cao c\u1ea5p Edally H\u00e0n Qu\u1ed1c"},"content":{"rendered":"<h2 id=\"1._gioi_thieu_vekem_duong_ti_sinh_phuc_hoi_cao_cap_edally_ex_hn_quoc\">1. L\u00fd do b\u1ea1n n\u00ean s\u1eed d\u1ee5ng kem d\u01b0\u1ee1ng<\/h2>\n<p dir=\"ltr\" role=\"presentation\">Qu\u00e1 tr\u00ecnh l\u00e3o h\u00f3a da \u1edf ph\u1ee5 n\u1eef tu\u1ed5i 30+ th\u01b0\u1eddng di\u1ec5n ra nhanh h\u01a1n, \u0111\u00e2y c\u0169ng l\u00e0 l\u00fac g\u1eb7p ph\u1ea3i h\u00e0ng lo\u1ea1t nh\u1eefng v\u1ea5n \u0111\u1ec1 s\u1ea1m n\u00e1m, t\u00e0n nhang nghi\u00eam tr\u1ecdng. N\u1ebfu kh\u00f4ng c\u00f3 bi\u1ec7n ph\u00e1p ng\u0103n ng\u1eeba th\u00edch h\u1ee3p ngay t\u1eeb \u0111\u1ea7u, \u0111\u1ec3 g\u1ed1c n\u00e1m \u0103n s\u00e2u v\u00e0o da, l\u00e0n da c\u1ee7a b\u1ea1n s\u1ebd k\u00e9m s\u1eafc v\u00e0 \u1ea3nh h\u01b0\u1edfng x\u1ea5u t\u1edbi nhan s\u1eafc c\u0169ng nh\u01b0 m\u1ea5t t\u1ef1 tin trong cu\u1ed9c s\u1ed1ng, giao ti\u1ebfp h\u00e0ng ng\u00e0y.<\/p>\n<p dir=\"ltr\" role=\"presentation\">Th\u1ea5u hi\u1ec3u \u0111i\u1ec1u \u0111\u00f3, s\u1ea3n ph\u1ea9m\u00a0kem d\u01b0\u1ee1ng\u00a0t\u00e1i sinh ph\u1ee5c h\u1ed3i cao c\u1ea5p Edally EX H\u00e0n Qu\u1ed1c \u2013 Rejuvenating Luxury Cream\u00a0ra \u0111\u1eddi v\u00e0 l\u00e0 m\u1ed9t trong s\u1ed1 nh\u1eefng m\u1ef9 ph\u1ea9m ch\u1ed1ng l\u00e3o h\u00f3a ng\u0103n ng\u1eeba n\u00e1m \u0111ang l\u00e0m m\u01b0a l\u00e0m gi\u00f3 tr\u00ean th\u1ecb tr\u01b0\u1eddng hi\u1ec7n nay.<\/p>\n<p dir=\"ltr\" role=\"presentation\"><img fetchpriority=\"high\" decoding=\"async\" class=\"aligncenter size-full wp-image-622\" src=\"https:\/\/edallyvietnam.vn\/wp-content\/uploads\/2023\/02\/kem-duong-tai-sinh-phuc-hoi-cao-cap-edally-noi-bat.jpg\" alt=\"Kem Duong Tai Sinh Phuc Hoi Cao Cap Edally Noi Bat\" width=\"640\" height=\"480\" \/><\/p>\n<p dir=\"ltr\" role=\"presentation\">N\u1ebfu b\u1ea1n \u0111ang t\u00ecm m\u1ed9t ph\u01b0\u01a1ng ph\u00e1p tr\u1ecb n\u00e1m an to\u00e0n nh\u01b0ng kh\u00f4ng qu\u00e1 t\u1ed1n nhi\u1ec1u chi ph\u00ed, n\u1ebfu b\u1ea1n \u0111ang ph\u00e2n v\u00e2n gi\u1eefa c\u00e1c s\u1ea3n ph\u1ea9m h\u1ed7 tr\u1ee3 \u0111i\u1ec1u tr\u1ecb n\u00e1m tr\u00ean th\u1ecb tr\u01b0\u1eddng v\u1ec1 gi\u00e1 c\u1ea3, hi\u1ec7u qu\u1ea3 mang l\u1ea1i th\u00ec\u00a0kem\u00a0d\u01b0\u1ee1ng\u00a0t\u00e1i sinh ph\u1ee5c h\u1ed3i cao c\u1ea5p Edally EX\u00a0ch\u00ednh l\u00e0 b\u00ed quy\u1ebft ho\u00e0n h\u1ea3o m\u00e0 b\u1ea1n kh\u00f4ng th\u1ec3 b\u1ecf qua.<\/p>\n<p dir=\"ltr\" role=\"presentation\">Kem d\u01b0\u1ee1ng\u00a0t\u00e1i sinh ph\u1ee5c h\u1ed3i cao c\u1ea5p Edally EX H\u00e0n Qu\u1ed1c l\u00e0 s\u1ea3n ph\u1ea9m thu\u1ed9c d\u00f2ng Rejuvenating Luxury \u00e1p d\u1ee5ng c\u00f4ng ngh\u1ec7 th\u1ea9m th\u1ea5u t\u1ebf b\u00e0o \u0111\u1ed9t ph\u00e1\u00a0Neocell Science\u00a0c\u00f3 kh\u1ea3 n\u0103ng t\u1ed1i \u01b0u h\u00f3a t\u00e1i t\u1ea1o da t\u1eeb s\u00e2u b\u00ean trong \u0111\u1ed3ng th\u1eddi ng\u0103n ng\u1eeba l\u00e3o h\u00f3a da hi\u1ec7u qu\u1ea3.<\/p>\n<h2 id=\"2._thnh_phan_cua_kem_duong_ti_sinh_phuc_hoi_cao_cap_edally_ex_hn_quoc\">2. Th\u00e0nh ph\u1ea7n chi\u1ebft xu\u1ea5t<\/h2>\n<p dir=\"ltr\" role=\"presentation\">Kem d\u01b0\u1ee1ng\u00a0t\u00e1i sinh ph\u1ee5c h\u1ed3i cao c\u1ea5p Edally EX H\u00e0n Qu\u1ed1c\u00a0v\u1edbi th\u00e0nh ph\u1ea7n chi\u1ebft xu\u1ea5t t\u1eeb Adenosine, Niacinamide, Collagen, Chi\u1ebft xu\u1ea5t h\u1ea1t ca cao, Axit Hyaluronic, chi\u1ebft xu\u1ea5t th\u1ef1c v\u1eadt, c\u1ecf x\u1ea1 h\u01b0\u01a1ng, b\u00fap l\u1ec7, c\u00e2y tuy\u1ebft nhung, Leucine, Lysine, Arginine, Valine, Arginine, Tyrosine, Threonine, Pronine, Valine, Folic Acid, Cystine, Phenylalanine, Isoleucine, Histidine, Cystine v\u00e0 m\u1ed9t s\u1ed1 th\u00e0nh ph\u1ea7n kh\u00e1c.<\/p>\n<ul>\n<li dir=\"ltr\" role=\"presentation\">Adenosine gi\u00fap \u0111\u00e0o th\u1ea3i h\u1eafc s\u1eafc t\u1ed1 Melanin \u2013 nguy\u00ean nh\u00e2n ch\u00ednh g\u00e2y n\u00ean t\u00ecnh tr\u1ea1ng n\u00e1m da.<\/li>\n<li dir=\"ltr\" role=\"presentation\">Niacinamide \u0111\u01b0\u1ee3c c\u1ee5c Qu\u1ea3n l\u00fd d\u01b0\u1ee3c v\u00e0 Th\u1ef1c ph\u1ea9m H\u00e0n Qu\u1ed1c c\u1ea5p ph\u00e9p s\u1eed d\u1ee5ng th\u00e0nh ph\u1ea7n d\u01b0\u1ee1ng tr\u1eafng da \u0111\u01b0\u1ee3c d\u00f9ng trong c\u00e1c lo\u1ea1i\u00a0m\u1ef9 ph\u1ea9m.<\/li>\n<li dir=\"ltr\" role=\"presentation\">Neocell \u2013 C\u00f4ng ngh\u1ec7 l\u00e0m \u0111\u1eb9p hi\u1ec7n \u0111\u1ea1i s\u1ed1 1 gi\u00fap \u0111\u01b0a c\u00e1c d\u01b0\u1ee1ng ch\u1ea5t gi\u1ed1ng nh\u01b0 d\u1ecbch t\u1ebf b\u00e0o v\u00e0o s\u00e2u b\u00ean trong, nu\u00f4i d\u01b0\u1ee1ng, t\u00e1i t\u1ea1o l\u00e0n da kh\u1ecfe m\u1ea1nh \u0111\u01b0\u1ee3c s\u1eed d\u1ee5ng cho\u00a0kem d\u01b0\u1ee1ng t\u00e1i sinh ph\u1ee5c h\u1ed3i cap c\u1ea5p Edally EX H\u00e0n Qu\u1ed1c.<\/li>\n<li dir=\"ltr\" role=\"presentation\">Ch\u1ee9a\u00a0Collagen\u00a0bi\u1ec3n tinh khi\u1ebft 100% gi\u00fap d\u01b0\u1ee1ng \u1ea9m v\u00e0 t\u0103ng \u0111\u1ed9 b\u1ec1n v\u1eefng c\u1ee7a c\u1ea5u tr\u00fac da nh\u1edd k\u00edch th\u00edch qu\u00e1 tr\u00ecnh trao s\u1ea3n sinh Collagen v\u00e0 Elastin d\u01b0\u1edbi da.<\/li>\n<li dir=\"ltr\" role=\"presentation\">Chi\u1ebft xu\u1ea5t h\u1ea1t ca cao: Ch\u1ed1ng oxy h\u00f3a, ng\u0103n ng\u1eeba l\u00e3o h\u00f3a, c\u1ea3i thi\u1ec7n l\u01b0u th\u00f4ng m\u00e1u d\u01b0\u1edbi da, gi\u00fap da h\u1ed3ng h\u00e0o h\u01a1n, t\u0103ng s\u1ef1 \u0111\u00e0n h\u1ed3i v\u00e0 \u0111\u1ed9 \u1ea9m cho da, gi\u00fap l\u00e0m m\u1edd n\u1ebfp nh\u0103n, t\u1ea9y t\u1ebf b\u00e0o ch\u1ebft, b\u1ea3o v\u1ec7 da kh\u1ecfi t\u00e1c h\u1ea1i c\u1ee7a \u00e1nh n\u1eafng m\u1eb7t tr\u1eddi.<\/li>\n<li dir=\"ltr\" role=\"presentation\">Axit Hyaluronic: D\u01b0\u1ee1ng \u1ea9m, v\u1eadn chuy\u1ec3n n\u01b0\u1edbc v\u00e0 d\u01b0\u1ee1ng ch\u1ea5t t\u1eeb m\u1ea1ch m\u00e1u qua c\u00e1c mao m\u1ea1ch tr\u00ean da, cung c\u1ea5p, duy tr\u00ec \u0111\u1ed9 \u1ea9m, b\u1ed5 sung kho\u00e1ng ch\u1ea5t v\u00e0 ngu\u1ed3n n\u0103ng l\u01b0\u1ee3ng gi\u00fap l\u00e0n da kh\u00f4 r\u00e1p tr\u1edf n\u00ean m\u1ec1m m\u1ea1i, c\u0103ng m\u01b0\u1edbt.<\/li>\n<li dir=\"ltr\" role=\"presentation\">Chi\u1ebft xu\u1ea5t c\u1ecf x\u1ea1 h\u01b0\u01a1ng: Ch\u1ee9a h\u00e0m l\u01b0\u1ee3ng l\u1edbn c\u00e1c Vitamin A, C v\u00e0 Folate, nh\u1eefng ch\u1ea5t dinh d\u01b0\u1ee1ng ch\u1ed1ng l\u00e3o h\u00f3a m\u1ea1nh \u0111\u00f3ng vai tr\u00f2 quan tr\u1ecdng gi\u00fap l\u00e0n da m\u1ec1m m\u1ea1i, m\u1ecbn m\u00e0ng v\u00e0 t\u01b0\u01a1i tr\u1ebb.<\/li>\n<\/ul>\n<p dir=\"ltr\" role=\"presentation\"><img decoding=\"async\" class=\"aligncenter size-full wp-image-660\" src=\"https:\/\/edallyvietnam.vn\/wp-content\/uploads\/2023\/02\/kem-nam-cao-cap-edally02.jpg\" alt=\"Kem Nam Cao Cap Edally02\" width=\"640\" height=\"429\" \/><\/p>\n<h2 id=\"3._cng_dung_cua_kem_duong_ti_sinh_phuc_hoi_cao_cap_edally_ex_hn_quoc\">3. C\u00f4ng d\u1ee5ng ch\u00ednh<\/h2>\n<ul>\n<li dir=\"ltr\" role=\"presentation\">Gi\u00fap t\u00e1i t\u1ea1o ph\u1ee5c h\u1ed3i da v\u00e0 h\u1ea1n ch\u1ebf t\u1ed1i \u0111a c\u00e1c d\u1ea5u hi\u1ec7u l\u00e3o h\u00f3a da.<\/li>\n<li dir=\"ltr\" role=\"presentation\">Duy tr\u00ec s\u1ef1 \u1ed5n \u0111\u1ecbnh chu k\u1ef3 tu\u1ea7n ho\u00e0n m\u00e1u d\u01b0\u1edbi da, th\u00fac \u0111\u1ea9y m\u1ea1nh m\u1ebd qu\u00e1 tr\u00ecnh trao \u0111\u1ed5i ch\u1ea5t v\u00e0 nu\u00f4i d\u01b0\u1ee1ng t\u1ebf b\u00e0o da.<\/li>\n<li dir=\"ltr\" role=\"presentation\">L\u00e0m m\u1edd c\u00e1c v\u00f9ng n\u00e1m m\u1ea3ng, n\u00e1m m\u1edbi, t\u00e0n nhang \u0111\u1ed3ng th\u1eddi gi\u00fap thu h\u1eb9p ch\u00e2n n\u00e1m.<\/li>\n<li dir=\"ltr\" role=\"presentation\">Gi\u00fap b\u1ed5 sung \u0111\u1ed3ng th\u1eddi th\u00fac \u0111\u1ea9y qu\u00e1 tr\u00ecnh s\u1ea3n sinh Collagen t\u1ef1 nhi\u00ean gi\u00fap l\u00e0n da c\u0103ng m\u1ecbn, ch\u1ed1ng l\u1ea1i c\u00e1c d\u1ea5u hi\u1ec7u l\u00e3o h\u00f3a nh\u01b0 n\u1ebfp nh\u0103n, ch\u1ea3y s\u1ec7,..<\/li>\n<\/ul>\n<h3><img decoding=\"async\" class=\"aligncenter size-full wp-image-624\" src=\"https:\/\/edallyvietnam.vn\/wp-content\/uploads\/2023\/02\/cong-dung-cua-kem-duong-tai-sinh-phuc-hoi-cao-cap-edally-ex-hap-khau-han-quoc-chinh-hang-cd.jpg\" alt=\"Kem N\u00e1m Cao C\u1ea5p Edally Ex\" width=\"640\" height=\"480\" \/><\/h3>\n<h2 id=\"4._huong_dan_su_dung_kem_duong_ti_sinh_phuc_hoi_cao_cap_edally_ex_hn_quoc\">4. H\u01b0\u1edbng d\u1eabn s\u1eed d\u1ee5ng<\/h2>\n<p>S\u1eed d\u1ee5ng Kem d\u01b0\u1ee1ng t\u00e1i sinh ph\u1ee5c h\u1ed3i cao c\u1ea5p Edally EX nh\u1eadp kh\u1ea9u H\u00e0n Qu\u1ed1c theo 2 b\u01b0\u1edbc sau:<\/p>\n<p>B\u01b0\u1edbc 1: L\u00e0m s\u1ea1ch da b\u1eb1ng\u00a0t\u1ea9y trang,\u00a0t\u1ea9y da ch\u1ebft,\u00a0s\u1eefa r\u1eeda m\u1eb7t\u00a0v\u00e0\u00a0n\u01b0\u1edbc hoa h\u1ed3ng.<\/p>\n<p>B\u01b0\u1edbc 2: L\u1ea5y m\u1ed9t l\u01b0\u1ee3ng\u00a0kem d\u01b0\u1ee1ng\u00a0t\u00e1i sinh\u00a0ph\u1ee5c h\u1ed3i cao c\u1ea5p Edally EX H\u00e0n Qu\u1ed1c v\u1eeba \u0111\u1ee7 v\u00e0 thoa \u0111\u1ec1u l\u00ean m\u1eb7t r\u1ed3i d\u00f9ng ng\u00f3n tay \u1ea5n nh\u1eb9 \u0111\u1ec3 kem th\u1ea5m \u0111\u1ec1u.<\/p>\n<p><strong>L\u01b0u \u00fd<\/strong>: S\u1eed d\u1ee5ng 2 l\u1ea7n\/ ng\u00e0y v\u00e0o m\u1ed7i bu\u1ed5i s\u00e1ng v\u00e0 t\u1ed1i \u0111\u1ec3 \u0111\u1ea1t hi\u1ec7u qu\u1ea3 t\u1ed1t nh\u1ea5t.<\/p>\n<p><img loading=\"lazy\" decoding=\"async\" class=\"aligncenter size-full wp-image-625\" src=\"https:\/\/edallyvietnam.vn\/wp-content\/uploads\/2023\/02\/huong-dan-su-dung-kem-duong-tai-sinh-phuc-hoi-cao-cap-edally-ex-hap-khau-han-quoc-chinh-hang-hdsd.jpg\" alt=\"Huong Dan Su Dung Kem Duong Tai Sinh Phuc Hoi Cao Cap Edally Ex Hap Khau Han Quoc Chinh Hang Hdsd\" width=\"640\" height=\"480\" \/><\/p>\n<h2 id=\"5._cam_ket_v_bao_hnh_kem_duong_ti_sinh_phuc_hoi_cao_cap_edally_ex_hn_quoc\">5. Cam k\u1ebft t\u1eeb Edally Vi\u1ec7t Nam<\/h2>\n<ul>\n<li>S\u1ea3n ph\u1ea9m c\u00f3 \u0111\u1ea7y \u0111\u1ee7 gi\u1ea5y t\u1edd ch\u1ee9ng nh\u1eadn nh\u1eadp kh\u1ea9u<\/li>\n<li>S\u1ea3n ph\u1ea9m \u0111\u01b0\u1ee3c s\u1ea3n xu\u1ea5t t\u1ea1i nh\u00e0 m\u00e1y s\u1ed1 1 H\u00e0n Qu\u1ed1c: Coreana Cosmetics Co., Ltd.<\/li>\n<li>S\u1ea3n ph\u1ea9m c\u00f3 ch\u1ee9ng nh\u1eadn uy t\u00edn, danh gi\u00e1 Qu\u1ed1c t\u1ebf: ch\u1ee9ng nh\u1eadn c\u1ee7a FDA (c\u1ee5c Qu\u1ea3n l\u00fd d\u01b0\u1ee3c v\u00e0 M\u1ef9 ph\u1ea9m Hoa K\u1ef3), Ecocert, KFDA\u2026 Edally EX \u0111\u1ec1u \u0111\u1ea1t \u0111\u01b0\u1ee3c.<\/li>\n<li>S\u1ea3n ph\u1ea9m c\u00f3 ch\u1ee9ng nh\u1eadn trong n\u01b0\u1edbc: b\u1ea3n c\u00f4ng b\u1ed1 ch\u1ea5t l\u01b0\u1ee3ng t\u1eebng s\u1ea3n ph\u1ea9m, ch\u1ee9ng nh\u1eadn s\u1ea3n ph\u1ea9m vi\u1ec7n da li\u1ec5u TW khuy\u00ean d\u00f9ng, gi\u1ea5y ph\u00e9p l\u01b0u h\u00e0nh s\u1ea3n ph\u1ea9m,\u2026<\/li>\n<\/ul>\n","protected":false},"excerpt":{"rendered":"<ul>\n<li><strong>C\u00f4ng d\u1ee5ng<\/strong>: L\u00e0m m\u1edd c\u00e1c v\u00f9ng n\u00e1m m\u1ea3ng, n\u00e1m m\u1edbi, t\u00e0n nhang, gi\u00fap thu h\u1eb9p ch\u00e2n n\u00e1m B\u1ed5 sung, \u0111\u1ed3ng th\u1eddi th\u00fac \u0111\u1ea9y qu\u00e1 tr\u00ecnh s\u1ea3n sinh Collagen t\u1ef1 nhi\u00ean gi\u00fap l\u00e0n da c\u0103ng m\u1ecbn, ch\u1ed1ng l\u1ea1i c\u00e1c d\u1ea5u hi\u1ec7u l\u00e3o h\u00f3a nh\u01b0 n\u1ebfp nh\u0103n, ch\u1ea3y s\u1ec7\u2026Duy tr\u00ec s\u1ef1 \u1ed5n \u0111\u1ecbnh chu k\u1ef3 tu\u1ea7n ho\u00e0n m\u00e1u d\u01b0\u1edbi da. Th\u00fac \u0111\u1ea9y m\u1ea1nh m\u1ebd qu\u00e1 tr\u00ecnh trao \u0111\u1ed5i ch\u1ea5t v\u00e0 nu\u00f4i d\u01b0\u1ee1ng t\u1ebf b\u00e0o da.<\/li>\n<\/ul>\n<ul>\n<li><strong>Dung t\u00edch<\/strong>: 50ml\/ H\u1ed9p<\/li>\n<li><strong>Th\u01b0\u01a1ng Hi\u1ec7u<\/strong>:\u00a0Edally EX<\/li>\n<li><strong>Nh\u00e0 s\u1ea3n xu\u1ea5t<\/strong>: Coreana Cosmetics \u2013 Korea<\/li>\n<li><strong>Xu\u1ea5t x\u1ee9<\/strong>: H\u00e0n Qu\u1ed1c<\/li>\n<\/ul>\n","protected":false},"featured_media":1229,"comment_status":"open","ping_status":"closed","template":"","meta":{"site-sidebar-layout":"default","site-content-layout":"","ast-site-content-layout":"default","site-content-style":"default","site-sidebar-style":"default","ast-global-header-display":"","ast-banner-title-visibility":"","ast-main-header-display":"","ast-hfb-above-header-display":"","ast-hfb-below-header-display":"","ast-hfb-mobile-header-display":"","site-post-title":"","ast-breadcrumbs-content":"","ast-featured-img":"","footer-sml-layout":"","theme-transparent-header-meta":"","adv-header-id-meta":"","stick-header-meta":"","header-above-stick-meta":"","header-main-stick-meta":"","header-below-stick-meta":"","astra-migrate-meta-layouts":"default","ast-page-background-enabled":"default","ast-page-background-meta":{"desktop":{"background-color":"var(--ast-global-color-5)","background-image":"","background-repeat":"repeat","background-position":"center center","background-size":"auto","background-attachment":"scroll","background-type":"","background-media":"","overlay-type":"","overlay-color":"","overlay-opacity":"","overlay-gradient":""},"tablet":{"background-color":"","background-image":"","background-repeat":"repeat","background-position":"center center","background-size":"auto","background-attachment":"scroll","background-type":"","background-media":"","overlay-type":"","overlay-color":"","overlay-opacity":"","overlay-gradient":""},"mobile":{"background-color":"","background-image":"","background-repeat":"repeat","background-position":"center center","background-size":"auto","background-attachment":"scroll","background-type":"","background-media":"","overlay-type":"","overlay-color":"","overlay-opacity":"","overlay-gradient":""}},"ast-content-background-meta":{"desktop":{"background-color":"var(--ast-global-color-4)","background-image":"","background-repeat":"repeat","background-position":"center center","background-size":"auto","background-attachment":"scroll","background-type":"","background-media":"","overlay-type":"","overlay-color":"","overlay-opacity":"","overlay-gradient":""},"tablet":{"background-color":"var(--ast-global-color-4)","background-image":"","background-repeat":"repeat","background-position":"center center","background-size":"auto","background-attachment":"scroll","background-type":"","background-media":"","overlay-type":"","overlay-color":"","overlay-opacity":"","overlay-gradient":""},"mobile":{"background-color":"var(--ast-global-color-4)","background-image":"","background-repeat":"repeat","background-position":"center center","background-size":"auto","background-attachment":"scroll","background-type":"","background-media":"","overlay-type":"","overlay-color":"","overlay-opacity":"","overlay-gradient":""}}},"product_brand":[119],"product_cat":[18,298,118,17,291,120,296],"product_tag":[],"class_list":{"0":"post-1198","1":"product","2":"type-product","3":"status-publish","4":"has-post-thumbnail","6":"product_brand-edally","7":"product_cat-cham-soc-da-mat","8":"product_cat-cham-soc-da-mat-sac-dep","9":"product_cat-edally-ex","10":"product_cat-my-pham","11":"product_cat-sac-dep","12":"product_cat-trang-diem","13":"product_cat-trang-diem-sac-dep","14":"desktop-align-left","15":"tablet-align-left","16":"mobile-align-left","18":"first","19":"instock","20":"sale","21":"taxable","22":"shipping-taxable","23":"purchasable","24":"product-type-simple"},"_links":{"self":[{"href":"https:\/\/omewa.online\/index.php\/wp-json\/wp\/v2\/product\/1198","targetHints":{"allow":["GET"]}}],"collection":[{"href":"https:\/\/omewa.online\/index.php\/wp-json\/wp\/v2\/product"}],"about":[{"href":"https:\/\/omewa.online\/index.php\/wp-json\/wp\/v2\/types\/product"}],"replies":[{"embeddable":true,"href":"https:\/\/omewa.online\/index.php\/wp-json\/wp\/v2\/comments?post=1198"}],"wp:featuredmedia":[{"embeddable":true,"href":"https:\/\/omewa.online\/index.php\/wp-json\/wp\/v2\/media\/1229"}],"wp:attachment":[{"href":"https:\/\/omewa.online\/index.php\/wp-json\/wp\/v2\/media?parent=1198"}],"wp:term":[{"taxonomy":"product_brand","embeddable":true,"href":"https:\/\/omewa.online\/index.php\/wp-json\/wp\/v2\/product_brand?post=1198"},{"taxonomy":"product_cat","embeddable":true,"href":"https:\/\/omewa.online\/index.php\/wp-json\/wp\/v2\/product_cat?post=1198"},{"taxonomy":"product_tag","embeddable":true,"href":"https:\/\/omewa.online\/index.php\/wp-json\/wp\/v2\/product_tag?post=1198"}],"curies":[{"name":"wp","href":"https:\/\/api.w.org\/{rel}","templated":true}]}}