{"id":1148,"date":"2025-11-01T18:18:27","date_gmt":"2025-11-01T18:18:27","guid":{"rendered":"https:\/\/omewa.online\/?post_type=product&#038;p=1148"},"modified":"2025-12-13T03:46:33","modified_gmt":"2025-12-13T03:46:33","slug":"gel-tay-da-chet-duong-am-va-lam-sang-da-edally-ex-han-quoc","status":"publish","type":"product","link":"https:\/\/omewa.online\/index.php\/product\/gel-tay-da-chet-duong-am-va-lam-sang-da-edally-ex-han-quoc\/","title":{"rendered":"Gel t\u1ea9y da ch\u1ebft d\u01b0\u1ee1ng \u1ea9m v\u00e0 l\u00e0m s\u00e1ng da Edally EX H\u00e0n Qu\u1ed1c"},"content":{"rendered":"<h2>V\u00ec sao b\u1ea1n n\u00ean s\u1eed d\u1ee5ng Gen T\u1ea9y Da Ch\u1ebft<\/h2>\n<p>Trung b\u00ecnh c\u1ee9 28 ng\u00e0y, t\u1ebf b\u00e0o m\u1edbi tr\u00ean da s\u1ebd h\u00ecnh th\u00e0nh \u0111\u1ed3ng ngh\u0129a c\u00e1c t\u1ebf b\u00e0o c\u0169 s\u1ebd ch\u1ebft \u0111i v\u00e0 t\u00edch t\u1ee5 t\u1ea1o th\u00e0nh l\u1edbp s\u1eebng d\u00e0y tr\u00ean da.<\/p>\n<p>\u0110\u00e2y l\u00e0 nguy\u00ean nh\u00e2n ch\u00ednh khi\u1ebfn da b\u1ecb x\u1ea1m \u0111en, xu\u1ea5t hi\u1ec7n n\u1ebfp nh\u0103n, kh\u00f4 s\u1ea7n, l\u1ed7 ch\u00e2n l\u00f4ng gi\u00e3n to v\u00e0 l\u00e0 n\u01a1i c\u01b0 tr\u00fa c\u1ee7a vi khu\u1ea9n, b\u1ee5i b\u1ea9n g\u00e2y n\u1ed5i m\u1ee5n.<\/p>\n<p>\u0110\u1ec3 da kh\u00f4ng g\u1eb7p t\u00ecnh tr\u1ea1ng tr\u00ean, ch\u00fang ta c\u1ea7n ph\u1ea3i t\u1ea9y da ch\u1ebft th\u01b0\u1eddng xuy\u00ean 2 \u2013 3 l\u1ea7n\/tu\u1ea7n v\u1edbi c\u00e1c s\u1ea3n ph\u1ea9m t\u1ea9y da ch\u1ebft uy t\u00edn, \u0111\u1ea3m b\u1ea3o ch\u1ea5t l\u01b0\u1ee3ng.<\/p>\n<p><img fetchpriority=\"high\" decoding=\"async\" class=\"aligncenter\" src=\"https:\/\/edallyvietnam.vn\/wp-content\/uploads\/2023\/02\/1-gel-tay-da-chet.jpg\" alt=\"1 Gel Tay Da Chet\" width=\"640\" height=\"640\" \/><\/p>\n<p>Gel t\u1ea9y da ch\u1ebft d\u01b0\u1ee1ng \u1ea9m v\u00e0 l\u00e0m s\u00e1ng da Edally EX l\u00e0 s\u1ea3n ph\u1ea9m thu\u1ed9c h\u00e3ng m\u1ef9 ph\u1ea9m cao c\u1ea5p H\u00e0n Qu\u1ed1c Edally EX v\u00e0 \u0111\u01b0\u1ee3c s\u1ea3n xu\u1ea5t t\u1ea1i hai nh\u00e0 m\u00e1y h\u00e0ng \u0111\u1ea7u H\u00e0n Qu\u1ed1c Cosmax, Cor\u00e9ana.<\/p>\n<p>D\u1ea1ng gel m\u00e0u tr\u1eafng \u0111\u1ee5c, m\u00f9i h\u01b0\u01a1ng d\u1ecbu nh\u1eb9, d\u1ec5 ch\u1ecbu n\u00ean\u00a0ph\u00f9 h\u1ee3p v\u1edbi \u0111a s\u1ed1 ng\u01b0\u1eddi s\u1eed d\u1ee5ng.<\/p>\n<p>S\u1eed d\u1ee5ng C\u00f4ng ngh\u1ec7 l\u00e0m \u0111\u1eb9p s\u1ed1 1 hi\u1ec7n nay \u2013\u00a0Neocell Sciense\u00a0gi\u00fap nu\u00f4i d\u01b0\u1ee1ng t\u1ebf b\u00e0o non m\u1edbi v\u00e0 th\u00fac \u0111\u1ea9y qu\u00e1 tr\u00ecnh s\u1ea3n sinh\u00a0Collagen, Elastin d\u01b0\u1edbi da, \u0111\u1ea9y lui c\u00e1c d\u1ea5u hi\u1ec7u l\u00e3o h\u00f3a.<\/p>\n<p>S\u1ea3n ph\u1ea9m kh\u00f4ng ch\u1ee9a ch\u1ea5t b\u1ea3o qu\u1ea3n n\u00ean an to\u00e0n v\u00e0 th\u00edch h\u1ee3p cho m\u1ecdi lo\u1ea1i da, ngay c\u1ea3 v\u1edbi l\u00e0n da nh\u1ea1y c\u1ea3m.<\/p>\n<h2 id=\"2._thnh_phan_cua_gel_tay_da_chet_duong_am_v_lm_sng_da_edally_ex_hn_quoc\">2. Th\u00e0nh ph\u1ea7n chi\u1ebft xu\u1ea5t<\/h2>\n<p>Gel\u00a0t\u1ea9y da ch\u1ebft d\u01b0\u1ee1ng \u1ea9m v\u00e0 l\u00e0m s\u00e1ng da Edally EX H\u00e0n Qu\u1ed1c v\u1edbi s\u1ef1 k\u1ebft h\u1ee3p ho\u00e0n h\u1ea3o c\u00e1c lo\u1ea1i th\u1ea3o d\u01b0\u1ee3c t\u1eeb thi\u00ean nhi\u00ean nh\u01b0 l\u00f4 h\u1ed9i, v\u1ecf cam chanh (Methyl Hesperidin), hoa m\u1ed9c lan n\u00fai, b\u00f4ng c\u1ea3i xanh, Lysine, Arginine, Tyrosine, Niacinamide c\u00f9ng v\u1edbi c\u00f4ng ngh\u1ec7 l\u00e0m s\u1ea1ch da hi\u1ec7n \u0111\u1ea1i t\u1eeb H\u00e0n Qu\u1ed1c.<\/p>\n<ul>\n<li dir=\"ltr\" role=\"presentation\"><strong>Chi\u1ebft xu\u1ea5t Hoa m\u1ed9c lan n\u00fai<\/strong>: C\u00f3 t\u00e1c d\u1ee5ng l\u00e0m d\u1ecbu da, c\u1ea5p \u1ea9m, cung c\u1ea5p c\u00e1c d\u01b0\u1ee1ng ch\u1ea5t t\u1ef1 nhi\u00ean mang l\u1ea1i s\u1ee9c s\u1ed1ng cho l\u00e0n da sau ng\u00e0y d\u00e0i c\u0103ng th\u1eb3ng, m\u1ec7t m\u1ecfi.<\/li>\n<li dir=\"ltr\" role=\"presentation\"><strong>Chi\u1ebft xu\u1ea5t L\u00f4 h\u1ed9i<\/strong>: L\u00e0m d\u1ecbu, c\u1ea5p n\u01b0\u1edbc cho l\u00e0n da, gi\u1eef cho l\u00e0n da lu\u00f4n c\u0103ng m\u1ecdng, ng\u0103n ch\u1eb7n s\u1ef1 xu\u1ea5t hi\u1ec7n c\u1ee7a n\u1ebfp nh\u0103n v\u00e0 d\u1ea5u hi\u1ec7u l\u00e3o h\u00f3a.<\/li>\n<li dir=\"ltr\" role=\"presentation\"><strong>Chi\u1ebft xu\u1ea5t V\u1ecf cam chanh gi\u00e0u Vitamin C v\u00e0 nh\u1eefng tinh ch\u1ea5t ch\u1ed1ng oxy h\u00f3a kh\u00e1c<\/strong>: Gi\u00fap ch\u1ed1ng l\u1ea1i g\u1ed1c t\u1ef1 do v\u00e0 duy tr\u00ecnh m\u1ed9t l\u00e0n da tr\u1ebb \u0111\u1eb9p t\u1ef1 nhi\u00ean. Ngo\u00e0i ra, v\u1ecf cam chanh c\u00f2n ch\u1ee9a axit citric gi\u00fap c\u1ea3i thi\u1ec7n s\u1eafc t\u1ed1 da r\u00f5 r\u1ec7t, ng\u0103n ng\u1eeba s\u1ef1 h\u00ecnh th\u00e0nh m\u1ee5n tr\u1ee9ng c\u00e1, m\u1ee5n \u0111\u1ea7u \u0111en v\u00e0 gi\u00fap c\u00e2n b\u1eb1ng \u0111\u1ed9 \u1ea9m cho da.<\/li>\n<li dir=\"ltr\" role=\"presentation\"><strong>Chi\u1ebft xu\u1ea5t B\u00f4ng c\u1ea3i xanh<\/strong>: Ch\u1ee9a Vitamin A, C v\u00e0 D gi\u00fap l\u00e0m d\u1ecbu da, gi\u1ea3m thi\u1ec3u c\u00e1c t\u00e1c h\u1ea1i t\u1eeb m\u00f4i tr\u01b0\u1eddng b\u00ean ngo\u00e0i, gi\u1eef cho l\u00e0n da lu\u00f4n r\u1ea1ng r\u1ee1, t\u01b0\u01a1i s\u00e1ng.<\/li>\n<\/ul>\n<p dir=\"ltr\" role=\"presentation\"><img decoding=\"async\" class=\"aligncenter size-full wp-image-529\" src=\"https:\/\/edallyvietnam.vn\/wp-content\/uploads\/2023\/02\/2-gel-tay-da-chet-01.jpg\" alt=\"2 Gel Tay Da Chet 01\" width=\"640\" height=\"639\" \/><\/p>\n<h2 id=\"3._cng_dung_cua_gel_tay_da_chet_duong_am_v_lm_sng_da_edally_ex_hn_quoc\">3. C\u00f4ng d\u1ee5ng v\u1edbi da<\/h2>\n<ul>\n<li dir=\"ltr\" role=\"presentation\">L\u00e0m s\u1ea1ch t\u1ebf b\u00e0o ch\u1ebft tr\u00ean da, l\u00e0m d\u1ecbu nh\u1eb9 v\u00e0 d\u01b0\u1ee1ng \u1ea9m l\u00e0n da, l\u00e0m s\u00e1ng \u0111\u1ec1u m\u00e0u da. Nh\u1eb9 nh\u00e0ng lo\u1ea1i b\u1ecf c\u00e1c t\u1ebf b\u00e0o ch\u1ebft gi\u00fap b\u1ec1 m\u1eb7t da th\u00f4ng tho\u00e1ng, ng\u0103n ng\u1eeba m\u1ee5n \u0111\u1ea7u \u0111en \u0111\u1ed3ng th\u1eddi thu nh\u1ecf l\u1ed7 ch\u00e2n l\u00f4ng m\u00e0 kh\u00f4ng g\u00e2y k\u00edch \u1ee9ng da.<\/li>\n<li dir=\"ltr\" role=\"presentation\">Cung c\u1ea5p d\u01b0\u1ee1ng ch\u1ea5t v\u00e0 \u0111\u1ed9 \u1ea9m cho da nh\u1edd th\u00e0nh ph\u1ea7n ch\u1ee9a chi\u1ebft xu\u1ea5t t\u1eeb hoa m\u1ed9c lan n\u00fai v\u00e0 l\u00f4 h\u1ed9i gi\u00fap\u00a0l\u00e0m gi\u1ea3m n\u1ebfp nh\u0103n, s\u1eed d\u1ee5ng th\u01b0\u1eddng xuy\u00ean s\u1ebd l\u00e0m cho t\u01b0\u01a1i tr\u1ebb, m\u1ecbn m\u00e0ng h\u01a1n, tr\u1ebb trung v\u00e0 tr\u1eafng s\u00e1ng h\u01a1n.<\/li>\n<li dir=\"ltr\" role=\"presentation\">Gi\u00fap da s\u00e1ng b\u1eadt tone: Sau khi \u0111\u00e3 lo\u1ea1i b\u1ecf l\u1edbp t\u1ebf b\u00e0o ch\u1ebft g\u00e2y x\u1ec9n m\u00e0u, da \u0111\u01b0\u1ee3c b\u1ed5 sung c\u00e1c d\u01b0\u1ee1ng ch\u1ea5t t\u1ef1 nhi\u00ean gi\u00fap nu\u00f4i d\u01b0\u1ee1ng, c\u1ea3i thi\u1ec7n s\u1eafc t\u1ed1 da. Ngo\u00e0i ra, s\u1ea3n ph\u1ea9m c\u00f2n t\u0103ng kh\u1ea3 n\u0103ng kh\u00e1ng vi\u00eam, kh\u00e1ng khu\u1ea9n cho da mang l\u1ea1i l\u00e0n da s\u00e1ng kh\u1ecfe.<\/li>\n<li>S\u1ea3n ph\u1ea9m Gel t\u1ea9y da ch\u1ebft d\u01b0\u1ee1ng \u1ea9m v\u00e0 l\u00e0m s\u00e1ng da Edally EX H\u00e0n Qu\u1ed1c c\u00f2n t\u0103ng kh\u1ea3 n\u0103ng kh\u00e1ng vi\u00eam, kh\u00e1ng khu\u1ea9n cho da mang l\u1ea1i l\u00e0n da s\u00e1ng kh\u1ecfe.<\/li>\n<\/ul>\n<p><img decoding=\"async\" class=\"aligncenter size-full wp-image-530\" src=\"https:\/\/edallyvietnam.vn\/wp-content\/uploads\/2023\/02\/3-gel-tay-da-chet.jpg\" alt=\"3 Gel Tay Da Chet\" width=\"640\" height=\"639\" \/><\/p>\n<h2 id=\"4._huong_dan_su_dung_gel_tay_da_chet_duong_am_v_lm_sng_da_edally_ex_hn_quoc\">4. H\u01b0\u1edbng d\u1eabn s\u1eed d\u1ee5ng<\/h2>\n<ul>\n<li dir=\"ltr\" role=\"presentation\">L\u1ea5y m\u1ed9t l\u01b0\u1ee3ng v\u1eeba \u0111\u1ee7 gel t\u1ea9y da ch\u1ebft d\u01b0\u1ee1ng \u1ea9m v\u00e0 l\u00e0m s\u00e1ng da Edally EX H\u00e0n Qu\u1ed1c b\u00f4i l\u00ean v\u00f9ng da m\u00e0 b\u1ea1n mu\u1ed1n t\u1ea9y da ch\u1ebft.<\/li>\n<li dir=\"ltr\" role=\"presentation\">C\u00e1c t\u1ebf b\u00e0o da ch\u1ebft s\u1ebd \u0111\u01b0\u1ee3c t\u00e1ch ra kh\u1ecfi b\u1ec1 m\u1eb7t da \u1edf d\u1ea1ng m\u00e0u tr\u1eafng.<\/li>\n<li dir=\"ltr\" role=\"presentation\">Massage nh\u1eb9 nh\u00e0ng \u0111\u1ec3 c\u00e1c l\u1edbp da ch\u1ebft bong ra v\u00e0 l\u1edbp da m\u1edbi \u0111\u01b0\u1ee3c th\u00f4ng tho\u00e1ng.<\/li>\n<li dir=\"ltr\" role=\"presentation\">Sau \u0111\u00f3 r\u1eeda s\u1ea1ch m\u1eb7t v\u1edbi n\u01b0\u1edbc.<\/li>\n<li dir=\"ltr\" role=\"presentation\">S\u1eed d\u1ee5ng 2 \u2013 3 l\u1ea7n \/ tu\u1ea7n t\u00f9y thu\u1ed9c v\u00e0o m\u1ed7i lo\u1ea1i da, d\u00f9ng sau b\u01b0\u1edbc S\u1eefa r\u1eeda m\u1eb7t s\u1ea1ch s\u00e2u Edally.<\/li>\n<\/ul>\n<p><img loading=\"lazy\" decoding=\"async\" class=\"aligncenter size-full wp-image-532\" src=\"https:\/\/edallyvietnam.vn\/wp-content\/uploads\/2023\/02\/feedback-gel-tay-te-bao-chet-edally-05.jpg\" alt=\"Feedback Gel Tay Te Bao Chet Edally 05\" width=\"640\" height=\"329\" \/><\/p>\n<h3>L\u01b0u \u00fd khi s\u1eed d\u1ee5ng<\/h3>\n<ul>\n<li>B\u1ea3o qu\u1ea3n s\u1ea3n ph\u1ea9m n\u01a1i kh\u00f4 tho\u00e1ng, tr\u00e1nh \u00e1nh n\u1eafng tr\u1ef1c ti\u1ebfp, tr\u00e1nh xa t\u1ea7m tay tr\u1ebb em.<\/li>\n<li>\u0110\u1ed1i v\u1edbi l\u00e0n da th\u01b0\u1eddng, da d\u1ea7u n\u00ean s\u1eed d\u1ee5ng Gel T\u1ea9y Da Ch\u1ebft D\u01b0\u1ee1ng \u1ea8m V\u00e0 L\u00e0m S\u00e1ng Da Edally EX\u00a0H\u00e0n Qu\u1ed1c 2 l\u1ea7n \/ tu\u1ea7n.<\/li>\n<li>\u0110\u1ed1i v\u1edbi l\u00e0n da kh\u00f4, da nh\u1ea1y c\u1ea3m, da h\u1ed7n h\u1ee3p n\u00ean s\u1eed d\u1ee5ng Gel T\u1ea9y Da Ch\u1ebft D\u01b0\u1ee1ng \u1ea8m V\u00e0 L\u00e0m S\u00e1ng Da Edally EX\u00a0H\u00e0n Qu\u1ed1c 1 l\u1ea7n \/ tu\u1ea7n.<\/li>\n<\/ul>\n<p><img loading=\"lazy\" decoding=\"async\" class=\"aligncenter size-full wp-image-534\" src=\"https:\/\/edallyvietnam.vn\/wp-content\/uploads\/2023\/02\/tan-suat-su-dung-gel-tay-da-chet-duong-am-va-lam-sang-da-edally-ex-han-quoc-so-huu-the-bao-hanh-lan-da-tri-gia-20-trieu-vnd-copy-hdsd.jpg\" alt=\"Tan Suat Su Dung Gel Tay Da Chet Duong Am Va Lam Sang Da Edally Ex Han Quoc So Huu The Bao Hanh Lan Da Tri Gia 20 Trieu Vnd Copy Hdsd\" width=\"640\" height=\"480\" \/><\/p>\n<h2 id=\"5._cam_ket_v_bao_hnh_gel_tay_da_chet_duong_am_v_lm_sng_da_edally_ex_hn_quoc\">5. Cam k\u1ebft t\u1eeb Edally Vi\u1ec7t Nam<\/h2>\n<ul>\n<li>S\u1ea3n ph\u1ea9m c\u00f3 \u0111\u1ea7y \u0111\u1ee7 gi\u1ea5y t\u1edd ch\u1ee9ng nh\u1eadn nh\u1eadp kh\u1ea9u<\/li>\n<li>S\u1ea3n ph\u1ea9m \u0111\u01b0\u1ee3c s\u1ea3n xu\u1ea5t t\u1ea1i nh\u00e0 m\u00e1y s\u1ed1 1 H\u00e0n Qu\u1ed1c: Coreana Cosmetics Co., Ltd.<\/li>\n<li>S\u1ea3n ph\u1ea9m c\u00f3 ch\u1ee9ng nh\u1eadn uy t\u00edn, danh gi\u00e1 Qu\u1ed1c t\u1ebf: ch\u1ee9ng nh\u1eadn c\u1ee7a FDA (c\u1ee5c Qu\u1ea3n l\u00fd d\u01b0\u1ee3c v\u00e0 M\u1ef9 ph\u1ea9m Hoa K\u1ef3), Ecocert, KFDA\u2026 Edally EX \u0111\u1ec1u \u0111\u1ea1t \u0111\u01b0\u1ee3c.<\/li>\n<li>S\u1ea3n ph\u1ea9m c\u00f3 ch\u1ee9ng nh\u1eadn trong n\u01b0\u1edbc: b\u1ea3n c\u00f4ng b\u1ed1 ch\u1ea5t l\u01b0\u1ee3ng t\u1eebng s\u1ea3n ph\u1ea9m, tem ch\u1ed1ng h\u00e0ng gi\u1ea3 v\u00e0 h\u00e0ng nh\u00e1i do B\u1ed9 C\u00f4ng An c\u1ea5p ph\u00e9p, ch\u1ee9ng nh\u1eadn s\u1ea3n ph\u1ea9m vi\u1ec7n da li\u1ec5u TW khuy\u00ean d\u00f9ng, gi\u1ea5y ph\u00e9p l\u01b0u h\u00e0nh s\u1ea3n ph\u1ea9m,\u2026<\/li>\n<\/ul>\n","protected":false},"excerpt":{"rendered":"<ul>\n<li><strong>C\u00f4n d\u1ee5ng<\/strong>: Lo\u1ea1i b\u1ecf c\u00e1c t\u1ebf b\u00e0o ch\u1ebft, b\u00e3 nh\u1eddn, gi\u00fap b\u1ec1 m\u1eb7t da th\u00f4ng tho\u00e1ng \u0111\u1ec3 s\u1eb5n s\u00e0ng h\u1ea5p th\u1ee5 t\u1ed1t nh\u1ea5t c\u00e1c d\u01b0\u1ee1ng ch\u1ea5t cho l\u00e0n da s\u00e1ng kh\u1ecfe m\u1ea1nh. Kh\u00f4ng g\u00e2y k\u00edch \u1ee9ng da. Ph\u00f9 h\u1ee3p s\u1eed d\u1ee5ng cho t\u1ea5t c\u1ea3 c\u00e1c lo\u1ea1i da.<\/li>\n<li><strong>Quy c\u00e1ch<\/strong>: 120ml\/ Tu\u00fdp<\/li>\n<li><strong>Th\u01b0\u01a1ng hi\u1ec7u<\/strong>:\u00a0Edally EX<\/li>\n<li><strong>Xu\u1ea5t x\u1ee9<\/strong>:\u00a0 H\u00e0n Qu\u1ed1c<\/li>\n<li><strong>Nh\u00e0 s\u1ea3n xu\u1ea5t<\/strong>: Coreana Cosmetics Co., Ltd. \u2013 Korea<\/li>\n<\/ul>\n","protected":false},"featured_media":1213,"comment_status":"open","ping_status":"closed","template":"","meta":{"site-sidebar-layout":"default","site-content-layout":"","ast-site-content-layout":"default","site-content-style":"default","site-sidebar-style":"default","ast-global-header-display":"","ast-banner-title-visibility":"","ast-main-header-display":"","ast-hfb-above-header-display":"","ast-hfb-below-header-display":"","ast-hfb-mobile-header-display":"","site-post-title":"","ast-breadcrumbs-content":"","ast-featured-img":"","footer-sml-layout":"","theme-transparent-header-meta":"default","adv-header-id-meta":"","stick-header-meta":"","header-above-stick-meta":"","header-main-stick-meta":"","header-below-stick-meta":"","astra-migrate-meta-layouts":"set","ast-page-background-enabled":"default","ast-page-background-meta":{"desktop":{"background-color":"var(--ast-global-color-5)","background-image":"","background-repeat":"repeat","background-position":"center center","background-size":"auto","background-attachment":"scroll","background-type":"","background-media":"","overlay-type":"","overlay-color":"","overlay-opacity":"","overlay-gradient":""},"tablet":{"background-color":"","background-image":"","background-repeat":"repeat","background-position":"center center","background-size":"auto","background-attachment":"scroll","background-type":"","background-media":"","overlay-type":"","overlay-color":"","overlay-opacity":"","overlay-gradient":""},"mobile":{"background-color":"","background-image":"","background-repeat":"repeat","background-position":"center center","background-size":"auto","background-attachment":"scroll","background-type":"","background-media":"","overlay-type":"","overlay-color":"","overlay-opacity":"","overlay-gradient":""}},"ast-content-background-meta":{"desktop":{"background-color":"var(--ast-global-color-4)","background-image":"","background-repeat":"repeat","background-position":"center center","background-size":"auto","background-attachment":"scroll","background-type":"","background-media":"","overlay-type":"","overlay-color":"","overlay-opacity":"","overlay-gradient":""},"tablet":{"background-color":"var(--ast-global-color-4)","background-image":"","background-repeat":"repeat","background-position":"center center","background-size":"auto","background-attachment":"scroll","background-type":"","background-media":"","overlay-type":"","overlay-color":"","overlay-opacity":"","overlay-gradient":""},"mobile":{"background-color":"var(--ast-global-color-4)","background-image":"","background-repeat":"repeat","background-position":"center center","background-size":"auto","background-attachment":"scroll","background-type":"","background-media":"","overlay-type":"","overlay-color":"","overlay-opacity":"","overlay-gradient":""}}},"product_brand":[119],"product_cat":[18,298,118,17,291],"product_tag":[],"class_list":{"0":"post-1148","1":"product","2":"type-product","3":"status-publish","4":"has-post-thumbnail","6":"product_brand-edally","7":"product_cat-cham-soc-da-mat","8":"product_cat-cham-soc-da-mat-sac-dep","9":"product_cat-edally-ex","10":"product_cat-my-pham","11":"product_cat-sac-dep","12":"desktop-align-left","13":"tablet-align-left","14":"mobile-align-left","16":"first","17":"instock","18":"sale","19":"taxable","20":"shipping-taxable","21":"purchasable","22":"product-type-simple"},"_links":{"self":[{"href":"https:\/\/omewa.online\/index.php\/wp-json\/wp\/v2\/product\/1148","targetHints":{"allow":["GET"]}}],"collection":[{"href":"https:\/\/omewa.online\/index.php\/wp-json\/wp\/v2\/product"}],"about":[{"href":"https:\/\/omewa.online\/index.php\/wp-json\/wp\/v2\/types\/product"}],"replies":[{"embeddable":true,"href":"https:\/\/omewa.online\/index.php\/wp-json\/wp\/v2\/comments?post=1148"}],"wp:featuredmedia":[{"embeddable":true,"href":"https:\/\/omewa.online\/index.php\/wp-json\/wp\/v2\/media\/1213"}],"wp:attachment":[{"href":"https:\/\/omewa.online\/index.php\/wp-json\/wp\/v2\/media?parent=1148"}],"wp:term":[{"taxonomy":"product_brand","embeddable":true,"href":"https:\/\/omewa.online\/index.php\/wp-json\/wp\/v2\/product_brand?post=1148"},{"taxonomy":"product_cat","embeddable":true,"href":"https:\/\/omewa.online\/index.php\/wp-json\/wp\/v2\/product_cat?post=1148"},{"taxonomy":"product_tag","embeddable":true,"href":"https:\/\/omewa.online\/index.php\/wp-json\/wp\/v2\/product_tag?post=1148"}],"curies":[{"name":"wp","href":"https:\/\/api.w.org\/{rel}","templated":true}]}}