{"id":1144,"date":"2025-11-01T18:18:26","date_gmt":"2025-11-01T18:18:26","guid":{"rendered":"https:\/\/omewa.online\/?post_type=product&#038;p=1144"},"modified":"2025-12-13T03:46:33","modified_gmt":"2025-12-13T03:46:33","slug":"tinh-chat-vang-edally-ex-chinh-hang-nhap-khau-han-quoc","status":"publish","type":"product","link":"https:\/\/omewa.online\/index.php\/product\/tinh-chat-vang-edally-ex-chinh-hang-nhap-khau-han-quoc\/","title":{"rendered":"Tinh ch\u1ea5t v\u00e0ng Edally EX ch\u00ednh h\u00e3ng nh\u1eadp kh\u1ea9u H\u00e0n Qu\u1ed1c"},"content":{"rendered":"<ul class=\"tabs wc-tabs product-tabs small-nav-collapse nav nav-uppercase nav-tabs nav-normal nav-left\" role=\"tablist\">\n<li id=\"tab-title-description\" class=\"description_tab active\" role=\"tab\" aria-controls=\"tab-description\"><a href=\"https:\/\/edallyvietnam.vn\/san-pham\/tinh-chat-vang-edally-ex-chinh-hang-nhap-khau-han-quoc\/#tab-description\">Chi ti\u1ebft s\u1ea3n ph\u1ea9m<\/a><\/li>\n<\/ul>\n<div class=\"tab-panels\">\n<div id=\"tab-description\" class=\"woocommerce-Tabs-panel woocommerce-Tabs-panel--description panel entry-content active\" role=\"tabpanel\" aria-labelledby=\"tab-title-description\">\n<h2 id=\"1._gioi_thieu_vetinh_chat_vng_24k_edally_ex_hn_quoc\">1. \u0110\u1eb7c \u0111i\u1ec3m n\u1ed5i b\u1eadt<\/h2>\n<p>Tinh ch\u1ea5t v\u00e0ng Edally EX H\u00e0n Qu\u1ed1c \u2013 Luxury Skin Essence l\u00e0 s\u1ea3n ph\u1ea9m m\u1ef9 ph\u1ea9m thi\u00ean nhi\u00ean cao c\u1ea5p \u0111\u01b0\u1ee3c s\u1ea3n xu\u1ea5t v\u00e0 nh\u1eadp kh\u1ea9u 100% t\u1eeb nh\u00e0 m\u00e1y n\u1ed5i ti\u1ebfng Coreana c\u1ee7a H\u00e0n Qu\u1ed1c b\u1eb1ng c\u00f4ng ngh\u1ec7 th\u1ea9m th\u1ea5u t\u1ebf b\u00e0o \u0111\u1ed9t ph\u00e1 Neocell Science\u201d \u0111\u01b0a d\u01b0\u1ee1ng ch\u1ea5t \u201cth\u1ea9m th\u1ea5u s\u00e2u\u201d v\u00e0o c\u00e1c t\u1ebf b\u00e0o da gi\u00fap da h\u1ea5p th\u1ee5 d\u01b0\u1ee1ng ch\u1ea5t nhanh v\u00e0 hi\u1ec7u qu\u1ea3 nh\u1ea5t.<\/p>\n<p>S\u1ea3n ph\u1ea9m \u0111\u01b0\u1ee3c chi\u1ebft xu\u1ea5t t\u1eeb c\u00e1c tinh th\u1ec3 nano v\u00e0ng tinh khi\u1ebft 99%, \u0111\u01b0\u1ee3c bi\u1ebft \u0111\u1ebfn nh\u01b0 m\u1ed9t lo\u1ea1i th\u1ea7n d\u01b0\u1ee3c n\u00e2ng c\u01a1, tr\u1ebb h\u00f3a da, gi\u1ea3i quy\u1ebft c\u00e1c v\u1ea5n \u0111\u1ec1 v\u1ec1 da nh\u01b0 m\u1ee5n vi\u00eam, s\u1eb9o r\u1ed7, s\u1ea1m n\u00e1m, v\u1ebft nh\u0103n, ch\u00e2n chim\u2026 v\u00e0 \u0111\u1eb7c bi\u1ec7t hi\u1ec7u qu\u1ea3 c\u00f3 th\u1ec3 c\u1ea3m nh\u1eadn t\u00e1c d\u1ee5ng ngay l\u1ea7n \u0111\u1ea7u s\u1eed d\u1ee5ng.<\/p>\n<p>B\u1edfi v\u1eady, sau khi s\u1eed d\u1ee5ng\u00a0Tinh ch\u1ea5t\u00a0v\u00e0ng 24K Edally EX H\u00e0n Qu\u1ed1c, l\u00e0n da tr\u1edf n\u00ean m\u1ec1m m\u1ecbn, c\u00e1c l\u1ed7 ch\u00e2n l\u00f4ng \u0111\u01b0\u1ee3c thu nh\u1ecf, l\u00e0n da \u0111\u1ec1u m\u00e0u v\u00e0 s\u00e1ng h\u01a1n r\u1ea5t nhi\u1ec1u. \u0110\u1eb7c bi\u1ec7t,\u00a0v\u00e0ng c\u00f2n c\u00f3 kh\u1ea3 n\u0103ng v\u01b0\u1ee3t tr\u1ed9i nh\u01b0 t\u0103ng s\u1ef1 \u0111\u00e0n h\u1ed3i, l\u00e0m thon g\u1ecdn n\u00e9t m\u1eb7t.<\/p>\n<h2 id=\"2._thnh_phan_cua_tinh_chat_vng_edally_ex_hn_quoc\">2. Th\u00e0nh ph\u1ea7n \u0111\u1ed9c \u0111\u00e1o<\/h2>\n<ul>\n<li>V\u00e0ng Nano tinh khi\u1ebft 99%, Axit Hyaluronic, Trehalose, Adenosine, Allantoin v\u00e0 m\u1ed9t s\u1ed1 th\u00e0nh ph\u1ea7n kh\u00e1c.<\/li>\n<li>Tinh ch\u1ea5t v\u00e0ng Edally EX H\u00e0n Qu\u1ed1c t\u00e1c \u0111\u1ed9ng s\u00e2u v\u00e0o c\u1ea3 3 l\u1edbp c\u1ea5u tr\u00fac da, \u0111em l\u1ea1i c\u00e1c c\u00f4ng d\u1ee5ng h\u1eefu hi\u1ec7u cho l\u00e0n da trong vi\u1ec7c kh\u00e1ng vi\u00eam ng\u1eeba m\u1ee5n, duy tr\u00ec s\u1ef1 b\u1ec1n v\u1eefng c\u1ee7a c\u1ea5u tr\u00fac da.<\/li>\n<li>V\u00e0ng 24K: Ch\u1ed1ng l\u00e3o h\u00f3a, gi\u1ea3m c\u00e1c n\u1ebfp nh\u0103n s\u00e2u tr\u00ean da m\u1eb7t c\u0169ng nh\u01b0 t\u0103ng \u0111\u1ed9 \u0111\u00e0n h\u1ed3i, \u0111\u1eb7c bi\u1ec7t c\u00f3 kh\u1ea3 n\u0103ng l\u00e0m thon g\u1ecdn n\u00e9t m\u1eb7t v\u00e0 t\u0103ng hi\u1ec7u qu\u1ea3 c\u1ee7a c\u00e1c ho\u1ea1t ch\u1ea5t c\u00f3 trong s\u1ea3n ph\u1ea9m.<\/li>\n<li>Axit Hyaluronic: Gi\u1eef n\u01b0\u1edbc, l\u00e0m \u0111\u1ea7y v\u00e0 c\u0103ng b\u00f3ng l\u00e0n da ngay sau khi s\u1eed d\u1ee5ng v\u00e0 \u0111\u1ea9y nhanh qu\u00e1 tr\u00ecnh s\u1ea3n sinh\u00a0Collagen\u00a0v\u00e0 Elastin gi\u00fap duy tr\u00ec v\u1ebb t\u01b0\u01a1i tr\u1ebb cho l\u00e0n da.<\/li>\n<li>Th\u00e0nh ph\u1ea7n giao ti\u1ebfp t\u1ebf b\u00e0o Adenosine: Ph\u00e1t hi\u1ec7n c\u00e1c t\u1ebf b\u00e0o t\u1ed5n th\u01b0\u01a1ng, h\u01b0 h\u1ecfng v\u00e0 \u0111\u1ea9y ra kh\u1ecfi l\u00e0n da.<\/li>\n<li>C\u00f4ng ngh\u1ec7 th\u1ea9m th\u1ea5u t\u1ebf b\u00e0o \u0111\u1ed9t ph\u00e1 Neocell Science: \u0110\u01b0a d\u01b0\u1ee1ng ch\u1ea5t nh\u01b0 d\u1ecbch t\u1ebf b\u00e0o v\u00e0o s\u00e2u c\u00e1c l\u1edbp c\u1ea5u tr\u00fac da, t\u1ed1i \u01b0u h\u00f3a s\u1ee9c m\u1ea1nh c\u1ee7a t\u1eebng t\u1ebf b\u00e0o \u0111em l\u1ea1i v\u1ebb \u0111\u1eb9p t\u1ef1 nhi\u00ean, n\u00e9t t\u01b0\u01a1i tr\u1ebb cho l\u00e0n da.<\/li>\n<\/ul>\n<p><img fetchpriority=\"high\" decoding=\"async\" class=\"aligncenter size-full wp-image-642\" src=\"https:\/\/edallyvietnam.vn\/wp-content\/uploads\/2023\/02\/thanh-phan-cua-tinh-chat-vang-24k-edally-ex-han-quoc-tp.jpg\" alt=\"Thanh Phan Cua Tinh Chat Vang 24k Edally Ex Han Quoc Tp\" width=\"640\" height=\"480\" \/><\/p>\n<h2 id=\"3._cng_dung_v_doi_tuong_su_dung_tinh_chat_vng_edally_ex_hn_quoc\">3. C\u00f4ng d\u1ee5ng v\u1edbi da<\/h2>\n<ul>\n<li dir=\"ltr\" role=\"presentation\">L\u00e0n da tr\u1edf n\u00ean m\u1ec1m m\u1ecbn, c\u00e1c l\u1ed7 ch\u00e2n l\u00f4ng \u0111\u01b0\u1ee3c thu nh\u1ecf.<\/li>\n<li>Kh\u00e1ng vi\u00eam, ng\u0103n ng\u1eeba m\u1ee5n,\u00a0th\u1ea3i \u0111\u1ed9c da.<\/li>\n<li>L\u00e0m da \u0111\u1ec1u m\u00e0u v\u00e0 tr\u1eafng s\u00e1ng h\u01a1n r\u1ea5t nhi\u1ec1u, x\u00f3a m\u1edd th\u00e2m n\u00e1m.<\/li>\n<li>N\u00e2ng c\u01a1 m\u1eb7t V-line, s\u0103n ch\u1eafc v\u00e0 ch\u1ed1ng l\u00e3o h\u00f3a da.<\/li>\n<li>B\u1ed5 sung\u00a0Colagen\u00a0v\u00e0 Elastin gi\u00fap duy tr\u00ec s\u1ef1 v\u1eefng ch\u1eafc c\u1ee7a l\u1edbp c\u1ea5u tr\u00fac d\u01b0\u1edbi da.<\/li>\n<li>L\u00e0m m\u1edd v\u1ebft ch\u00e2n chim, l\u1ea5p \u0111\u1ea7y s\u1eb9o r\u1ed7 do m\u1ee5n \u0111\u1ec3 l\u1ea1i.<\/li>\n<li>T\u00e1i t\u1ea1o, ph\u1ee5c h\u1ed3i, l\u1ea5p \u0111\u1ea7y ph\u1ea7n da b\u1ecb t\u1ed5n th\u01b0\u01a1ng (ph\u1ee5c h\u1ed3i l\u00e0n da nh\u1ea1y c\u1ea3m, da m\u1ee5n hay da b\u1ecb t\u1ed5n th\u01b0\u01a1ng do nhi\u1ec5m Corticoid).<\/li>\n<\/ul>\n<p><img decoding=\"async\" class=\"aligncenter size-full wp-image-643\" src=\"https:\/\/edallyvietnam.vn\/wp-content\/uploads\/2023\/02\/cong-dung-cua-tinh-chat-vang-24k-edally-ex-han-quoc-cd.jpg\" alt=\"Cong Dung Cua Tinh Chat Vang 24k Edally Ex Han Quoc Cd\" width=\"640\" height=\"480\" \/><\/p>\n<p>Tinh ch\u1ea5t v\u00e0ng Edally EX nh\u1eadp kh\u1ea9u H\u00e0n Qu\u1ed1c l\u00e0 s\u1ea3n ph\u1ea9m l\u00e0nh t\u00ednh, an to\u00e0n v\u1edbi ng\u01b0\u1eddi s\u1eed d\u1ee5ng, Ph\u00f9 h\u1ee3p s\u1eed d\u1ee5ng v\u1edbi m\u1ecdi lo\u1ea1i da c\u0169ng nh\u01b0 t\u1ea5t c\u1ea3 ch\u1ecb em ph\u1ee5 n\u1eef n\u00f3i chung.<\/p>\n<h2 id=\"4._huong_dan_su_dung_tinh_chat_vng_edally_ex_hn_quoc\">4. H\u01b0\u1edbng d\u1eabn s\u1eed d\u1ee5ng<\/h2>\n<ul>\n<li dir=\"ltr\" role=\"presentation\">L\u1ea5y m\u1ed9t l\u01b0\u1ee3ng v\u1eeba \u0111\u1ee7\u00a0tinh ch\u1ea5t v\u00e0ng Edally EX ch\u1ea5m l\u00ean n\u0103m \u0111i\u1ec3m tr\u00ean da m\u1eb7t: tr\u00e1n, 2 m\u00e1, m\u0169i v\u00e0 c\u1eb1m.<\/li>\n<li dir=\"ltr\" role=\"presentation\">Sau \u0111\u00f3 massage da nh\u1eb9 nh\u00e0ng \u0111\u1ec3 nh\u1eefng d\u01b0\u1ee1ng ch\u1ea5t trong s\u1ea3n ph\u1ea9m nhanh ch\u00f3ng th\u1ea9m th\u1ea5u v\u00e0o da.<\/li>\n<li dir=\"ltr\" role=\"presentation\">D\u00f9ng 2 l\u1ea7n\/ng\u00e0y ngay sau khi\u00a0t\u1ea9y trang,\u00a0t\u1ea9y da ch\u1ebft\u00a0v\u00e0 r\u1eeda m\u1eb7t b\u1eb1ng\u00a0s\u1eefa r\u1eeda m\u1eb7t, c\u00f3 th\u1ec3 s\u1eed d\u1ee5ng s\u1ea3n ph\u1ea9m \u0111\u1ec3 thay th\u1ebf\u00a0n\u01b0\u1edbc hoa h\u1ed3ng. \u0110\u1eb7c bi\u1ec7t \u0111\u1eebng qu\u00ean s\u1eed d\u1ee5ng kem ch\u1ed1ng n\u1eafng \u0111\u1ec3 b\u1ea3o v\u1ec7 da.<\/li>\n<\/ul>\n<p dir=\"ltr\" role=\"presentation\"><strong>L\u01b0u \u00fd s\u1eed d\u1ee5ng<\/strong>: Khi s\u1ea3n ph\u1ea9m d\u00ednh v\u00e0o m\u1eaft, nhanh ch\u00f3ng r\u1eeda s\u1ea1ch v\u1edbi n\u01b0\u1edbc. Kh\u00f4ng s\u1eed d\u1ee5ng tr\u00ean v\u1ebft th\u01b0\u01a1ng h\u1edf.<\/p>\n<p dir=\"ltr\" role=\"presentation\"><img decoding=\"async\" class=\"aligncenter size-full wp-image-644\" src=\"https:\/\/edallyvietnam.vn\/wp-content\/uploads\/2023\/02\/huong-dan-su-dung-tinh-chat-vang-24k-edally-ex-han-quoc-hdsd.jpg\" alt=\"Huong Dan Su Dung Tinh Chat Vang 24k Edally Ex Han Quoc Hdsd\" width=\"640\" height=\"480\" \/><\/p>\n<p>Sau khi s\u1eed d\u1ee5ng\u00a0Tinh ch\u1ea5t\u00a0v\u00e0ng\u00a024K Edally EX H\u00e0n Qu\u1ed1c 1 th\u00e1ng, l\u00e0n da s\u1ebd tr\u1edf n\u00ean kh\u1ecfe m\u1ea1nh h\u01a1n, c\u00e2n b\u1eb1ng v\u00e0 \u0111\u01b0\u1ee3c c\u1ea5p \u0111\u1ee7 n\u01b0\u1edbc n\u00ean da c\u00f3 \u0111\u1ed9 c\u0103ng b\u00f3ng, \u0111\u1eb7c bi\u1ec7t l\u1ed7 ch\u00e2n l\u00f4ng thu nh\u1ecf h\u1eb3n, m\u1ee5n g\u1ea7n nh\u01b0 kh\u00f4ng c\u00f3 c\u01a1 h\u1ed9i xu\u1ea5t hi\u1ec7n.<\/p>\n<p><strong>L\u01b0u \u00fd<\/strong>: K\u1ebft qu\u1ea3 tr\u00ean s\u1ebd thay \u0111\u1ed5i t\u00f9y thu\u1ed9c v\u00e0o lo\u1ea1i da c\u1ee7a ng\u01b0\u1eddi s\u1eed d\u1ee5ng<\/p>\n<h2 id=\"5._cam_ket_v_bao_hnh_tinh_chat_vng_edally_ex_hn_quoc\">5. Cam k\u1ebft t\u1eeb Edally<\/h2>\n<ul>\n<li>S\u1ea3n ph\u1ea9m C\u00f3 \u0111\u1ea7y \u0111\u1ee7 gi\u1ea5y t\u1edd ch\u1ee9ng nh\u1eadn nh\u1eadp kh\u1ea9u.<\/li>\n<li>S\u1ea3n ph\u1ea9m \u0111\u01b0\u1ee3c s\u1ea3n xu\u1ea5t t\u1ea1i nh\u00e0 m\u00e1y s\u1ed1 1 H\u00e0n Qu\u1ed1c: Coreana Cosmetics Co., Ltd.<\/li>\n<li>s\u1ea3n ph\u1ea9m s\u1eed d\u1ee5ng c\u00f4ng ngh\u1ec7 \u0111\u1ed9c quy\u1ec1n Neocell Science\u00a0(th\u1ea9m th\u1ea5u t\u1ebf b\u00e0o \u0111\u1ed9t ph\u00e1) gi\u00fap \u0111\u01b0a c\u00e1c d\u01b0\u1ee1ng ch\u1ea5t v\u00e0o s\u00e2u b\u00ean trong l\u1edbp h\u1ea1 b\u00ec m\u1ed9t c\u00e1ch d\u1ec5 d\u00e0ng kh\u00f4ng g\u00e2y nh\u1eddn r\u00edt, b\u1ebft, d\u00ednh da.<\/li>\n<li>S\u1ea3n ph\u1ea9m c\u00f3 ch\u1ee9ng nh\u1eadn uy t\u00edn, danh gi\u00e1 Qu\u1ed1c t\u1ebf: ch\u1ee9ng nh\u1eadn c\u1ee7a FDA (c\u1ee5c Qu\u1ea3n l\u00fd d\u01b0\u1ee3c v\u00e0 M\u1ef9 ph\u1ea9m Hoa K\u1ef3), Ecocert, KFDA\u2026 Edally EX \u0111\u1ec1u \u0111\u1ea1t \u0111\u01b0\u1ee3c.<\/li>\n<li>S\u1ea3n ph\u1ea9m c\u00f3 ch\u1ee9ng nh\u1eadn trong n\u01b0\u1edbc: b\u1ea3n c\u00f4ng b\u1ed1 ch\u1ea5t l\u01b0\u1ee3ng t\u1eebng s\u1ea3n ph\u1ea9m, tem ch\u1ed1ng h\u00e0ng gi\u1ea3 v\u00e0 h\u00e0ng nh\u00e1i do B\u1ed9 C\u00f4ng An c\u1ea5p ph\u00e9p, ch\u1ee9ng nh\u1eadn s\u1ea3n ph\u1ea9m vi\u1ec7n da li\u1ec5u TW khuy\u00ean d\u00f9ng, gi\u1ea5y ph\u00e9p l\u01b0u h\u00e0nh s\u1ea3n ph\u1ea9m,\u2026<\/li>\n<\/ul>\n<\/div>\n<\/div>\n","protected":false},"excerpt":{"rendered":"<ul>\n<li><strong>C\u00f4ng d\u1ee5ng<\/strong>: N\u00e2ng c\u01a1 tr\u1ebb h\u00f3a l\u00e0n da, kh\u00e1ng vi\u00eam. Ng\u0103n ng\u1eeba m\u1ee5n hi\u1ec7u qu\u1ea3. Gi\u1ea3m c\u00e1c d\u1ea5u hi\u1ec7u l\u00e3o h\u00f3a da.<\/li>\n<li><strong>Quy c\u00e1ch<\/strong>:\u00a0H\u1ed9p 1 s\u1ea3n ph\u1ea9m<\/li>\n<li><strong>Dung t\u00edch<\/strong>: 130ml\/ Chai<\/li>\n<li><strong>Th\u01b0\u01a1ng hi\u1ec7u<\/strong>:\u00a0Edally EX<\/li>\n<li><strong>Nh\u00e0 s\u1ea3n xu\u1ea5t<\/strong>: Coreana Cosmetics Co., Ltd.<\/li>\n<li><strong>Xu\u1ea5t x\u1ee9<\/strong>: H\u00e0n Qu\u1ed1c<\/li>\n<\/ul>\n","protected":false},"featured_media":1188,"comment_status":"open","ping_status":"closed","template":"","meta":{"site-sidebar-layout":"default","site-content-layout":"","ast-site-content-layout":"default","site-content-style":"default","site-sidebar-style":"default","ast-global-header-display":"","ast-banner-title-visibility":"","ast-main-header-display":"","ast-hfb-above-header-display":"","ast-hfb-below-header-display":"","ast-hfb-mobile-header-display":"","site-post-title":"","ast-breadcrumbs-content":"","ast-featured-img":"","footer-sml-layout":"","theme-transparent-header-meta":"default","adv-header-id-meta":"","stick-header-meta":"","header-above-stick-meta":"","header-main-stick-meta":"","header-below-stick-meta":"","astra-migrate-meta-layouts":"set","ast-page-background-enabled":"default","ast-page-background-meta":{"desktop":{"background-color":"var(--ast-global-color-5)","background-image":"","background-repeat":"repeat","background-position":"center center","background-size":"auto","background-attachment":"scroll","background-type":"","background-media":"","overlay-type":"","overlay-color":"","overlay-opacity":"","overlay-gradient":""},"tablet":{"background-color":"","background-image":"","background-repeat":"repeat","background-position":"center center","background-size":"auto","background-attachment":"scroll","background-type":"","background-media":"","overlay-type":"","overlay-color":"","overlay-opacity":"","overlay-gradient":""},"mobile":{"background-color":"","background-image":"","background-repeat":"repeat","background-position":"center center","background-size":"auto","background-attachment":"scroll","background-type":"","background-media":"","overlay-type":"","overlay-color":"","overlay-opacity":"","overlay-gradient":""}},"ast-content-background-meta":{"desktop":{"background-color":"var(--ast-global-color-4)","background-image":"","background-repeat":"repeat","background-position":"center center","background-size":"auto","background-attachment":"scroll","background-type":"","background-media":"","overlay-type":"","overlay-color":"","overlay-opacity":"","overlay-gradient":""},"tablet":{"background-color":"var(--ast-global-color-4)","background-image":"","background-repeat":"repeat","background-position":"center center","background-size":"auto","background-attachment":"scroll","background-type":"","background-media":"","overlay-type":"","overlay-color":"","overlay-opacity":"","overlay-gradient":""},"mobile":{"background-color":"var(--ast-global-color-4)","background-image":"","background-repeat":"repeat","background-position":"center center","background-size":"auto","background-attachment":"scroll","background-type":"","background-media":"","overlay-type":"","overlay-color":"","overlay-opacity":"","overlay-gradient":""}}},"product_brand":[],"product_cat":[18,298,118,17,291],"product_tag":[],"class_list":{"0":"post-1144","1":"product","2":"type-product","3":"status-publish","4":"has-post-thumbnail","6":"product_cat-cham-soc-da-mat","7":"product_cat-cham-soc-da-mat-sac-dep","8":"product_cat-edally-ex","9":"product_cat-my-pham","10":"product_cat-sac-dep","11":"desktop-align-left","12":"tablet-align-left","13":"mobile-align-left","15":"first","16":"instock","17":"taxable","18":"shipping-taxable","19":"purchasable","20":"product-type-simple"},"_links":{"self":[{"href":"https:\/\/omewa.online\/index.php\/wp-json\/wp\/v2\/product\/1144","targetHints":{"allow":["GET"]}}],"collection":[{"href":"https:\/\/omewa.online\/index.php\/wp-json\/wp\/v2\/product"}],"about":[{"href":"https:\/\/omewa.online\/index.php\/wp-json\/wp\/v2\/types\/product"}],"replies":[{"embeddable":true,"href":"https:\/\/omewa.online\/index.php\/wp-json\/wp\/v2\/comments?post=1144"}],"wp:featuredmedia":[{"embeddable":true,"href":"https:\/\/omewa.online\/index.php\/wp-json\/wp\/v2\/media\/1188"}],"wp:attachment":[{"href":"https:\/\/omewa.online\/index.php\/wp-json\/wp\/v2\/media?parent=1144"}],"wp:term":[{"taxonomy":"product_brand","embeddable":true,"href":"https:\/\/omewa.online\/index.php\/wp-json\/wp\/v2\/product_brand?post=1144"},{"taxonomy":"product_cat","embeddable":true,"href":"https:\/\/omewa.online\/index.php\/wp-json\/wp\/v2\/product_cat?post=1144"},{"taxonomy":"product_tag","embeddable":true,"href":"https:\/\/omewa.online\/index.php\/wp-json\/wp\/v2\/product_tag?post=1144"}],"curies":[{"name":"wp","href":"https:\/\/api.w.org\/{rel}","templated":true}]}}