{"id":1603,"date":"2025-11-02T09:02:40","date_gmt":"2025-11-02T09:02:40","guid":{"rendered":"https:\/\/omewa.online\/?page_id=1603"},"modified":"2025-11-02T09:02:40","modified_gmt":"2025-11-02T09:02:40","slug":"chinh-sach-doi-tra-hang-hoa","status":"publish","type":"page","link":"https:\/\/omewa.online\/index.php\/chinh-sach-doi-tra-hang-hoa\/","title":{"rendered":"CH\u00cdNH S\u00c1CH \u0110\u1ed4I TR\u1ea2 H\u00c0NG HO\u00c1"},"content":{"rendered":"\n<p>T\u1ea1i OMEWA, ch\u00fang t\u00f4i cam k\u1ebft mang \u0111\u1ebfn cho b\u1ea1n tr\u1ea3i nghi\u1ec7m mua s\u1eafm tr\u1ef1c tuy\u1ebfn t\u1ed1t nh\u1ea5t. Ch\u00ednh s\u00e1ch \u0111\u1ed5i tr\u1ea3 h\u00e0ng n\u00e0y gi\u1ea3i th\u00edch c\u00e1c \u0111i\u1ec1u ki\u1ec7n v\u00e0 quy tr\u00ecnh \u0111\u1ed5i tr\u1ea3 h\u00e0ng nh\u1eb1m \u0111\u1ea3m b\u1ea3o quy\u1ec1n l\u1ee3i c\u1ee7a b\u1ea1n khi b\u1ea1n mua s\u1eafm tr\u00ean trang th\u01b0\u01a1ng m\u1ea1i \u0111i\u1ec7n t\u1eed <strong>omewa.online<\/strong> c\u1ee7a ch\u00fang t\u00f4i.<\/p>\n\n\n\n<p>Tuy nhi\u00ean, tr\u01b0\u1edbc khi ti\u1ebfn h\u00e0nh \u0111\u1ed5i, b\u1ea1n c\u1ea7n l\u01b0u \u00fd nh\u1eefng y\u00eau c\u1ea7u c\u1ee5 th\u1ec3 sau:<\/p>\n\n\n\n<ul class=\"wp-block-list\">\n<li>\u0110i\u1ec1u ki\u1ec7n \u0111\u1ed5i h\u00e0ng<\/li>\n\n\n\n<li>C\u00e1ch th\u1ee9c \u0111\u1ed5i h\u00e0ng<\/li>\n\n\n\n<li>C\u00e1c chi ph\u00ed li\u00ean quan \u0111\u1ebfn vi\u1ec7c \u0111\u1ed5i h\u00e0ng<\/li>\n\n\n\n<li>\u0110\u00f3ng g\u00f3i g\u1eedi s\u1ea3n ph\u1ea9m v\u1ec1 cho OMEWA<\/li>\n\n\n\n<li>Th\u1eddi gian \u0111\u1ed5i h\u00e0ng<\/li>\n<\/ul>\n\n\n\n<hr class=\"wp-block-separator has-alpha-channel-opacity\"\/>\n\n\n\n<h2 class=\"wp-block-heading\"><strong>1. Ki\u1ec3m tra \u0111i\u1ec1u ki\u1ec7n \u0111\u1ed5i h\u00e0ng<\/strong><\/h2>\n\n\n\n<p>S\u1ea3n ph\u1ea9m \u0111\u1ee7 \u0111i\u1ec1u ki\u1ec7n \u0111\u1ed5i tr\u1ea3 l\u00e0 s\u1ea3n ph\u1ea9m th\u1ecfa m\u00e3n c\u00e1c \u0111i\u1ec1u ki\u1ec7n sau v\u00e0 kh\u00f4ng thu\u1ed9c danh s\u00e1ch s\u1ea3n ph\u1ea9m kh\u00f4ng \u0111\u01b0\u1ee3c \u0111\u1ed5i tr\u1ea3.<\/p>\n\n\n\n<p><strong>\u0110i\u1ec1u ki\u1ec7n:<\/strong><\/p>\n\n\n\n<ul class=\"wp-block-list\">\n<li>S\u1ea3n ph\u1ea9m \u0111\u1ed5i tr\u1ea3 trong v\u00f2ng 7 ng\u00e0y (x\u00e1c nh\u1eadn d\u1ea5u b\u01b0u \u0111i\u1ec7n ho\u1eb7c c\u1ee7a nh\u00e0 v\u1eadn chuy\u1ec3n) k\u1ec3 t\u1eeb ng\u00e0y nh\u1eadn h\u00e0ng.<\/li>\n\n\n\n<li>S\u1ea3n ph\u1ea9m c\u00f2n trong t\u00ecnh tr\u1ea1ng ban \u0111\u1ea7u khi nh\u1eadn h\u00e0ng, c\u00f2n nguy\u00ean v\u1eb9n tem m\u00e1c, ph\u1ee5 ki\u1ec7n \u0111i k\u00e8m (h\u1ed9p, t\u00fai ph\u1ee5\u2026).<\/li>\n\n\n\n<li>Qu\u00e0 khuy\u1ebfn m\u00e3i c\u00f3 gi\u00e1 tr\u1ecb (n\u1ebfu c\u00f3).<\/li>\n\n\n\n<li>S\u1ea3n ph\u1ea9m kh\u00f4ng b\u1ecb d\u01a1 b\u1ea9n, b\u1ec3 v\u1ee1, h\u01b0 h\u1ecfng, d\u00ednh b\u1ea9n, tr\u1ea7y x\u01b0\u1edbc, c\u00f3 m\u00f9i l\u1ea1.<\/li>\n\n\n\n<li>S\u1ea3n ph\u1ea9m ch\u01b0a qua s\u1eed d\u1ee5ng, c\u00f2n nguy\u00ean \u0111\u1ea7y \u0111\u1ee7 ph\u1ee5 ki\u1ec7n.<\/li>\n\n\n\n<li>S\u1ea3n ph\u1ea9m c\u00f2n trong bao b\u00ec c\u00f3 d\u00e1n m\u00e3 s\u1ea3n ph\u1ea9m.<\/li>\n\n\n\n<li>S\u1ea3n ph\u1ea9m b\u1ecb giao sai, thi\u1ebfu ph\u1ee5 ki\u1ec7n, thi\u1ebfu h\u00e0ng.<\/li>\n\n\n\n<li>S\u1ea3n ph\u1ea9m b\u1ecb v\u1ee1 h\u1ecfng trong qu\u00e1 tr\u00ecnh v\u1eadn chuy\u1ec3n t\u1edbi kh\u00e1ch h\u00e0ng.<\/li>\n\n\n\n<li>S\u1ea3n ph\u1ea9m l\u1ed7i k\u1ef9 thu\u1eadt do nh\u00e0 s\u1ea3n xu\u1ea5t.<\/li>\n\n\n\n<li>S\u1ea3n ph\u1ea9m chuy\u1ec3n nh\u1ea7m h\u00e0ng, nh\u1ea7m m\u00e0u m\u00e0 kh\u00e1ch h\u00e0ng \u0111\u1eb7t.<\/li>\n\n\n\n<li>H\u00e0ng \u0111\u1ed5i l\u1ea1i ph\u1ea3i c\u00f3 gi\u00e1 tr\u1ecb l\u1edbn h\u01a1n ho\u1eb7c b\u1eb1ng s\u1ea3n ph\u1ea9m c\u1ea7n \u0111\u1ed5i. Trong tr\u01b0\u1eddng h\u1ee3p chuy\u1ec3n sai s\u1ea3n ph\u1ea9m, OMEWA s\u1ebd giao l\u1ea1i h\u00e0ng mi\u1ec5n ph\u00ed.<\/li>\n\n\n\n<li>M\u1ed7i s\u1ea3n ph\u1ea9m ch\u1ec9 c\u00f3 th\u1ec3 \u0111\u1ed5i tr\u1ea3 h\u00e0ng 1 l\u1ea7n.<\/li>\n<\/ul>\n\n\n\n<p><strong>S\u1ea3n ph\u1ea9m kh\u00f4ng \u0111\u01b0\u1ee3c \u0111\u1ed5i tr\u1ea3 bao g\u1ed3m:<\/strong><\/p>\n\n\n\n<ul class=\"wp-block-list\">\n<li>S\u1ea3n ph\u1ea9m kh\u00f4ng c\u00f3 h\u00f3a \u0111\u01a1n mua h\u00e0ng.<\/li>\n\n\n\n<li>S\u1ea3n ph\u1ea9m \u0111\u00e3 qua s\u1eed d\u1ee5ng ho\u1eb7c kh\u00f4ng c\u00f2n bao b\u00ec nguy\u00ean v\u1eb9n.<\/li>\n\n\n\n<li>S\u1ea3n ph\u1ea9m thu\u1ed9c danh m\u1ee5c kh\u00f4ng ho\u00e0n tr\u1ea3 theo quy \u0111\u1ecbnh (v\u00ed d\u1ee5: s\u1ea3n ph\u1ea9m gi\u1ea3m gi\u00e1, s\u1ea3n ph\u1ea9m \u0111\u1eb7t h\u00e0ng \u0111\u1eb7c bi\u1ec7t).<\/li>\n\n\n\n<li>S\u1ea3n ph\u1ea9m qu\u00e1 th\u1eddi h\u1ea1n quy \u0111\u1ecbnh \u0111\u1ed5i tr\u1ea3.<\/li>\n\n\n\n<li>S\u1ea3n ph\u1ea9m b\u1ecb h\u01b0 h\u1ea1i do s\u1eed d\u1ee5ng sai ch\u1ee9c n\u0103ng ho\u1eb7c t\u00e1c \u0111\u1ed9ng t\u1eeb b\u00ean ngo\u00e0i.<\/li>\n\n\n\n<li>Kh\u00e1ch h\u00e0ng kh\u00f4ng s\u1eed d\u1ee5ng theo h\u01b0\u1edbng d\u1eabn c\u1ee7a c\u00f4ng ty.<\/li>\n<\/ul>\n\n\n\n<hr class=\"wp-block-separator has-alpha-channel-opacity\"\/>\n\n\n\n<h2 class=\"wp-block-heading\"><strong>2. H\u00ecnh th\u1ee9c \u0111\u1ed5i h\u00e0ng<\/strong><\/h2>\n\n\n\n<p>\u0110\u1ec3 ti\u1ebfn h\u00e0nh \u0111\u1ed5i s\u1ea3n ph\u1ea9m, b\u1ea1n vui l\u00f2ng th\u1ef1c hi\u1ec7n 2 b\u01b0\u1edbc sau:<\/p>\n\n\n\n<ol class=\"wp-block-list\">\n<li>Li\u00ean h\u1ec7 v\u1edbi ch\u00fang t\u00f4i qua <strong>Email: <a href=\"mailto:omewabeauty@gmail.com\">omewabeauty@gmail.com<\/a><\/strong> ho\u1eb7c <strong>Hotline: <strong>091.223.15.45<\/strong><\/strong>, cung c\u1ea5p th\u00f4ng tin \u0111\u01a1n h\u00e0ng v\u00e0 y\u00eau c\u1ea7u \u0111\u1ed5i tr\u1ea3 h\u00e0ng ho\u00e1.<\/li>\n\n\n\n<li>L\u1ef1a ch\u1ecdn h\u00ecnh th\u1ee9c \u0111\u1ed5i h\u00e0ng: <strong>Mang \u0111\u1ebfn tr\u1ef1c ti\u1ebfp<\/strong> ho\u1eb7c <strong>g\u1eedi h\u00e0ng qua \u0111\u01a1n v\u1ecb v\u1eadn chuy\u1ec3n.<\/strong><\/li>\n<\/ol>\n\n\n\n<ul class=\"wp-block-list\">\n<li>N\u1ebfu mang \u0111\u1ebfn tr\u1ef1c ti\u1ebfp, b\u1ea1n ch\u1ec9 c\u1ea7n mang s\u1ea3n ph\u1ea9m v\u00e0 ch\u1ee9ng t\u1eeb khi nh\u1eadn h\u00e0ng (h\u00f3a \u0111\u01a1n \u0111\u1ecf GTGT).<\/li>\n\n\n\n<li><strong>\u0110\u1ed5i h\u00e0ng:<\/strong> G\u1eedi s\u1ea3n ph\u1ea9m m\u1edbi cho b\u1ea1n m\u00e0 kh\u00f4ng ph\u00e1t sinh th\u00eam chi ph\u00ed. B\u1ea1n c\u0169ng c\u00f3 th\u1ec3 \u0111\u1ed5i l\u1ea5y s\u1ea3n ph\u1ea9m gi\u00e1 tr\u1ecb cao h\u01a1n v\u1edbi \u0111i\u1ec1u ki\u1ec7n tr\u1ea3 th\u00eam ph\u1ea7n ti\u1ec1n ch\u00eanh l\u1ec7ch.<\/li>\n\n\n\n<li><strong>Ho\u00e0n ti\u1ec1n:<\/strong> Ch\u00fang t\u00f4i s\u1ebd ho\u00e0n ti\u1ec1n qua t\u00e0i kho\u1ea3n ho\u1eb7c theo ph\u01b0\u01a1ng th\u1ee9c thanh to\u00e1n b\u1ea1n \u0111\u00e3 d\u00f9ng trong v\u00f2ng <strong>7 &#8211; 10 ng\u00e0y l\u00e0m vi\u1ec7c<\/strong>.<\/li>\n<\/ul>\n\n\n\n<hr class=\"wp-block-separator has-alpha-channel-opacity\"\/>\n\n\n\n<h2 class=\"wp-block-heading\"><strong>3. C\u00e1c chi ph\u00ed li\u00ean quan \u0111\u1ebfn vi\u1ec7c \u0111\u1ed5i h\u00e0ng<\/strong><\/h2>\n\n\n\n<p>OMEWA <strong>mi\u1ec5n ph\u00ed \u0111\u1ed5i h\u00e0ng<\/strong> cho kh\u00e1ch h\u00e0ng khi mua s\u1eafm t\u1ea1i trang <strong>omewa.online<\/strong> trong c\u00e1c tr\u01b0\u1eddng h\u1ee3p:<\/p>\n\n\n\n<ul class=\"wp-block-list\">\n<li>S\u1ea3n ph\u1ea9m b\u1ecb l\u1ed7i s\u1ea3n xu\u1ea5t.<\/li>\n\n\n\n<li>S\u1ea3n ph\u1ea9m b\u1ecb h\u01b0 h\u1ecfng trong qu\u00e1 tr\u00ecnh v\u1eadn chuy\u1ec3n.<\/li>\n\n\n\n<li>S\u1ea3n ph\u1ea9m giao nh\u1ea7m.<\/li>\n<\/ul>\n\n\n\n<p>Tuy nhi\u00ean, n\u1ebfu kh\u00e1ch h\u00e0ng mu\u1ed1n \u0111\u1ed5i s\u1ea3n ph\u1ea9m v\u00ec l\u00fd do ch\u1ee7 quan (kh\u00f4ng th\u00edch, \u0111\u1ed5i \u00fd, ch\u1ecdn nh\u1ea7m&#8230;), kh\u00e1ch h\u00e0ng vui l\u00f2ng <strong>t\u1ef1 thanh to\u00e1n ph\u00ed v\u1eadn chuy\u1ec3n<\/strong> khi g\u1eedi h\u00e0ng \u0111\u1ed5i v\u1ec1 kho c\u1ee7a OMEWA.<\/p>\n\n\n\n<hr class=\"wp-block-separator has-alpha-channel-opacity\"\/>\n\n\n\n<h2 class=\"wp-block-heading\"><strong>4. \u0110\u00f3ng g\u00f3i g\u1eedi s\u1ea3n ph\u1ea9m v\u1ec1 cho OMEWA<\/strong><\/h2>\n\n\n\n<ul class=\"wp-block-list\">\n<li>B\u1ea1n vui l\u00f2ng \u0111\u00f3ng g\u00f3i s\u1ea3n ph\u1ea9m ho\u00e0n tr\u1ea3 v\u00e0 ch\u1ee9ng t\u1eeb khi nh\u1eadn h\u00e0ng (h\u00f3a \u0111\u01a1n \u0111\u1ecf GTGT) g\u1eedi tr\u1ef1c ti\u1ebfp v\u1ec1 kho c\u1ee7a OMEWA.<\/li>\n\n\n\n<li>Th\u1eddi gian OMEWA nh\u1eadn \u0111\u01b0\u1ee3c h\u00e0ng <strong>kh\u00f4ng qu\u00e1 15 ng\u00e0y<\/strong> k\u1ec3 t\u1eeb ng\u00e0y giao h\u00e0ng th\u00e0nh c\u00f4ng.<\/li>\n\n\n\n<li>N\u1ebfu g\u1eedi qua \u0111\u01b0\u1eddng b\u01b0u \u0111i\u1ec7n, b\u1ea1n c\u1ea7n x\u00e1c nh\u1eadn v\u1edbi b\u00ean chuy\u1ec3n ph\u00e1t t\u00ecnh tr\u1ea1ng h\u00e0ng h\u00f3a: c\u00f2n nguy\u00ean tem, nguy\u00ean v\u1ecf h\u1ed9p, s\u1ea3n ph\u1ea9m nguy\u00ean v\u1eb9n, kh\u00f4ng b\u1ecb v\u1ee1 ho\u1eb7c h\u1ecfng, c\u00f2n \u0111\u1ee7 ph\u1ee5 ki\u1ec7n.<\/li>\n<\/ul>\n\n\n\n<hr class=\"wp-block-separator has-alpha-channel-opacity\"\/>\n\n\n\n<h2 class=\"wp-block-heading\"><strong>5. Ti\u1ebfn h\u00e0nh x\u1eed l\u00fd y\u00eau c\u1ea7u tr\u1ea3 h\u00e0ng \/ Ho\u00e0n ti\u1ec1n<\/strong><\/h2>\n\n\n\n<p>Sau khi nh\u1eadn l\u1ea1i s\u1ea3n ph\u1ea9m \u0111\u1ed5i tr\u1ea3 h\u1ee3p l\u1ec7, OMEWA s\u1ebd ki\u1ec3m tra v\u00e0 x\u1eed l\u00fd y\u00eau c\u1ea7u trong v\u00f2ng <strong>2 ng\u00e0y<\/strong>.<br>Ch\u00fang t\u00f4i s\u1ebd th\u00f4ng b\u00e1o qua <strong>email ho\u1eb7c hotline <strong>091.223.15.45<\/strong><\/strong>.<\/p>\n\n\n\n<p>N\u1ebfu b\u1ea1n g\u1eedi h\u00e0ng sau 15 ng\u00e0y k\u1ec3 t\u1eeb ng\u00e0y nh\u1eadn h\u00e0ng, ch\u00fang t\u00f4i r\u1ea5t ti\u1ebfc kh\u00f4ng th\u1ec3 gi\u1ea3i quy\u1ebft.<\/p>\n\n\n\n<p>Ch\u00ednh s\u00e1ch \u0111\u1ed5i h\u00e0ng n\u00e0y c\u00f3 th\u1ec3 thay \u0111\u1ed5i m\u00e0 kh\u00f4ng c\u1ea7n b\u00e1o tr\u01b0\u1edbc. Vui l\u00f2ng th\u01b0\u1eddng xuy\u00ean c\u1eadp nh\u1eadt t\u1ea1i: <strong><a href=\"https:\/\/omewa.online\">https:\/\/omewa.online<\/a><\/strong><\/p>\n\n\n\n<hr class=\"wp-block-separator has-alpha-channel-opacity\"\/>\n\n\n\n<h2 class=\"wp-block-heading\"><strong>6. Th\u00f4ng tin li\u00ean h\u1ec7<\/strong><\/h2>\n\n\n\n<p>Ch\u00fang t\u00f4i lu\u00f4n hoan ngh\u00eanh m\u1ecdi \u00fd ki\u1ebfn \u0111\u00f3ng g\u00f3p v\u00e0 ph\u1ea3n h\u1ed3i li\u00ean quan \u0111\u1ebfn \u201cCh\u00ednh s\u00e1ch \u0111\u1ed5i tr\u1ea3 h\u00e0ng ho\u00e1\u201d.<\/p>\n\n\n\n<p><strong>C\u00f4ng ty C\u1ed5 ph\u1ea7n Qu\u1ed1c t\u1ebf OMEWA<\/strong><\/p>\n\n\n\n<ul class=\"wp-block-list\">\n<li>Website: <strong>omewa.online<\/strong><\/li>\n\n\n\n<li>Email: <strong><a href=\"mailto:omewabeauty@gmail.com\">omewavn@gmail.com<\/a><\/strong><\/li>\n\n\n\n<li>Hotline: <strong>091.223.15.45<\/strong><\/li>\n<\/ul>\n","protected":false},"excerpt":{"rendered":"<p>T\u1ea1i OMEWA, ch\u00fang t\u00f4i cam k\u1ebft mang \u0111\u1ebfn cho b\u1ea1n tr\u1ea3i nghi\u1ec7m mua s\u1eafm tr\u1ef1c tuy\u1ebfn t\u1ed1t nh\u1ea5t. Ch\u00ednh s\u00e1ch [&hellip;]<\/p>\n","protected":false},"author":1,"featured_media":0,"parent":0,"menu_order":0,"comment_status":"closed","ping_status":"closed","template":"","meta":{"site-sidebar-layout":"default","site-content-layout":"","ast-site-content-layout":"default","site-content-style":"default","site-sidebar-style":"default","ast-global-header-display":"","ast-banner-title-visibility":"","ast-main-header-display":"","ast-hfb-above-header-display":"","ast-hfb-below-header-display":"","ast-hfb-mobile-header-display":"","site-post-title":"","ast-breadcrumbs-content":"","ast-featured-img":"","footer-sml-layout":"","theme-transparent-header-meta":"","adv-header-id-meta":"","stick-header-meta":"","header-above-stick-meta":"","header-main-stick-meta":"","header-below-stick-meta":"","astra-migrate-meta-layouts":"default","ast-page-background-enabled":"default","ast-page-background-meta":{"desktop":{"background-color":"var(--ast-global-color-5)","background-image":"","background-repeat":"repeat","background-position":"center center","background-size":"auto","background-attachment":"scroll","background-type":"","background-media":"","overlay-type":"","overlay-color":"","overlay-opacity":"","overlay-gradient":""},"tablet":{"background-color":"","background-image":"","background-repeat":"repeat","background-position":"center center","background-size":"auto","background-attachment":"scroll","background-type":"","background-media":"","overlay-type":"","overlay-color":"","overlay-opacity":"","overlay-gradient":""},"mobile":{"background-color":"","background-image":"","background-repeat":"repeat","background-position":"center center","background-size":"auto","background-attachment":"scroll","background-type":"","background-media":"","overlay-type":"","overlay-color":"","overlay-opacity":"","overlay-gradient":""}},"ast-content-background-meta":{"desktop":{"background-color":"var(--ast-global-color-4)","background-image":"","background-repeat":"repeat","background-position":"center center","background-size":"auto","background-attachment":"scroll","background-type":"","background-media":"","overlay-type":"","overlay-color":"","overlay-opacity":"","overlay-gradient":""},"tablet":{"background-color":"var(--ast-global-color-4)","background-image":"","background-repeat":"repeat","background-position":"center center","background-size":"auto","background-attachment":"scroll","background-type":"","background-media":"","overlay-type":"","overlay-color":"","overlay-opacity":"","overlay-gradient":""},"mobile":{"background-color":"var(--ast-global-color-4)","background-image":"","background-repeat":"repeat","background-position":"center center","background-size":"auto","background-attachment":"scroll","background-type":"","background-media":"","overlay-type":"","overlay-color":"","overlay-opacity":"","overlay-gradient":""}},"footnotes":""},"class_list":["post-1603","page","type-page","status-publish","hentry"],"_links":{"self":[{"href":"https:\/\/omewa.online\/index.php\/wp-json\/wp\/v2\/pages\/1603","targetHints":{"allow":["GET"]}}],"collection":[{"href":"https:\/\/omewa.online\/index.php\/wp-json\/wp\/v2\/pages"}],"about":[{"href":"https:\/\/omewa.online\/index.php\/wp-json\/wp\/v2\/types\/page"}],"author":[{"embeddable":true,"href":"https:\/\/omewa.online\/index.php\/wp-json\/wp\/v2\/users\/1"}],"replies":[{"embeddable":true,"href":"https:\/\/omewa.online\/index.php\/wp-json\/wp\/v2\/comments?post=1603"}],"version-history":[{"count":1,"href":"https:\/\/omewa.online\/index.php\/wp-json\/wp\/v2\/pages\/1603\/revisions"}],"predecessor-version":[{"id":1604,"href":"https:\/\/omewa.online\/index.php\/wp-json\/wp\/v2\/pages\/1603\/revisions\/1604"}],"wp:attachment":[{"href":"https:\/\/omewa.online\/index.php\/wp-json\/wp\/v2\/media?parent=1603"}],"curies":[{"name":"wp","href":"https:\/\/api.w.org\/{rel}","templated":true}]}}